{"id":9748,"date":"2024-06-27T12:06:32","date_gmt":"2024-06-27T11:06:32","guid":{"rendered":"https:\/\/www.sigre.es\/boletin\/?page_id=9748"},"modified":"2024-07-05T10:34:57","modified_gmt":"2024-07-05T09:34:57","slug":"dias-mundiales-medioambiente-reciclaje","status":"publish","type":"page","link":"https:\/\/www.sigre.es\/boletin\/sigre-informa-88\/dias-mundiales-medioambiente-reciclaje\/","title":{"rendered":"ACTUALIDAD"},"content":{"rendered":"<div id=\"fb-root\"><\/div>\n<p>Hay dos d\u00edas que est\u00e1n marcados en rojo (o mejor, en color verde) en el calendario de SIGRE: el D\u00eda Mundial del Reciclaje (17 de mayo) y el D\u00eda Mundial del Medio Ambiente (5 de junio).<\/p>\n<p>Este a\u00f1o hemos celebrado estas efem\u00e9rides con un gran n\u00famero de iniciativas de comunicaci\u00f3n (<a href=\"https:\/\/sigre.es\/post\/sigre-ofrece-la-clave-para-reciclar-mejor\" target=\"_blank\" rel=\"noopener\">notas de prensa<\/a>, <a href=\"https:\/\/www.linkedin.com\/posts\/sigre-medicamento-y-medioambiente_tribuna-la-raz%C3%B3n-humberto-arn%C3%A9s-activity-7203395114134634496-U48R\/\" target=\"_blank\" rel=\"noopener\">tribunas de opini\u00f3n<\/a>, <a href=\"https:\/\/sigre.es\/mediakit-reciclaje\/\" target=\"_blank\" rel=\"noopener\">mediakits<\/a>, etc.) para recordar la importancia que tiene cuidar de la salud del planeta si queremos cuidar de nuestra propia salud (One Health) y para poner en valor la responsabilidad medioambiental que demuestra a diario el sector farmac\u00e9utico a trav\u00e9s de SIGRE.<\/p>\n<p>Tambi\u00e9n, un a\u00f1o m\u00e1s, quisimos mostrar nuestro compromiso y cercan\u00eda con los vecinos de Tudela de Duero -localidad en la que se ubica la Planta de Clasificaci\u00f3n de Envases y Residuos de Medicamentos de SIGRE- a trav\u00e9s de un encuentro medioambiental con los colegios del municipio y con la inauguraci\u00f3n de un \u00e1rea de compostaje comunitario.<\/p>\n<p><a href=\"https:\/\/www.sigre.es\/boletin\/wp-content\/uploads\/2024\/07\/DMReciclaje-MedioAmbiente.png\"><img loading=\"lazy\" decoding=\"async\" class=\"aligncenter wp-image-9837\" src=\"https:\/\/www.sigre.es\/boletin\/wp-content\/uploads\/2024\/07\/DMReciclaje-MedioAmbiente-1024x319.png\" alt=\"\" width=\"774\" height=\"241\" srcset=\"https:\/\/www.sigre.es\/boletin\/wp-content\/uploads\/2024\/07\/DMReciclaje-MedioAmbiente-1024x319.png 1024w, https:\/\/www.sigre.es\/boletin\/wp-content\/uploads\/2024\/07\/DMReciclaje-MedioAmbiente-300x93.png 300w, https:\/\/www.sigre.es\/boletin\/wp-content\/uploads\/2024\/07\/DMReciclaje-MedioAmbiente-768x239.png 768w, https:\/\/www.sigre.es\/boletin\/wp-content\/uploads\/2024\/07\/DMReciclaje-MedioAmbiente-1536x478.png 1536w, https:\/\/www.sigre.es\/boletin\/wp-content\/uploads\/2024\/07\/DMReciclaje-MedioAmbiente.png 1683w\" sizes=\"auto, (max-width: 774px) 100vw, 774px\" \/><\/a><\/p>\n","protected":false},"excerpt":{"rendered":"<p>Hay dos d\u00edas que est\u00e1n marcados en rojo (o mejor, en color verde) en el calendario de SIGRE: el D\u00eda Mundial del Reciclaje (17 de mayo) y el D\u00eda Mundial del Medio Ambiente (5 de junio). Este a\u00f1o hemos celebrado estas efem\u00e9rides con un gran n\u00famero de iniciativas de comunicaci\u00f3n (notas de prensa, tribunas de [&hellip;]<\/p>\n","protected":false},"author":10,"featured_media":0,"parent":9692,"menu_order":181,"comment_status":"closed","ping_status":"closed","template":"sigre-entrevista.php","meta":{"footnotes":""},"class_list":["post-9748","page","type-page","status-publish","hentry"],"_links":{"self":[{"href":"https:\/\/www.sigre.es\/boletin\/wp-json\/wp\/v2\/pages\/9748","targetHints":{"allow":["GET"]}}],"collection":[{"href":"https:\/\/www.sigre.es\/boletin\/wp-json\/wp\/v2\/pages"}],"about":[{"href":"https:\/\/www.sigre.es\/boletin\/wp-json\/wp\/v2\/types\/page"}],"author":[{"embeddable":true,"href":"https:\/\/www.sigre.es\/boletin\/wp-json\/wp\/v2\/users\/10"}],"replies":[{"embeddable":true,"href":"https:\/\/www.sigre.es\/boletin\/wp-json\/wp\/v2\/comments?post=9748"}],"version-history":[{"count":0,"href":"https:\/\/www.sigre.es\/boletin\/wp-json\/wp\/v2\/pages\/9748\/revisions"}],"up":[{"embeddable":true,"href":"https:\/\/www.sigre.es\/boletin\/wp-json\/wp\/v2\/pages\/9692"}],"wp:attachment":[{"href":"https:\/\/www.sigre.es\/boletin\/wp-json\/wp\/v2\/media?parent=9748"}],"curies":[{"name":"wp","href":"https:\/\/api.w.org\/{rel}","templated":true}]}}