{"id":8587,"date":"2023-07-17T11:01:06","date_gmt":"2023-07-17T10:01:06","guid":{"rendered":"https:\/\/www.sigre.es\/boletin\/?page_id=8587"},"modified":"2023-07-18T10:16:13","modified_gmt":"2023-07-18T09:16:13","slug":"noticia-84-6-2-2","status":"publish","type":"page","link":"https:\/\/www.sigre.es\/boletin\/sigre-informa-84\/noticia-84-6-2-2\/","title":{"rendered":"COMUNICACI\u00d3N"},"content":{"rendered":"<div id=\"fb-root\"><\/div>\n<p>Medio ambiente, sostenibilidad, econom\u00eda circular, One Health, ODS, reciclaje\u2026 son palabras que ya se encuentran habitualmente en los medios de comunicaci\u00f3n y que nos permite difundir la labor que realiza todo el sector farmac\u00e9utico a trav\u00e9s de SIGRE para cuidar de la salud de las personas y del planeta.<\/p>\n<p>Un inter\u00e9s que va en aumento, como lo demuestra la amplia cobertura que han recibido las 22 notas de prensa distribuidas por SIGRE en lo que llevamos de a\u00f1o, unida a la veintena de entrevistas y varias tribunas realizadas para medios sectoriales, generalistas y econ\u00f3micos.<\/p>\n<p>Todo lo anterior nos permite conectar con un p\u00fablico cada vez mayor y conseguir que conozca nuestra labor y se involucre m\u00e1s con el cuidado del medio ambiente en general y con el reciclaje de los medicamentos en particular.<\/p>\n<p><a href=\"https:\/\/www.sigre.es\/boletin\/wp-content\/uploads\/2023\/07\/Imagen-10-1.png\"><img loading=\"lazy\" decoding=\"async\" class=\"aligncenter wp-image-8731 size-full\" style=\"margin-bottom: 20px;\" src=\"https:\/\/www.sigre.es\/boletin\/wp-content\/uploads\/2023\/07\/Imagen-10-1.png\" alt=\"\" width=\"863\" height=\"413\" srcset=\"https:\/\/www.sigre.es\/boletin\/wp-content\/uploads\/2023\/07\/Imagen-10-1.png 863w, https:\/\/www.sigre.es\/boletin\/wp-content\/uploads\/2023\/07\/Imagen-10-1-300x144.png 300w, https:\/\/www.sigre.es\/boletin\/wp-content\/uploads\/2023\/07\/Imagen-10-1-768x368.png 768w\" sizes=\"auto, (max-width: 863px) 100vw, 863px\" \/><\/a><\/p>\n","protected":false},"excerpt":{"rendered":"<p>Medio ambiente, sostenibilidad, econom\u00eda circular, One Health, ODS, reciclaje\u2026 son palabras que ya se encuentran habitualmente en los medios de comunicaci\u00f3n y que nos permite difundir la labor que realiza todo el sector farmac\u00e9utico a trav\u00e9s de SIGRE para cuidar de la salud de las personas y del planeta. Un inter\u00e9s que va en aumento, [&hellip;]<\/p>\n","protected":false},"author":10,"featured_media":0,"parent":8470,"menu_order":192,"comment_status":"closed","ping_status":"closed","template":"sigre-entrevista.php","meta":{"footnotes":""},"class_list":["post-8587","page","type-page","status-publish","hentry"],"_links":{"self":[{"href":"https:\/\/www.sigre.es\/boletin\/wp-json\/wp\/v2\/pages\/8587","targetHints":{"allow":["GET"]}}],"collection":[{"href":"https:\/\/www.sigre.es\/boletin\/wp-json\/wp\/v2\/pages"}],"about":[{"href":"https:\/\/www.sigre.es\/boletin\/wp-json\/wp\/v2\/types\/page"}],"author":[{"embeddable":true,"href":"https:\/\/www.sigre.es\/boletin\/wp-json\/wp\/v2\/users\/10"}],"replies":[{"embeddable":true,"href":"https:\/\/www.sigre.es\/boletin\/wp-json\/wp\/v2\/comments?post=8587"}],"version-history":[{"count":0,"href":"https:\/\/www.sigre.es\/boletin\/wp-json\/wp\/v2\/pages\/8587\/revisions"}],"up":[{"embeddable":true,"href":"https:\/\/www.sigre.es\/boletin\/wp-json\/wp\/v2\/pages\/8470"}],"wp:attachment":[{"href":"https:\/\/www.sigre.es\/boletin\/wp-json\/wp\/v2\/media?parent=8587"}],"curies":[{"name":"wp","href":"https:\/\/api.w.org\/{rel}","templated":true}]}}