{"id":8568,"date":"2023-07-11T17:43:02","date_gmt":"2023-07-11T16:43:02","guid":{"rendered":"https:\/\/www.sigre.es\/boletin\/?page_id=8568"},"modified":"2023-07-18T10:15:16","modified_gmt":"2023-07-18T09:15:16","slug":"noticia-84-4","status":"publish","type":"page","link":"https:\/\/www.sigre.es\/boletin\/sigre-informa-84\/noticia-84-4\/","title":{"rendered":"FORMACI\u00d3N"},"content":{"rendered":"<div id=\"fb-root\"><\/div>\n<p>En 2023 hemos mantenido nuestra apuesta por fomentar un periodismo ambiental riguroso, contribuyendo a la formaci\u00f3n de j\u00f3venes profesionales en este campo informativo, que cada vez tiene m\u00e1s presencia en los medios de comunicaci\u00f3n.<\/p>\n<p>Para ello, hemos renovado el <strong>convenio de colaboraci\u00f3n con la Agencia EFE<\/strong> <strong>para el desarrollo de un \u201cPrograma de Formaci\u00f3n Pr\u00e1ctica para Estudiantes Universitarios\u201d<\/strong>, una iniciativa que cuenta ya con 11 a\u00f1os de andadura y que incluye la convocatoria de la Beca SIGRE-Agencia EFE de Periodismo Ambiental.<\/p>\n<div id=\"attachment_8654\" style=\"width: 443px\" class=\"wp-caption aligncenter\"><a href=\"https:\/\/www.sigre.es\/boletin\/wp-content\/uploads\/2023\/07\/06.-Acuerdo-EFE.jpg\"><img loading=\"lazy\" decoding=\"async\" aria-describedby=\"caption-attachment-8654\" class=\"wp-image-8654\" src=\"https:\/\/www.sigre.es\/boletin\/wp-content\/uploads\/2023\/07\/06.-Acuerdo-EFE-1024x681.jpg\" alt=\"\" width=\"433\" height=\"288\" srcset=\"https:\/\/www.sigre.es\/boletin\/wp-content\/uploads\/2023\/07\/06.-Acuerdo-EFE-1024x681.jpg 1024w, https:\/\/www.sigre.es\/boletin\/wp-content\/uploads\/2023\/07\/06.-Acuerdo-EFE-300x200.jpg 300w, https:\/\/www.sigre.es\/boletin\/wp-content\/uploads\/2023\/07\/06.-Acuerdo-EFE-768x511.jpg 768w, https:\/\/www.sigre.es\/boletin\/wp-content\/uploads\/2023\/07\/06.-Acuerdo-EFE.jpg 1177w\" sizes=\"auto, (max-width: 433px) 100vw, 433px\" \/><\/a><p id=\"caption-attachment-8654\" class=\"wp-caption-text\">Gabriela Ca\u00f1as, presidenta de la Agencia EFE, y Humberto Arn\u00e9s, presidente y consejero delegado de SIGRE<\/p><\/div>\n<p>De igual modo, hemos renovado nuestro <strong>convenio con la Asociaci\u00f3n de Periodistas de Informaci\u00f3n Ambiental (APIA) y La Vanguardia<\/strong>. Gracias al mismo, un estudiante podr\u00e1 disfrutar durante tres meses de una beca de estudios para la realizaci\u00f3n de pr\u00e1cticas en la secci\u00f3n de medio ambiente de este diario de informaci\u00f3n general.<\/p>\n<p>Adem\u00e1s, este a\u00f1o colaboraremos una vez m\u00e1s con APIA en la celebraci\u00f3n de su <strong>XV Congreso Nacional de Periodismo Ambiental<\/strong>. Este encuentro profesional, que se celebrar\u00e1 el 21 y 22 de noviembre en Madrid bajo el lema <em>El agua cuenta<\/em>, contar\u00e1 con la exposici\u00f3n de un caso pr\u00e1ctico por parte de SIGRE para dar a conocer a los periodistas de informaci\u00f3n ambiental la labor del sector farmac\u00e9utico (compa\u00f1\u00edas farmac\u00e9uticas, distribuidores y farmacias) en el cuidado de la salud y del planeta.<\/p>\n<div id=\"attachment_8769\" style=\"width: 446px\" class=\"wp-caption aligncenter\"><a href=\"https:\/\/www.sigre.es\/boletin\/wp-content\/uploads\/2023\/07\/06.-Acuerdo-APIA-1.jpg\"><img loading=\"lazy\" decoding=\"async\" aria-describedby=\"caption-attachment-8769\" class=\" wp-image-8769\" src=\"https:\/\/www.sigre.es\/boletin\/wp-content\/uploads\/2023\/07\/06.-Acuerdo-APIA-1.jpg\" alt=\"\" width=\"436\" height=\"369\" srcset=\"https:\/\/www.sigre.es\/boletin\/wp-content\/uploads\/2023\/07\/06.-Acuerdo-APIA-1.jpg 484w, https:\/\/www.sigre.es\/boletin\/wp-content\/uploads\/2023\/07\/06.-Acuerdo-APIA-1-300x254.jpg 300w\" sizes=\"auto, (max-width: 436px) 100vw, 436px\" \/><\/a><p id=\"caption-attachment-8769\" class=\"wp-caption-text\">Humberto Arn\u00e9s, presidente y consejero delegado de SIGRE, y Mar\u00eda Garc\u00eda, presidenta de APIA<\/p><\/div>\n","protected":false},"excerpt":{"rendered":"<p>En 2023 hemos mantenido nuestra apuesta por fomentar un periodismo ambiental riguroso, contribuyendo a la formaci\u00f3n de j\u00f3venes profesionales en este campo informativo, que cada vez tiene m\u00e1s presencia en los medios de comunicaci\u00f3n. Para ello, hemos renovado el convenio de colaboraci\u00f3n con la Agencia EFE para el desarrollo de un \u201cPrograma de Formaci\u00f3n Pr\u00e1ctica [&hellip;]<\/p>\n","protected":false},"author":10,"featured_media":0,"parent":8470,"menu_order":176,"comment_status":"closed","ping_status":"closed","template":"sigre-entrevista.php","meta":{"footnotes":""},"class_list":["post-8568","page","type-page","status-publish","hentry"],"_links":{"self":[{"href":"https:\/\/www.sigre.es\/boletin\/wp-json\/wp\/v2\/pages\/8568","targetHints":{"allow":["GET"]}}],"collection":[{"href":"https:\/\/www.sigre.es\/boletin\/wp-json\/wp\/v2\/pages"}],"about":[{"href":"https:\/\/www.sigre.es\/boletin\/wp-json\/wp\/v2\/types\/page"}],"author":[{"embeddable":true,"href":"https:\/\/www.sigre.es\/boletin\/wp-json\/wp\/v2\/users\/10"}],"replies":[{"embeddable":true,"href":"https:\/\/www.sigre.es\/boletin\/wp-json\/wp\/v2\/comments?post=8568"}],"version-history":[{"count":0,"href":"https:\/\/www.sigre.es\/boletin\/wp-json\/wp\/v2\/pages\/8568\/revisions"}],"up":[{"embeddable":true,"href":"https:\/\/www.sigre.es\/boletin\/wp-json\/wp\/v2\/pages\/8470"}],"wp:attachment":[{"href":"https:\/\/www.sigre.es\/boletin\/wp-json\/wp\/v2\/media?parent=8568"}],"curies":[{"name":"wp","href":"https:\/\/api.w.org\/{rel}","templated":true}]}}