{"id":8566,"date":"2023-07-11T17:42:55","date_gmt":"2023-07-11T16:42:55","guid":{"rendered":"https:\/\/www.sigre.es\/boletin\/?page_id=8566"},"modified":"2023-07-21T11:19:57","modified_gmt":"2023-07-21T10:19:57","slug":"noticia-84-3","status":"publish","type":"page","link":"https:\/\/www.sigre.es\/boletin\/sigre-informa-84\/noticia-84-3\/","title":{"rendered":"ACTUALIDAD"},"content":{"rendered":"<div id=\"fb-root\"><\/div>\n<p>Puntuales a nuestra cita con la transparencia, acabamos de publicar nuestra decimocuarta <a href=\"http:\/\/www.memoriasigre.com\" target=\"_blank\" rel=\"noopener\"><strong>Memoria de Sostenibilidad<\/strong><\/a> bajo los est\u00e1ndares internacionales de la Global Reporting Initiative (GRI), donde mostramos nuestra contribuci\u00f3n al cumplimiento de 8 de los 17 Objetivos de Desarrollo Sostenible (ODS).<\/p>\n<p>Este documento, que va acompa\u00f1ado de una <a href=\"https:\/\/www.sigre.es\/memoria-sostenibilidad-2022\/\" target=\"_blank\" rel=\"noopener\"><em>landing<\/em><\/a> resumen, desgrana las diferentes actuaciones que hemos realizado a lo largo del a\u00f1o 2022 y pone tambi\u00e9n en valor la contribuci\u00f3n de las compa\u00f1\u00edas farmac\u00e9uticas, distribuidores y farmacias al cuidado de la salud de la naturaleza a trav\u00e9s de su activa participaci\u00f3n en SIGRE.<\/p>\n<p>Este informe, publicado bajo el lema <em>Nuestro pacto con el medio ambiente y la salud<\/em>, muestra los avances producidos durante 2022 en materia de ecodise\u00f1o, un a\u00f1o en el que las compa\u00f1\u00edas farmac\u00e9uticas adoptaron 165 medidas que permitieron hacer m\u00e1s sostenibles otros 94,8 millones de envases de medicamentos comercializados en Espa\u00f1a.<\/p>\n<p>Tambi\u00e9n rebela que el a\u00f1o pasado fue especialmente positivo en cuanto a la colaboraci\u00f3n ciudadana. Cada espa\u00f1ol deposit\u00f3 una media de 104,4 gramos de envases vac\u00edos o con restos de medicamentos en el Punto SIGRE, un 5% m\u00e1s que el a\u00f1o anterior, logr\u00e1ndose reciclar el 67,8% de los materiales de los envases.<\/p>\n<p>Os animamos a leer la Memoria completa, que recoge los resultados del esfuerzo diario de todos aquellos que colabor\u00e1is con SIGRE.<\/p>\n<p><a href=\"https:\/\/www.sigre.es\/boletin\/wp-content\/uploads\/2023\/07\/05.-MemoriaSostenibilidad2022-002.jpg\"><img loading=\"lazy\" decoding=\"async\" class=\"aligncenter wp-image-8650 \" src=\"https:\/\/www.sigre.es\/boletin\/wp-content\/uploads\/2023\/07\/05.-MemoriaSostenibilidad2022-002-1024x768.jpg\" alt=\"\" width=\"569\" height=\"427\" srcset=\"https:\/\/www.sigre.es\/boletin\/wp-content\/uploads\/2023\/07\/05.-MemoriaSostenibilidad2022-002-1024x768.jpg 1024w, https:\/\/www.sigre.es\/boletin\/wp-content\/uploads\/2023\/07\/05.-MemoriaSostenibilidad2022-002-300x225.jpg 300w, https:\/\/www.sigre.es\/boletin\/wp-content\/uploads\/2023\/07\/05.-MemoriaSostenibilidad2022-002-768x576.jpg 768w, https:\/\/www.sigre.es\/boletin\/wp-content\/uploads\/2023\/07\/05.-MemoriaSostenibilidad2022-002-1536x1152.jpg 1536w, https:\/\/www.sigre.es\/boletin\/wp-content\/uploads\/2023\/07\/05.-MemoriaSostenibilidad2022-002.jpg 2000w\" sizes=\"auto, (max-width: 569px) 100vw, 569px\" \/><\/a><\/p>\n","protected":false},"excerpt":{"rendered":"<p>Puntuales a nuestra cita con la transparencia, acabamos de publicar nuestra decimocuarta Memoria de Sostenibilidad bajo los est\u00e1ndares internacionales de la Global Reporting Initiative (GRI), donde mostramos nuestra contribuci\u00f3n al cumplimiento de 8 de los 17 Objetivos de Desarrollo Sostenible (ODS). Este documento, que va acompa\u00f1ado de una landing resumen, desgrana las diferentes actuaciones que [&hellip;]<\/p>\n","protected":false},"author":10,"featured_media":0,"parent":8470,"menu_order":175,"comment_status":"closed","ping_status":"closed","template":"articulo1.php","meta":{"footnotes":""},"class_list":["post-8566","page","type-page","status-publish","hentry"],"_links":{"self":[{"href":"https:\/\/www.sigre.es\/boletin\/wp-json\/wp\/v2\/pages\/8566","targetHints":{"allow":["GET"]}}],"collection":[{"href":"https:\/\/www.sigre.es\/boletin\/wp-json\/wp\/v2\/pages"}],"about":[{"href":"https:\/\/www.sigre.es\/boletin\/wp-json\/wp\/v2\/types\/page"}],"author":[{"embeddable":true,"href":"https:\/\/www.sigre.es\/boletin\/wp-json\/wp\/v2\/users\/10"}],"replies":[{"embeddable":true,"href":"https:\/\/www.sigre.es\/boletin\/wp-json\/wp\/v2\/comments?post=8566"}],"version-history":[{"count":0,"href":"https:\/\/www.sigre.es\/boletin\/wp-json\/wp\/v2\/pages\/8566\/revisions"}],"up":[{"embeddable":true,"href":"https:\/\/www.sigre.es\/boletin\/wp-json\/wp\/v2\/pages\/8470"}],"wp:attachment":[{"href":"https:\/\/www.sigre.es\/boletin\/wp-json\/wp\/v2\/media?parent=8566"}],"curies":[{"name":"wp","href":"https:\/\/api.w.org\/{rel}","templated":true}]}}