{"id":8489,"date":"2023-07-11T16:30:31","date_gmt":"2023-07-11T15:30:31","guid":{"rendered":"https:\/\/www.sigre.es\/boletin\/?page_id=8489"},"modified":"2023-07-18T11:24:54","modified_gmt":"2023-07-18T10:24:54","slug":"noticia-84-1","status":"publish","type":"page","link":"https:\/\/www.sigre.es\/boletin\/sigre-informa-84\/noticia-84-1\/","title":{"rendered":"EDITORIAL"},"content":{"rendered":"<div id=\"fb-root\"><\/div>\n<p>Hace ya m\u00e1s de 20 a\u00f1os, la industria farmac\u00e9utica impuls\u00f3 la creaci\u00f3n de SIGRE para dar cumplimiento a las obligaciones establecidas en la normativa medioambiental y sanitaria, garantizando la correcta gesti\u00f3n de los envases y restos de medicamentos que se generan en los hogares.<\/p>\n<p>Una iniciativa que gracias a la participaci\u00f3n de la distribuci\u00f3n farmac\u00e9utica y de las oficinas de farmacias se ha convertido en un ejemplo de alianza sectorial. Es una muestra de c\u00f3mo a trav\u00e9s de la colaboraci\u00f3n se puede afrontar con \u00e9xito los grandes retos medioambientales que tenemos por delante como sociedad.<\/p>\n<p>Ahora, como resultado del trabajo realizado durante estos a\u00f1os, los socios de SIGRE, industria, distribuci\u00f3n y farmacias, han encomendado a SIGRE que ampl\u00ede su \u00e1mbito de actuaci\u00f3n para dar cumplimiento a las nuevas obligaciones ambientales aprobadas recientemente, organizando tambi\u00e9n la gesti\u00f3n de los envases comerciales e industriales de medicamentos.<\/p>\n<p>Un reto no exento de dificultades pero que, con la colaboraci\u00f3n de todos los agentes involucrados, estamos convencidos de poder superar, organizando un sistema eficiente y seguro que permita al sector farmac\u00e9utico alcanzar los ambiciosos objetivos de reciclado establecidos en la UE para este tipo de envases.<\/p>\n<p>Retos, s\u00ed, pero tambi\u00e9n oportunidades; para reforzar la alianza de los agentes del sector farmac\u00e9utico que forman parte de SIGRE; para crear entornos colaborativos con otros agentes del sistema de salud, como los centros sanitarios o las farmacias hospitalarias; para poner en valor el compromiso sectorial con el medio ambiente y la econom\u00eda circular; para seguir colaborando con las administraciones ambientales y sanitarias en la mejora del marco regulatorio actual; etc.<\/p>\n<p>Las actividades que tendremos que desarrollar durante los pr\u00f3ximos meses ser\u00e1n muchas y complejas, y para culminarlas ser\u00e1 imprescindible la colaboraci\u00f3n de todos los agentes involucrados. Sin embargo, con el respaldo de todo un sector comprometido con la sostenibilidad, estamos seguros de que, al igual que con los residuos dom\u00e9sticos, SIGRE garantizar\u00e1 tambi\u00e9n una gesti\u00f3n eficiente de los residuos de envases comerciales e industriales de medicamentos.<\/p>\n","protected":false},"excerpt":{"rendered":"<p>Hace ya m\u00e1s de 20 a\u00f1os, la industria farmac\u00e9utica impuls\u00f3 la creaci\u00f3n de SIGRE para dar cumplimiento a las obligaciones establecidas en la normativa medioambiental y sanitaria, garantizando la correcta gesti\u00f3n de los envases y restos de medicamentos que se generan en los hogares. Una iniciativa que gracias a la participaci\u00f3n de la distribuci\u00f3n farmac\u00e9utica [&hellip;]<\/p>\n","protected":false},"author":10,"featured_media":0,"parent":8470,"menu_order":173,"comment_status":"closed","ping_status":"closed","template":"sigre-entrevista.php","meta":{"footnotes":""},"class_list":["post-8489","page","type-page","status-publish","hentry"],"_links":{"self":[{"href":"https:\/\/www.sigre.es\/boletin\/wp-json\/wp\/v2\/pages\/8489","targetHints":{"allow":["GET"]}}],"collection":[{"href":"https:\/\/www.sigre.es\/boletin\/wp-json\/wp\/v2\/pages"}],"about":[{"href":"https:\/\/www.sigre.es\/boletin\/wp-json\/wp\/v2\/types\/page"}],"author":[{"embeddable":true,"href":"https:\/\/www.sigre.es\/boletin\/wp-json\/wp\/v2\/users\/10"}],"replies":[{"embeddable":true,"href":"https:\/\/www.sigre.es\/boletin\/wp-json\/wp\/v2\/comments?post=8489"}],"version-history":[{"count":0,"href":"https:\/\/www.sigre.es\/boletin\/wp-json\/wp\/v2\/pages\/8489\/revisions"}],"up":[{"embeddable":true,"href":"https:\/\/www.sigre.es\/boletin\/wp-json\/wp\/v2\/pages\/8470"}],"wp:attachment":[{"href":"https:\/\/www.sigre.es\/boletin\/wp-json\/wp\/v2\/media?parent=8489"}],"curies":[{"name":"wp","href":"https:\/\/api.w.org\/{rel}","templated":true}]}}