{"id":821,"date":"2014-03-26T16:56:37","date_gmt":"2014-03-26T16:56:37","guid":{"rendered":"https:\/\/www.sigre.es\/boletin\/sigre-informa-47\/ultima-hora-2\/"},"modified":"2014-03-27T19:20:08","modified_gmt":"2014-03-27T19:20:08","slug":"ultima-hora-2","status":"publish","type":"page","link":"https:\/\/www.sigre.es\/boletin\/sigre-informa-47\/ultima-hora-2\/","title":{"rendered":"\u00daLTIMA HORA"},"content":{"rendered":"<div id=\"fb-root\"><\/div>\n<p>El pasado 12 de marzo, SIGRE visit\u00f3 la nueva sede la Asociaci\u00f3n para el Autocuidado de la Salud (ANEFP) en compa\u00f1\u00eda de su director general, Jaume Pey. Esta asociaci\u00f3n, dedicada a mejorar la salud y la calidad de vida de los ciudadanos, mediante el fomento del autocuidado responsable de la salud, como instrumento id\u00f3neo para hacer frente a los problemas de salud leves y transitorios, forma parte del Consejo de Administraci\u00f3n de SIGRE, en representaci\u00f3n de las compa\u00f1\u00edas farmac\u00e9uticas que fabrican y comercializan medicamentos sin receta y productos sanitarios no financiados, as\u00ed como de empresas del sector de la fitoterapia, la homeopat\u00eda, la cosm\u00e9tica y los complementos de la dieta.<\/p>\n<p style=\"text-align: center;\"><a href=\"https:\/\/www.sigre.es\/boletin\/wp-content\/uploads\/2014\/03\/Jaume_Pey-Juan_Carlos_Mampaso.jpg\"><img loading=\"lazy\" decoding=\"async\" class=\"aligncenter  wp-image-824\" alt=\"Jaume_Pey-Juan_Carlos_Mampaso\" src=\"https:\/\/www.sigre.es\/boletin\/wp-content\/uploads\/2014\/03\/Jaume_Pey-Juan_Carlos_Mampaso.jpg\" width=\"432\" height=\"287\" srcset=\"https:\/\/www.sigre.es\/boletin\/wp-content\/uploads\/2014\/03\/Jaume_Pey-Juan_Carlos_Mampaso.jpg 1200w, https:\/\/www.sigre.es\/boletin\/wp-content\/uploads\/2014\/03\/Jaume_Pey-Juan_Carlos_Mampaso-300x199.jpg 300w, https:\/\/www.sigre.es\/boletin\/wp-content\/uploads\/2014\/03\/Jaume_Pey-Juan_Carlos_Mampaso-1024x681.jpg 1024w\" sizes=\"auto, (max-width: 432px) 100vw, 432px\" \/><\/a><br \/>\nJaume Pey, a la izquierda, y Juan Carlos Mampaso, a la derecha, en un momento durante la visita.<\/p>\n","protected":false},"excerpt":{"rendered":"<p>El pasado 12 de marzo, SIGRE visit\u00f3 la nueva sede la Asociaci\u00f3n para el Autocuidado de la Salud (ANEFP) en compa\u00f1\u00eda de su director general, Jaume Pey. Esta asociaci\u00f3n, dedicada a mejorar la salud y la calidad de vida de los ciudadanos, mediante el fomento del autocuidado responsable de la salud, como instrumento id\u00f3neo para [&hellip;]<\/p>\n","protected":false},"author":7,"featured_media":0,"parent":696,"menu_order":424,"comment_status":"open","ping_status":"open","template":"articulo1.php","meta":{"footnotes":""},"class_list":["post-821","page","type-page","status-publish","hentry"],"_links":{"self":[{"href":"https:\/\/www.sigre.es\/boletin\/wp-json\/wp\/v2\/pages\/821","targetHints":{"allow":["GET"]}}],"collection":[{"href":"https:\/\/www.sigre.es\/boletin\/wp-json\/wp\/v2\/pages"}],"about":[{"href":"https:\/\/www.sigre.es\/boletin\/wp-json\/wp\/v2\/types\/page"}],"author":[{"embeddable":true,"href":"https:\/\/www.sigre.es\/boletin\/wp-json\/wp\/v2\/users\/7"}],"replies":[{"embeddable":true,"href":"https:\/\/www.sigre.es\/boletin\/wp-json\/wp\/v2\/comments?post=821"}],"version-history":[{"count":0,"href":"https:\/\/www.sigre.es\/boletin\/wp-json\/wp\/v2\/pages\/821\/revisions"}],"up":[{"embeddable":true,"href":"https:\/\/www.sigre.es\/boletin\/wp-json\/wp\/v2\/pages\/696"}],"wp:attachment":[{"href":"https:\/\/www.sigre.es\/boletin\/wp-json\/wp\/v2\/media?parent=821"}],"curies":[{"name":"wp","href":"https:\/\/api.w.org\/{rel}","templated":true}]}}

ÚLTIMA HORA

<div id="fb-root"></div>
<p>El pasado 12 de marzo, SIGRE visitó la nueva sede la Asociación para el Autocuidado de la Salud (ANEFP) en compañía de su director general, Jaume Pey. Esta asociación, dedicada a mejorar la salud y la calidad de vida de los ciudadanos, mediante el fomento del autocuidado responsable de la salud, como instrumento idóneo para hacer frente a los problemas de salud leves y transitorios, forma parte del Consejo de Administración de SIGRE, en representación de las compañías farmacéuticas que fabrican y comercializan medicamentos sin receta y productos sanitarios no financiados, así como de empresas del sector de la fitoterapia, la homeopatía, la cosmética y los complementos de la dieta.</p>
<p style="text-align: center;"><a href="https://www.sigre.es/boletin/wp-content/uploads/2014/03/Jaume_Pey-Juan_Carlos_Mampaso.jpg"><img loading="lazy" decoding="async" class="aligncenter  wp-image-824" alt="Jaume_Pey-Juan_Carlos_Mampaso" src="https://www.sigre.es/boletin/wp-content/uploads/2014/03/Jaume_Pey-Juan_Carlos_Mampaso.jpg" width="432" height="287" srcset="https://www.sigre.es/boletin/wp-content/uploads/2014/03/Jaume_Pey-Juan_Carlos_Mampaso.jpg 1200w, https://www.sigre.es/boletin/wp-content/uploads/2014/03/Jaume_Pey-Juan_Carlos_Mampaso-300x199.jpg 300w, https://www.sigre.es/boletin/wp-content/uploads/2014/03/Jaume_Pey-Juan_Carlos_Mampaso-1024x681.jpg 1024w" sizes="auto, (max-width: 432px) 100vw, 432px" /></a><br />
Jaume Pey, a la izquierda, y Juan Carlos Mampaso, a la derecha, en un momento durante la visita.</p>

<p>El pasado 12 de marzo, SIGRE visitó la nueva sede la Asociación para el Autocuidado de la Salud (ANEFP) en compañía de su director general, Jaume Pey. Esta asociación, dedicada a mejorar la salud y la calidad de vida de los ciudadanos, mediante el fomento del autocuidado responsable de la salud, como instrumento idóneo para [&hellip;]</p>
