{"id":7569,"date":"2022-10-06T10:07:30","date_gmt":"2022-10-06T09:07:30","guid":{"rendered":"https:\/\/www.sigre.es\/boletin\/?page_id=7569"},"modified":"2022-10-06T12:36:51","modified_gmt":"2022-10-06T11:36:51","slug":"sostenibilidad-81","status":"publish","type":"page","link":"https:\/\/www.sigre.es\/boletin\/sigre-informa-81\/sostenibilidad-81\/","title":{"rendered":"SOSTENIBILIDAD"},"content":{"rendered":"<div id=\"fb-root\"><\/div>\n<p>Se cumplen siete a\u00f1os de la aprobaci\u00f3n de los <a href=\"https:\/\/www.pactomundial.org\/\" target=\"_blank\" rel=\"noopener\">17 Objetivos de Desarrollo Sostenible (ODS) de Naciones Unidas<\/a>, creados para erradicar la pobreza, proteger el planeta y conseguir la prosperidad de todos.<\/p>\n<p>El sector farmac\u00e9utico, que tiene como objetivo mejorar la salud y la calidad de la vida de las personas, ha hecho suyos los principios de la Agenda 2030. Un buen ejemplo de ello es SIGRE, un sistema basado en la econom\u00eda circular a trav\u00e9s del cual los laboratorios, distribuidores y farmacias contribuyen al cumplimiento de los ODS m\u00e1s ligados al cuidado del entorno.<\/p>\n<p>Entre los principales logros se encuentran la promoci\u00f3n del ecodise\u00f1o, que permite hacer que los envases de medicamentos sean cada vez m\u00e1s sostenibles (ODS 12); la recogida y tratamiento medioambiental de los residuos generados por los medicamentos y sus envases (ODS 11); la lucha contra el cambio clim\u00e1tico (ODS 13); y la contribuci\u00f3n a la protecci\u00f3n de la salud p\u00fablica y el planeta con el cierre del ciclo de vida del medicamento (ODS 3).<\/p>\n<p><a href=\"https:\/\/www.sigre.es\/boletin\/wp-content\/uploads\/2022\/10\/8.-Ilustracion-SIGRE-y-ODS-v6.jpg\"><img loading=\"lazy\" decoding=\"async\" class=\"size-large wp-image-7668 aligncenter\" src=\"https:\/\/www.sigre.es\/boletin\/wp-content\/uploads\/2022\/10\/8.-Ilustracion-SIGRE-y-ODS-v6-1024x643.jpg\" alt=\"\" width=\"1024\" height=\"643\" srcset=\"https:\/\/www.sigre.es\/boletin\/wp-content\/uploads\/2022\/10\/8.-Ilustracion-SIGRE-y-ODS-v6-1024x643.jpg 1024w, https:\/\/www.sigre.es\/boletin\/wp-content\/uploads\/2022\/10\/8.-Ilustracion-SIGRE-y-ODS-v6-300x188.jpg 300w, https:\/\/www.sigre.es\/boletin\/wp-content\/uploads\/2022\/10\/8.-Ilustracion-SIGRE-y-ODS-v6-768x482.jpg 768w, https:\/\/www.sigre.es\/boletin\/wp-content\/uploads\/2022\/10\/8.-Ilustracion-SIGRE-y-ODS-v6.jpg 1027w\" sizes=\"auto, (max-width: 1024px) 100vw, 1024px\" \/><\/a><\/p>\n<p>&nbsp;<\/p>\n<p>&nbsp;<\/p>\n<p>&nbsp;<\/p>\n<p>&nbsp;<\/p>\n<p>&nbsp;<\/p>\n","protected":false},"excerpt":{"rendered":"<p>Se cumplen siete a\u00f1os de la aprobaci\u00f3n de los 17 Objetivos de Desarrollo Sostenible (ODS) de Naciones Unidas, creados para erradicar la pobreza, proteger el planeta y conseguir la prosperidad de todos. El sector farmac\u00e9utico, que tiene como objetivo mejorar la salud y la calidad de la vida de las personas, ha hecho suyos los [&hellip;]<\/p>\n","protected":false},"author":10,"featured_media":0,"parent":7437,"menu_order":199,"comment_status":"closed","ping_status":"closed","template":"sigre-entrevista.php","meta":{"footnotes":""},"class_list":["post-7569","page","type-page","status-publish","hentry"],"_links":{"self":[{"href":"https:\/\/www.sigre.es\/boletin\/wp-json\/wp\/v2\/pages\/7569","targetHints":{"allow":["GET"]}}],"collection":[{"href":"https:\/\/www.sigre.es\/boletin\/wp-json\/wp\/v2\/pages"}],"about":[{"href":"https:\/\/www.sigre.es\/boletin\/wp-json\/wp\/v2\/types\/page"}],"author":[{"embeddable":true,"href":"https:\/\/www.sigre.es\/boletin\/wp-json\/wp\/v2\/users\/10"}],"replies":[{"embeddable":true,"href":"https:\/\/www.sigre.es\/boletin\/wp-json\/wp\/v2\/comments?post=7569"}],"version-history":[{"count":0,"href":"https:\/\/www.sigre.es\/boletin\/wp-json\/wp\/v2\/pages\/7569\/revisions"}],"up":[{"embeddable":true,"href":"https:\/\/www.sigre.es\/boletin\/wp-json\/wp\/v2\/pages\/7437"}],"wp:attachment":[{"href":"https:\/\/www.sigre.es\/boletin\/wp-json\/wp\/v2\/media?parent=7569"}],"curies":[{"name":"wp","href":"https:\/\/api.w.org\/{rel}","templated":true}]}}