{"id":7501,"date":"2022-10-06T08:31:15","date_gmt":"2022-10-06T07:31:15","guid":{"rendered":"https:\/\/www.sigre.es\/boletin\/?page_id=7501"},"modified":"2022-10-06T14:22:19","modified_gmt":"2022-10-06T13:22:19","slug":"actualidad-81","status":"publish","type":"page","link":"https:\/\/www.sigre.es\/boletin\/sigre-informa-81\/actualidad-81\/","title":{"rendered":"ACTUALIDAD"},"content":{"rendered":"<div id=\"fb-root\"><\/div>\n<p>El Informe de Progreso 2021 de SIGRE ha alcanzado por duod\u00e9cima vez consecutiva el <em>GC Advanced Level<\/em> (nivel avanzado), reservado a aquellas entidades que muestran un elevado grado de desempe\u00f1o en sostenibilidad y que destacan en la manera de comunicar sus avances en el cumplimiento de los 10 Principios del Pacto Mundial.<\/p>\n<p>Asimismo, este Informe refleja la contribuci\u00f3n prioritaria de SIGRE al cumplimiento de aquellos Objetivos de Desarrollo Sostenible (ODS) m\u00e1s ligados a la salud y al medio ambiente.<\/p>\n<p>Solo 53 entidades espa\u00f1olas han alcanzado esta distinci\u00f3n en 2021, lo que consolida a SIGRE como un referente en la materia.<\/p>\n<p>SIGRE es socio del Pacto Mundial de las Naciones Unidas Espa\u00f1a desde el a\u00f1o 2009 y fuimos miembros de su Comit\u00e9 Ejecutivo durante el per\u00edodo 2012-2020.<\/p>\n<p><a href=\"https:\/\/www.sigre.es\/boletin\/wp-content\/uploads\/2022\/10\/Medio-4.jpg\"><img loading=\"lazy\" decoding=\"async\" class=\"alignnone size-full wp-image-7658\" src=\"https:\/\/www.sigre.es\/boletin\/wp-content\/uploads\/2022\/10\/Medio-4.jpg\" alt=\"\" width=\"442\" height=\"309\" srcset=\"https:\/\/www.sigre.es\/boletin\/wp-content\/uploads\/2022\/10\/Medio-4.jpg 442w, https:\/\/www.sigre.es\/boletin\/wp-content\/uploads\/2022\/10\/Medio-4-300x210.jpg 300w\" sizes=\"auto, (max-width: 442px) 100vw, 442px\" \/><\/a><\/p>\n<p>&nbsp;<\/p>\n<p>&nbsp;<\/p>\n<p>&nbsp;<\/p>\n<p>&nbsp;<\/p>\n","protected":false},"excerpt":{"rendered":"<p>El Informe de Progreso 2021 de SIGRE ha alcanzado por duod\u00e9cima vez consecutiva el GC Advanced Level (nivel avanzado), reservado a aquellas entidades que muestran un elevado grado de desempe\u00f1o en sostenibilidad y que destacan en la manera de comunicar sus avances en el cumplimiento de los 10 Principios del Pacto Mundial. Asimismo, este Informe [&hellip;]<\/p>\n","protected":false},"author":10,"featured_media":0,"parent":7437,"menu_order":174,"comment_status":"closed","ping_status":"closed","template":"sigre-entrevista.php","meta":{"footnotes":""},"class_list":["post-7501","page","type-page","status-publish","hentry"],"_links":{"self":[{"href":"https:\/\/www.sigre.es\/boletin\/wp-json\/wp\/v2\/pages\/7501","targetHints":{"allow":["GET"]}}],"collection":[{"href":"https:\/\/www.sigre.es\/boletin\/wp-json\/wp\/v2\/pages"}],"about":[{"href":"https:\/\/www.sigre.es\/boletin\/wp-json\/wp\/v2\/types\/page"}],"author":[{"embeddable":true,"href":"https:\/\/www.sigre.es\/boletin\/wp-json\/wp\/v2\/users\/10"}],"replies":[{"embeddable":true,"href":"https:\/\/www.sigre.es\/boletin\/wp-json\/wp\/v2\/comments?post=7501"}],"version-history":[{"count":0,"href":"https:\/\/www.sigre.es\/boletin\/wp-json\/wp\/v2\/pages\/7501\/revisions"}],"up":[{"embeddable":true,"href":"https:\/\/www.sigre.es\/boletin\/wp-json\/wp\/v2\/pages\/7437"}],"wp:attachment":[{"href":"https:\/\/www.sigre.es\/boletin\/wp-json\/wp\/v2\/media?parent=7501"}],"curies":[{"name":"wp","href":"https:\/\/api.w.org\/{rel}","templated":true}]}}