{"id":6806,"date":"2022-03-11T15:55:28","date_gmt":"2022-03-11T14:55:28","guid":{"rendered":"https:\/\/www.sigre.es\/boletin\/?page_id=6806"},"modified":"2022-03-31T07:35:56","modified_gmt":"2022-03-31T06:35:56","slug":"entrevista-79","status":"publish","type":"page","link":"https:\/\/www.sigre.es\/boletin\/sigre-informa-79\/entrevista-79\/","title":{"rendered":"ENTREVISTA"},"content":{"rendered":"<div id=\"fb-root\"><\/div>\n<p><strong>Europa aspira a ser el primer continente clim\u00e1ticamente neutro \u00bfqu\u00e9 pasos se est\u00e1n dando en el camino de la transici\u00f3n ecol\u00f3gica?<\/strong><\/p>\n<p>La transici\u00f3n ecol\u00f3gica hacia una Europa verde es una de las mayores prioridades de la Uni\u00f3n Europea, as\u00ed lo estableci\u00f3 la presidenta de la Comisi\u00f3n Europea, Ursula von der Leyen, en su Discurso de la Uni\u00f3n de 2021. Nuestra herramienta para conseguirlo es el Pacto Verde Europeo, que pauta el camino, la hoja de ruta, para que Europa se convierta en el primer continente clim\u00e1ticamente neutro para 2050. El pacto incluye una serie de ambiciosos planes y estrategias basados en la sostenibilidad (lo que implica necesariamente la adaptaci\u00f3n de todos los sectores de la econom\u00eda) y el aumento de la financiaci\u00f3n para la transici\u00f3n. Desde la aprobaci\u00f3n del Pacto Verde, la Uni\u00f3n Europea est\u00e1 inmersa en el proceso de desarrollo y aplicaci\u00f3n de todas las estrategias establecidas con el fin de acelerar sus acciones para paliar el cambio clim\u00e1tico. Algo que reclama tanto la comunidad cient\u00edfica como la sociedad.<\/p>\n<p>Por dar una pincelada de las numerosas acciones emprendidas, encontramos, en primer lugar, la Estrategia de Biodiversidad de la UE para 2030, de la que fui ponente en el Parlamento Europeo, que tiene como objetivo principal la restauraci\u00f3n y protecci\u00f3n de la biodiversidad, estableciendo la necesidad de proteger al menos el 30 % de las zonas marinas y terrestres de la Uni\u00f3n. En segundo lugar, encontramos la Estrategia \u201cFarm to Fork\u201d (\u201cde la granja a la mesa\u201d), cuyo objetivo es conseguir una transformaci\u00f3n del sistema alimentario de la UE para hacerlo m\u00e1s sostenible, desde la producci\u00f3n hasta el consumo, garantizando al mismo tiempo la seguridad alimentaria europea.<\/p>\n<p>El Plan de Acci\u00f3n en Econom\u00eda Circular, por otro lado, es crucial para evitar el desperdicio de nuestros recursos naturales, reducir la dependencia de los materiales primarios y proteger los intereses de los consumidores europeos. Asimismo, la Estrategia Industrial Europea, tiene como objetivo avanzar hacia el liderazgo digital y hacia una industria m\u00e1s sostenible, ecol\u00f3gica y competitiva. Adem\u00e1s, el pacto incluye la renovaci\u00f3n en el sector de la energ\u00eda, el sector de la movilidad y el sector de la construcci\u00f3n. Precisamente la inversi\u00f3n en el desarrollo de energ\u00edas y tecnolog\u00edas limpias y sostenibles es un punto crucial dentro del pacto, con particular importancia dentro del contexto que vivimos ahora. Por \u00faltimo, la estrategia de la UE para la sostenibilidad de los productos qu\u00edmicos persigue que los productos qu\u00edmicos se revisen en cuanto a su toxicidad, a fin de proteger la salud humana y alcanzar el objetivo de \u00abcontaminaci\u00f3n cero\u00bb, destinado a reducir la contaminaci\u00f3n del suelo, el agua y el aire.<br \/>\nEstos son solo algunos de los puntos principales del Pacto Verde Europeo, que es muy amplio y transversal porque, como digo, implica necesariamente la transformaci\u00f3n de todos los sectores de la econom\u00eda. Podemos confiar en que cumpliremos estos ambiciosos compromisos gracias a la aprobaci\u00f3n de la Ley europea del Clima. Este Reglamento convierte en vinculantes (es decir, de obligatorio cumplimiento para todos los Estados miembros) los objetivos de reducci\u00f3n de emisiones hasta alcanzar la neutralidad clim\u00e1tica en 2050. El paquete \u201cFit for 55\u201d (\u201clistos para el 55\u201d) abre la veda precisamente estableciendo para 2030 la reducci\u00f3n del 55% de las emisiones de efecto invernadero en comparaci\u00f3n con los niveles de 1990. Por lo tanto, podemos concluir que la Uni\u00f3n Europea ya ha iniciado esta transici\u00f3n ecol\u00f3gica y que tiene un curso de acci\u00f3n claro con el que avanza decidida a lograr sus objetivos clim\u00e1ticos. Nuestra acci\u00f3n urgente y colectiva es lo que necesitamos para evitar las amenazas del futuro que no ser\u00e1n solo clim\u00e1ticas, tambi\u00e9n de dimensi\u00f3n de seguridad, energ\u00e9tica o migratoria. El logro de estos objetivos beneficiar\u00e1 a todos los sectores de la sociedad, y garantizar\u00e1 una Europa fuerte y resiliente preparada para afrontar los desaf\u00edos por venir. La lucha contra el cambio clim\u00e1tico plantea un reto importante y es que la acci\u00f3n debe provenir de todas las partes del mundo, especialmente de los pa\u00edses m\u00e1s contaminantes. Tenemos que evitar la falta de cooperaci\u00f3n o solidaridad y motivar una acci\u00f3n firme para lograr objetivos colectivos que beneficien a todo el planeta.<\/p>\n<p><strong>La pandemia COVID-19 ha puesto de manifiesto la estrecha vinculaci\u00f3n entre salud y medio ambiente \u00bfDe qu\u00e9 manera se est\u00e1 afrontando en Europa las consecuencias sobre la salud humana derivadas del deterioro medioambiental?<\/strong><\/p>\n<p>La salud humana, animal y medioambiental est\u00e1n plenamente interconectadas. As\u00ed lo pusimos de relieve en mi informe de biodiversidad, en el que recordamos c\u00f3mo la degradaci\u00f3n del medioambiente y la relaci\u00f3n cada vez m\u00e1s estrecha que tenemos con el mundo salvaje pueden dar lugar a m\u00e1s enfermedades zoon\u00f3ticas. El Covid-19 ha puesto en alza una preocupaci\u00f3n que no es nueva, ya que antes hab\u00edamos presenciado otras enfermedades zoon\u00f3ticas, tales como el SARS, la gripe aviar o el \u00e9bola. Debido a ello, no solo es necesario que la perspectiva de \u201cuna sola salud\u201d se adopte en todas nuestras pol\u00edticas, sino tambi\u00e9n a nivel internacional, ya que hemos visto lo f\u00e1cil que es que se propague una zoonosis una vez el equilibrio entre los humanos y la naturaleza se rompe.<\/p>\n<p>Debido a esta evidencia, cuidar nuestros ecosistemas, nuestra biodiversidad, es m\u00e1s importante que nunca de cara a evitar otra crisis de esta magnitud en el futuro. En todo el mundo, alrededor de un mill\u00f3n de especies de plantas y animales est\u00e1n en riesgo de extinci\u00f3n. Estamos alterando, contaminando, sobreexplotando y degradando directamente la biodiversidad, tambi\u00e9n la europea. Esto debilita, cambia o destruye directamente los ciclos naturales de la naturaleza, sentando las bases para un cambio clim\u00e1tico severo y la propagaci\u00f3n de enfermedades zoon\u00f3ticas. La vulnerabilidad y la destrucci\u00f3n de nuestros ecosistemas junto con la acci\u00f3n humana conllevan un r\u00e1pido aumento de la temperatura, lo que, al mismo tiempo, alimenta la p\u00e9rdida de biodiversidad. Esta conexi\u00f3n interminable entre las dos crisis las retroalimenta, lo que significa que cuanto menor y m\u00e1s pobre es el n\u00famero de h\u00e1bitats y ecosistemas, mayores son los riesgos que el ser humano enfrenta para sufrir una grave crisis ecol\u00f3gica, sanitaria y econ\u00f3mica. Todos dependemos de la salud de los recursos de nuestro planeta, y la mejor estrategia a largo plazo es protegerlos y garantizar la supervivencia de las generaciones futuras. Nuestras acciones deben ser m\u00e1s r\u00e1pidas y m\u00e1s contundentes si queremos detener y revertir el ritmo de degradaci\u00f3n y colapso sin precedentes de la naturaleza en todo el mundo.<br \/>\nEn este sentido, el Plan de Restauraci\u00f3n de la Naturaleza, que presentar\u00e1 pr\u00f3ximamente la Comisi\u00f3n, resulta crucial para este fin, pues tiene como objetivo restaurar los ecosistemas da\u00f1ados y garantizar su gesti\u00f3n sostenible. Es imperativo que incluya objetivos vinculantes de restauraci\u00f3n para al menos el 30 % de la superficie terrestre y marina de la Uni\u00f3n de aqu\u00ed a 2030, as\u00ed como de control para asegurar que todos los ecosistemas est\u00e9n en buen estado para 2050, de acuerdo con la ambici\u00f3n ya definida en la Estrategia de Biodiversidad para 2030. Es muy importante que esta propuesta priorice la restauraci\u00f3n de ecosistemas degradados porque tienen el doble prop\u00f3sito de restaurar la biodiversidad y mitigar el cambio clim\u00e1tico y adaptarse a \u00e9l. Ejemplos de esto son los humedales, las turberas, los bosques primarios y antiguos o los ecosistemas marinos. Las soluciones basadas en la naturaleza y los enfoques basados en los ecosistemas son muy importantes para atajar esta doble crisis a la que nos enfrentamos. Unos ecosistemas y una biodiversidad resiliente, as\u00ed como un uso sostenible de los mismos, son la f\u00f3rmula de la que disponemos para evitar nuevas enfermedades zoon\u00f3ticas en el futuro.<\/p>\n<p><strong>El \u201cEnfoque estrat\u00e9gico de la Uni\u00f3n Europea en materia de productos farmac\u00e9uticos en el medio ambiente\u201d refleja la importancia de los sistemas de recogida de los residuos de medicamentos como SIGRE \u00bfC\u00f3mo valora el funcionamiento de estos sistemas y su contribuci\u00f3n al cuidado del medio ambiente?<\/strong><\/p>\n<p>El uso generalizado de productos farmac\u00e9uticos, tanto para uso humano como para uso veterinario, y su incorrecto desecho, ha aumentado la concentraci\u00f3n de sus residuos en el medio ambiente, contribuyendo especialmente a la contaminaci\u00f3n del suelo y agua. Construir un sistema de recogida de los residuos de productos farmac\u00e9uticos a nivel europeo, por tanto, debe ser una de nuestras prioridades, en l\u00ednea con el Plan de \u201cContaminaci\u00f3n Cero\u201d, la Estrategia sobre Productos Qu\u00edmicos para la Sostenibilidad o la Estrategia farmac\u00e9utica de la UE. El informe de la Autoridad Europea de Seguridad Alimentaria (EFSA, por sus siglas en ingl\u00e9s), que recoge datos de 2020 en todos los Estados miembros sobre residuos de medicamentos veterinarios, revela que solo el 0,19% de las muestras recogidas superaban el nivel m\u00e1ximo legal. Adem\u00e1s, esta cifra es la m\u00e1s baja en 11 a\u00f1os, lo cual demuestra que estamos en el buen camino, pero que a\u00fan queda mucho por hacer, pues seguimos por encima del l\u00edmite que establece el Reglamento (CE) no 470\/2009 del Parlamento Europeo y del Consejo.<\/p>\n<p>Tampoco debemos olvidar que, adem\u00e1s de la contaminaci\u00f3n de nuestros preciados ecosistemas y las especies que los habitan, el aumento de la resistencia bacteriana tambi\u00e9n supone un grave problema. La propia Comisi\u00f3n Europea, en su comunicaci\u00f3n sobre productos farmac\u00e9uticos en el medio ambiente, reconoce que este problema es un problema doble, como decimos. Por un lado, la incorrecta eliminaci\u00f3n de los productos farmac\u00e9uticos y sus residuos. Por el otro, el consumo inadecuado de antibi\u00f3ticos. Por todo ello, la estrategia de \u201cContaminaci\u00f3n Cero\u201d reconoce el impacto medioambiental de los residuos de productos farmac\u00e9uticos y establece una acci\u00f3n conjunta a nivel comunitario para minimizarlo. En cuanto al consumo inadecuado, basta recordar que se calcula que la resistencia antimicrobiana es responsable de m\u00e1s de 25.000 muertes anuales en la UE y supone la p\u00e9rdida de 1.500 millones de euros al a\u00f1o, como revela el Eurobar\u00f3metro sobre resistencia antimicrobiana de 2018. Estamos hablando de un verdadero problema y amenaza para la salud p\u00fablica europea, que puede agravarse considerablemente con el tiempo si no lo atajamos cuanto antes. Hacen falta medicamentos de \u00faltima generaci\u00f3n, m\u00e1s respetuosos con nuestra salud que aborden el problema de la resistencia antimicrobiana, y menos t\u00f3xicos para el medio ambiente. Especialmente en un campo tan delicado como la salud, es importante que todas nuestras medidas se basen en la m\u00e1s reciente investigaci\u00f3n cient\u00edfica. Debe otorgarse la suficiente financiaci\u00f3n con ese motivo.<\/p>\n<p>Volviendo a la estrategia, me gustar\u00eda hacer hincapi\u00e9 aqu\u00ed en algunas de las principales novedades. En primer lugar, establece que para todos los medicamentos que salgan al mercado, se debe realizar una evaluaci\u00f3n exhaustiva sobre su riesgo medioambiental, basada en los m\u00e1s recientes descubrimientos cient\u00edficos. El objetivo es atender al impacto medioambiental en todo su ciclo de vida, desde el inicio, en su dise\u00f1o y producci\u00f3n, hasta el final, con el consumo, los desechos y residuos que produce, generando as\u00ed un proceso respetuoso con el medio ambiente. Por este motivo resulta \u00fatil la aplicaci\u00f3n del principio de \u201cquien contamina paga\u201d, garantizando que el respeto por el medio ambiente se cumple de manera efectiva durante todo el ciclo de vida de los productos farmac\u00e9uticos. En segundo lugar, supone un esfuerzo conjunto para promover un uso responsable de los antibi\u00f3ticos, por parte de los profesionales m\u00e9dicos que los prescriben, y por parte de los pacientes. Para ello, cabe destacar la propuesta de incluir en los propios f\u00e1rmacos una gu\u00eda sobre su correcto proceso de desecho, facilitando as\u00ed a los usuarios su contribuci\u00f3n en la protecci\u00f3n del medio ambiente.<\/p>\n<p>Me gustar\u00eda finalizar subrayando que, en 2020, un informe que supervisaba el cumplimiento de las propuestas de la estrategia de la Uni\u00f3n Europea en materia de productos farmac\u00e9uticos en el medio ambiente, afirmaba que \u201cse ha avanzado mucho en la aplicaci\u00f3n de las diferentes acciones\u201d. Esto significa que, hasta ahora, hemos cumplido gran parte de las iniciativas establecidas en esta estrategia. En otras palabras, la estrategia avanza con vigor. No obstante, la posici\u00f3n del Parlamento Europeo en materia medioambiental siempre ha sido ambiciosa. Por eso, en nuestra resoluci\u00f3n de 2020 sobre esta estrategia recogimos todos las propuestas de la Comisi\u00f3n, pero adem\u00e1s pedimos mayor ambici\u00f3n y esfuerzo. Es necesario formular medidas legislativas que nos doten de un marco legal com\u00fan europeo que pueda realmente garantizar una fuerte protecci\u00f3n al medio ambiente durante todo el proceso de vida de los productos farmac\u00e9uticos.<\/p>\n","protected":false},"excerpt":{"rendered":"<p>Europa aspira a ser el primer continente clim\u00e1ticamente neutro \u00bfqu\u00e9 pasos se est\u00e1n dando en el camino de la transici\u00f3n ecol\u00f3gica? La transici\u00f3n ecol\u00f3gica hacia una Europa verde es una de las mayores prioridades de la Uni\u00f3n Europea, as\u00ed lo estableci\u00f3 la presidenta de la Comisi\u00f3n Europea, Ursula von der Leyen, en su Discurso de [&hellip;]<\/p>\n","protected":false},"author":10,"featured_media":0,"parent":6802,"menu_order":198,"comment_status":"closed","ping_status":"closed","template":"sigre-entrevista.php","meta":{"footnotes":""},"class_list":["post-6806","page","type-page","status-publish","hentry"],"_links":{"self":[{"href":"https:\/\/www.sigre.es\/boletin\/wp-json\/wp\/v2\/pages\/6806","targetHints":{"allow":["GET"]}}],"collection":[{"href":"https:\/\/www.sigre.es\/boletin\/wp-json\/wp\/v2\/pages"}],"about":[{"href":"https:\/\/www.sigre.es\/boletin\/wp-json\/wp\/v2\/types\/page"}],"author":[{"embeddable":true,"href":"https:\/\/www.sigre.es\/boletin\/wp-json\/wp\/v2\/users\/10"}],"replies":[{"embeddable":true,"href":"https:\/\/www.sigre.es\/boletin\/wp-json\/wp\/v2\/comments?post=6806"}],"version-history":[{"count":0,"href":"https:\/\/www.sigre.es\/boletin\/wp-json\/wp\/v2\/pages\/6806\/revisions"}],"up":[{"embeddable":true,"href":"https:\/\/www.sigre.es\/boletin\/wp-json\/wp\/v2\/pages\/6802"}],"wp:attachment":[{"href":"https:\/\/www.sigre.es\/boletin\/wp-json\/wp\/v2\/media?parent=6806"}],"curies":[{"name":"wp","href":"https:\/\/api.w.org\/{rel}","templated":true}]}}