{"id":6287,"date":"2021-11-23T13:43:35","date_gmt":"2021-11-23T12:43:35","guid":{"rendered":"https:\/\/www.sigre.es\/boletin\/?page_id=6287"},"modified":"2021-11-30T11:42:30","modified_gmt":"2021-11-30T10:42:30","slug":"reconocimiento-6","status":"publish","type":"page","link":"https:\/\/www.sigre.es\/boletin\/sigre-informa-especial-20-aniversario\/reconocimiento-6\/","title":{"rendered":"20 a\u00f1os, 20 reconocimientos"},"content":{"rendered":"<div id=\"fb-root\"><\/div>\n<p>La industria farmac\u00e9utica es, ante todo, un sector comprometido con la sociedad y con la mejora de su calidad de vida, y ese compromiso se plasma en todas las actividades que realiza. Sigre es un ejemplo de ello. Con su puesta en marcha, las compa\u00f1\u00edas farmac\u00e9uticas en Espa\u00f1a fueron pioneras hace ya 20 a\u00f1os en apostar decididamente por el cuidado del medio ambiente y la econom\u00eda circular, es decir, por nuestro futuro.<\/p>\n<p>Hoy, gracias a la colaboraci\u00f3n de industria, distribuidores y farmacias, Sigre ha situado a nuestro pa\u00eds como referente internacional en la recogida y reciclado de residuos de medicamentos y medidas preventivas para la sostenibilidad medioambiental. Debemos felicitarnos porque es una historia de \u00e9xito y un ejemplo para otros sectores. Y el trabajo contin\u00faa. \u00a1Sigamos!<\/p>\n","protected":false},"excerpt":{"rendered":"<p>La industria farmac\u00e9utica es, ante todo, un sector comprometido con la sociedad y con la mejora de su calidad de vida, y ese compromiso se plasma en todas las actividades que realiza. Sigre es un ejemplo de ello. Con su puesta en marcha, las compa\u00f1\u00edas farmac\u00e9uticas en Espa\u00f1a fueron pioneras hace ya 20 a\u00f1os en [&hellip;]<\/p>\n","protected":false},"author":7,"featured_media":0,"parent":6270,"menu_order":205,"comment_status":"closed","ping_status":"closed","template":"sigre-entrevista.php","meta":{"footnotes":""},"class_list":["post-6287","page","type-page","status-publish","hentry"],"_links":{"self":[{"href":"https:\/\/www.sigre.es\/boletin\/wp-json\/wp\/v2\/pages\/6287","targetHints":{"allow":["GET"]}}],"collection":[{"href":"https:\/\/www.sigre.es\/boletin\/wp-json\/wp\/v2\/pages"}],"about":[{"href":"https:\/\/www.sigre.es\/boletin\/wp-json\/wp\/v2\/types\/page"}],"author":[{"embeddable":true,"href":"https:\/\/www.sigre.es\/boletin\/wp-json\/wp\/v2\/users\/7"}],"replies":[{"embeddable":true,"href":"https:\/\/www.sigre.es\/boletin\/wp-json\/wp\/v2\/comments?post=6287"}],"version-history":[{"count":0,"href":"https:\/\/www.sigre.es\/boletin\/wp-json\/wp\/v2\/pages\/6287\/revisions"}],"up":[{"embeddable":true,"href":"https:\/\/www.sigre.es\/boletin\/wp-json\/wp\/v2\/pages\/6270"}],"wp:attachment":[{"href":"https:\/\/www.sigre.es\/boletin\/wp-json\/wp\/v2\/media?parent=6287"}],"curies":[{"name":"wp","href":"https:\/\/api.w.org\/{rel}","templated":true}]}}