{"id":6204,"date":"2021-10-20T15:11:32","date_gmt":"2021-10-20T14:11:32","guid":{"rendered":"https:\/\/www.sigre.es\/boletin\/?page_id=6204"},"modified":"2021-10-21T10:34:06","modified_gmt":"2021-10-21T09:34:06","slug":"sensibilizacion-2","status":"publish","type":"page","link":"https:\/\/www.sigre.es\/boletin\/sigre-informa-77\/sensibilizacion-2\/","title":{"rendered":"SENSIBILIZACI\u00d3N"},"content":{"rendered":"<div id=\"fb-root\"><\/div>\n<p>Un a\u00f1o m\u00e1s, a finales del mes de octubre, SIGRE lanzar\u00e1 su campa\u00f1a para concienciar sobre la correcta gesti\u00f3n de los residuos de medicamentos que se generan en los hogares.<\/p>\n<p>Bajo el lema \u201cCada paso suma\u201d, la nueva campa\u00f1a se desarrollar\u00e1 en prensa, radio, TV y medios digitales y servir\u00e1 para concienciar sobre la importancia de colaborar en la correcta gesti\u00f3n de estos residuos mediante el sencillo gesto de llevar al Punto SIGRE de la farmacia los envases vac\u00edos o con restos de medicamentos.<\/p>\n<p>Adem\u00e1s, con motivo de la celebraci\u00f3n del 20\u00ba aniversario de SIGRE, se pondr\u00e1 en valor esta iniciativa medioambiental, creada entre todos los agentes del sector farmac\u00e9utico para ofrecer a los ciudadanos un sistema c\u00f3modo y seguro, que permita cerrar adecuadamente el ciclo de vida de los medicamentos. Durante estos a\u00f1os, la colaboraci\u00f3n permanente de laboratorios, distribuidores y farmacias ha demostrado los beneficios que aportan las alianzas sectoriales para avanzar hacia una econom\u00eda circular y sostenible.<\/p>\n<p>Finalmente, como en a\u00f1os anteriores y ante al grave riesgo que suponen las resistencias a los antibi\u00f3ticos, se recuerda la necesidad de hacer un uso adecuado de los medicamentos, el cumplimiento de los tratamientos y la correcta gesti\u00f3n ambiental de sus residuos a trav\u00e9s del Punto SIGRE.<\/p>\n<div style=\"width: 1920px;\" class=\"wp-video\"><video class=\"wp-video-shortcode\" id=\"video-6204-1\" width=\"1920\" height=\"1080\" preload=\"metadata\" controls=\"controls\"><source type=\"video\/mp4\" src=\"https:\/\/www.sigre.es\/boletin\/wp-content\/uploads\/2021\/10\/SIGRE_20_ANIVERSARIO_20_SEG_1080_CAS.mp4?_=1\" \/><a href=\"https:\/\/www.sigre.es\/boletin\/wp-content\/uploads\/2021\/10\/SIGRE_20_ANIVERSARIO_20_SEG_1080_CAS.mp4\">https:\/\/www.sigre.es\/boletin\/wp-content\/uploads\/2021\/10\/SIGRE_20_ANIVERSARIO_20_SEG_1080_CAS.mp4<\/a><\/video><\/div>\n","protected":false},"excerpt":{"rendered":"<p>Un a\u00f1o m\u00e1s, a finales del mes de octubre, SIGRE lanzar\u00e1 su campa\u00f1a para concienciar sobre la correcta gesti\u00f3n de los residuos de medicamentos que se generan en los hogares. Bajo el lema \u201cCada paso suma\u201d, la nueva campa\u00f1a se desarrollar\u00e1 en prensa, radio, TV y medios digitales y servir\u00e1 para concienciar sobre la importancia [&hellip;]<\/p>\n","protected":false},"author":7,"featured_media":0,"parent":6176,"menu_order":278,"comment_status":"closed","ping_status":"closed","template":"sigre-entrevista.php","meta":{"footnotes":""},"class_list":["post-6204","page","type-page","status-publish","hentry"],"_links":{"self":[{"href":"https:\/\/www.sigre.es\/boletin\/wp-json\/wp\/v2\/pages\/6204","targetHints":{"allow":["GET"]}}],"collection":[{"href":"https:\/\/www.sigre.es\/boletin\/wp-json\/wp\/v2\/pages"}],"about":[{"href":"https:\/\/www.sigre.es\/boletin\/wp-json\/wp\/v2\/types\/page"}],"author":[{"embeddable":true,"href":"https:\/\/www.sigre.es\/boletin\/wp-json\/wp\/v2\/users\/7"}],"replies":[{"embeddable":true,"href":"https:\/\/www.sigre.es\/boletin\/wp-json\/wp\/v2\/comments?post=6204"}],"version-history":[{"count":0,"href":"https:\/\/www.sigre.es\/boletin\/wp-json\/wp\/v2\/pages\/6204\/revisions"}],"up":[{"embeddable":true,"href":"https:\/\/www.sigre.es\/boletin\/wp-json\/wp\/v2\/pages\/6176"}],"wp:attachment":[{"href":"https:\/\/www.sigre.es\/boletin\/wp-json\/wp\/v2\/media?parent=6204"}],"curies":[{"name":"wp","href":"https:\/\/api.w.org\/{rel}","templated":true}]}}