{"id":6189,"date":"2021-10-20T15:10:52","date_gmt":"2021-10-20T14:10:52","guid":{"rendered":"https:\/\/www.sigre.es\/boletin\/?page_id=6189"},"modified":"2021-10-21T10:31:21","modified_gmt":"2021-10-21T09:31:21","slug":"editorial","status":"publish","type":"page","link":"https:\/\/www.sigre.es\/boletin\/sigre-informa-77\/editorial\/","title":{"rendered":"EDITORIAL"},"content":{"rendered":"<div id=\"fb-root\"><\/div>\n<p style=\"text-align: justify;\">El pasado 25 de septiembre se cumplieron seis a\u00f1os desde que la Asamblea General de Naciones Unidas adoptase la Agenda 2030 para el Desarrollo Sostenible, un plan de acci\u00f3n a favor de las personas, el planeta y la prosperidad.<\/p>\n<p style=\"text-align: justify;\"><strong><span style=\"font-weight: normal;\">A trav\u00e9s de la publicaci\u00f3n ODS A\u00f1o 6: El enfoque sectorial de la Agenda 2030<\/span><\/strong><b>,<\/b> Pacto Mundial de Naciones Unidas Espa\u00f1a ha querido celebrar esta efem\u00e9ride con una nueva llamada a la acci\u00f3n, vinculando la creaci\u00f3n de sinergias sectoriales con un futuro m\u00e1s justo, inclusivo y sostenible.<\/p>\n<p style=\"text-align: justify;\">Y es que, aunque siempre se ha considerado fundamental para lograr los ODS llevar a cabo alianzas entre los diferentes actores del planeta (gobiernos, sector privado y sociedad civil), hasta ahora se hab\u00eda hecho poco hincapi\u00e9 en las alianzas sectoriales, que proponen considerar como aliados a las organizaciones del mismo sector para hacer frente a los desaf\u00edos comunes que plantea el desarrollo sostenible.<\/p>\n<p style=\"text-align: justify;\">Un claro ejemplo de alianza sectorial es SIGRE, donde todo un sector (laboratorios, distribuci\u00f3n y farmacias) llevamos trabajando durante m\u00e1s de dos d\u00e9cadas de manera conjunta, contribuyendo de manera destacada a aquellos ODS m\u00e1s ligados a la salud y al medio ambiente.<\/p>\n<p style=\"text-align: justify;\">Adem\u00e1s de la creaci\u00f3n de SIGRE como ejemplo de sinergia empresarial, el informe ODS A\u00f1o 6 destaca que el sector farmac\u00e9utico resulta esencial para contribuir a los retos de la Agenda 2030, algo que nos hace sentirnos especialmente orgullosos pero que a su vez nos exige a todos una gran responsabilidad. Hag\u00e1moslo, entre todos, posible.<\/p>\n<p><a href=\"https:\/\/www.sigre.es\/boletin\/wp-content\/uploads\/2021\/10\/Editorila_interior_77.jpg\"><img loading=\"lazy\" decoding=\"async\" class=\"aligncenter wp-image-6190\" src=\"https:\/\/www.sigre.es\/boletin\/wp-content\/uploads\/2021\/10\/Editorila_interior_77-1024x470.jpg\" alt=\"\" width=\"400\" height=\"184\" srcset=\"https:\/\/www.sigre.es\/boletin\/wp-content\/uploads\/2021\/10\/Editorila_interior_77-1024x470.jpg 1024w, https:\/\/www.sigre.es\/boletin\/wp-content\/uploads\/2021\/10\/Editorila_interior_77-300x138.jpg 300w, https:\/\/www.sigre.es\/boletin\/wp-content\/uploads\/2021\/10\/Editorila_interior_77-768x353.jpg 768w, https:\/\/www.sigre.es\/boletin\/wp-content\/uploads\/2021\/10\/Editorila_interior_77.jpg 1200w\" sizes=\"auto, (max-width: 400px) 100vw, 400px\" \/><\/a><\/p>\n","protected":false},"excerpt":{"rendered":"<p>El pasado 25 de septiembre se cumplieron seis a\u00f1os desde que la Asamblea General de Naciones Unidas adoptase la Agenda 2030 para el Desarrollo Sostenible, un plan de acci\u00f3n a favor de las personas, el planeta y la prosperidad. A trav\u00e9s de la publicaci\u00f3n ODS A\u00f1o 6: El enfoque sectorial de la Agenda 2030, Pacto [&hellip;]<\/p>\n","protected":false},"author":7,"featured_media":0,"parent":6176,"menu_order":274,"comment_status":"closed","ping_status":"closed","template":"sigre-entrevista.php","meta":{"footnotes":""},"class_list":["post-6189","page","type-page","status-publish","hentry"],"_links":{"self":[{"href":"https:\/\/www.sigre.es\/boletin\/wp-json\/wp\/v2\/pages\/6189","targetHints":{"allow":["GET"]}}],"collection":[{"href":"https:\/\/www.sigre.es\/boletin\/wp-json\/wp\/v2\/pages"}],"about":[{"href":"https:\/\/www.sigre.es\/boletin\/wp-json\/wp\/v2\/types\/page"}],"author":[{"embeddable":true,"href":"https:\/\/www.sigre.es\/boletin\/wp-json\/wp\/v2\/users\/7"}],"replies":[{"embeddable":true,"href":"https:\/\/www.sigre.es\/boletin\/wp-json\/wp\/v2\/comments?post=6189"}],"version-history":[{"count":0,"href":"https:\/\/www.sigre.es\/boletin\/wp-json\/wp\/v2\/pages\/6189\/revisions"}],"up":[{"embeddable":true,"href":"https:\/\/www.sigre.es\/boletin\/wp-json\/wp\/v2\/pages\/6176"}],"wp:attachment":[{"href":"https:\/\/www.sigre.es\/boletin\/wp-json\/wp\/v2\/media?parent=6189"}],"curies":[{"name":"wp","href":"https:\/\/api.w.org\/{rel}","templated":true}]}}