{"id":6088,"date":"2021-07-15T10:20:06","date_gmt":"2021-07-15T09:20:06","guid":{"rendered":"https:\/\/www.sigre.es\/boletin\/?page_id=6088"},"modified":"2021-11-22T18:24:29","modified_gmt":"2021-11-22T17:24:29","slug":"entrevista","status":"publish","type":"page","link":"https:\/\/www.sigre.es\/boletin\/sigre-informa-77\/entrevista\/","title":{"rendered":"ENTREVISTA"},"content":{"rendered":"<div id=\"fb-root\"><\/div>\n<p><strong>Recientemente se ha publicado el Informe anual de Naciones Unidas sobre el avance de los Objetivos de Desarrollo Sostenible, \u00bfest\u00e1 Espa\u00f1a en la senda correcta para conseguir los ODS?<\/strong><\/p>\n<p>Tal y como se recoge en el informe, actualmente ning\u00fan pa\u00eds se encuentra cerca de conseguir las metas marcadas en los 17 ODS. Avanzamos, s\u00ed, pero a un ritmo demasiado lento para lo que exigen los Objetivos y que, adem\u00e1s, se ha visto afectado por la COVID-19. Esto no significa que no podamos recolocarnos en la senda correcta, sino que debemos acelerar la acci\u00f3n y aumentar la ambici\u00f3n para lograr llegar a tiempo a la meta.<\/p>\n<p>Contamos para ello en Espa\u00f1a con un sector empresarial comprometido: m\u00e1s del 85% de las empresas espa\u00f1olas afirma estar trabajando en la Agenda 2030. Ellas son precisamente una de las claves para impulsar la transformaci\u00f3n sist\u00e9mica de nuestra econom\u00eda hacia un modelo m\u00e1s sostenible. Una transformaci\u00f3n que, desde el Pacto Mundial de Naciones Unidas, creemos que debe ser impulsada a nivel sectorial, como recoge nuestra \u00faltima publicaci\u00f3n <a href=\"https:\/\/sectoresxlosods.org\/\" target=\"_blank\" rel=\"noopener\"><em>ODS A\u00f1o 6, la Agenda desde un enfoque sectorial<\/em><\/a>.<\/p>\n<p>\u00bfPor qu\u00e9? Porque creemos que desde un prisma sectorial se puede aprovechar mejor el poder multiplicador de las alianzas, por encima de los enfoques individuales. Porque la Agenda 2030 recoge retos espec\u00edficos para cada sector que se afrontar\u00e1n mejor si estos caminan en la misma direcci\u00f3n. Porque existen en el desarrollo sostenible m\u00faltiples oportunidades que aprovechar a nivel sectorial, de modo que todas las empresas de un mismo sector puedan encontrar beneficios en el trabajo conjunto.<\/p>\n<p><strong>El medioambiente y la salud de las personas se encuentran \u00edntimamente relacionados, como se ha puesto claramente de manifiesto en la crisis sanitaria generada por la COVID-19. \u00bfCu\u00e1les han sido los principales avances en materia de ODS que se han producido en este campo? <\/strong><\/p>\n<p>Los efectos de un clima cambiante amenazan directamente la vida y los medios de subsistencia de los seres humanos. Por ejemplo, nuestra dependencia al carb\u00f3n y a la quema de combustibles f\u00f3siles impulsa el cambio clim\u00e1tico y la contaminaci\u00f3n atmosf\u00e9rica, que por s\u00ed solos causan una de cada cinco muertes prematuras en el mundo. Esto se traduce en m\u00e1s de 8 millones de muertes al a\u00f1o.<\/p>\n<p>Es por ello que, en paralelo a las acciones para impulsar la salud de los empleados &#8211; los indicadores relativos a la promoci\u00f3n de la salud y el bienestar entre los empleados\/as han aumentado entre las empresas del IBEX35 de un 63% a un 94% -, cada vez m\u00e1s empresas est\u00e1n aumentando sus esfuerzos para hacer mejorar a salud del planeta. En este sentido, cabe destacar una mejora del compromiso de la reducci\u00f3n de emisiones de gases de efecto invernadero pasando del 65% al 75% entre las empresas espa\u00f1olas adheridas al Pacto Mundial y del 69% al 77% entre las empresas del IBEX35.<\/p>\n<p>Pero esta no es la \u00fanica tarea que pueden realizar para mejorar el estado de nuestro planeta. Desde el Pacto Mundial de Naciones Unidas hemos lanzado un documento breve en el que se exponen, adem\u00e1s de las oportunidades que genera la inversi\u00f3n en clima y salud, ejemplos de acciones empresariales para contribuir a esta sinergia. Entre ellas se encuentran invertir en la conservaci\u00f3n de la biodiversidad, impulsar la seguridad alimentaria y nutricional, mejorar la resiliencia del agua o apostar por el futuro del trabajo y la transici\u00f3n justa. Acciones que marcar\u00e1n un antes y un despu\u00e9s en la consecuci\u00f3n de ambos Objetivos.<\/p>\n<p><strong>Desde el a\u00f1o 2009 SIGRE es socio del Pacto Mundial de Naciones Unidas Espa\u00f1a y durante ocho a\u00f1os ha sido miembro de su Comit\u00e9 Ejecutivo.\u00a0 \u00bfC\u00f3mo valora esta participaci\u00f3n?<\/strong><\/p>\n<p>Desde el Pacto Mundial de Naciones Unidas Espa\u00f1a apreciamos enormemente el papel clave que tienen organismos sectoriales que trabajan con empresas, como es el caso de Sigre. Los consideramos un veh\u00edculo para transmitir los valores, Principios necesarios para operar y, en definitiva, ayudar a expandir la sostenibilidad empresarial como eje de la estrategia de cualquier negocio.<\/p>\n<p>Como he comentado anteriormente, el enfoque sectorial es para nosotros una de las palancas que puede ayudar al logro de los ODS y organizaciones como la vuestra ayudan a generar las alianzas necesarias para impulsar el trabajo sectorial en este sentido. Adem\u00e1s, en el contexto actual resulta imprescindible que las organizaciones del sector farmac\u00e9utico y sanitario se comprometan con la gesti\u00f3n sostenible.<\/p>\n<p>En este aspecto, he de remarcar que se trata de uno de los sectores m\u00e1s implicados en la consecuci\u00f3n de los ODS seg\u00fan los datos de nuestra \u00faltima publicaci\u00f3n <a href=\"https:\/\/sectoresxlosods.org\/\" target=\"_blank\" rel=\"noopener\"><em>ODS A\u00f1o 6, la Agenda desde un enfoque sectorial<\/em><\/a>. Entre las empresas del sector analizadas, m\u00e1s del 85% conoce la Agenda 2030 y la totalidad de las mismas lleva a cabo acciones relacionadas con los ODS. Cifras que sit\u00faan al sector como uno de los referentes en desarrollo sostenible y que esperamos que sigan creciendo y sean, al menos, equiparadas por el resto de la comunidad empresarial.<\/p>\n","protected":false},"excerpt":{"rendered":"<p>Recientemente se ha publicado el Informe anual de Naciones Unidas sobre el avance de los Objetivos de Desarrollo Sostenible, \u00bfest\u00e1 Espa\u00f1a en la senda correcta para conseguir los ODS? Tal y como se recoge en el informe, actualmente ning\u00fan pa\u00eds se encuentra cerca de conseguir las metas marcadas en los 17 ODS. Avanzamos, s\u00ed, pero [&hellip;]<\/p>\n","protected":false},"author":7,"featured_media":0,"parent":6176,"menu_order":272,"comment_status":"closed","ping_status":"closed","template":"sigre-entrevista.php","meta":{"footnotes":""},"class_list":["post-6088","page","type-page","status-publish","hentry"],"_links":{"self":[{"href":"https:\/\/www.sigre.es\/boletin\/wp-json\/wp\/v2\/pages\/6088","targetHints":{"allow":["GET"]}}],"collection":[{"href":"https:\/\/www.sigre.es\/boletin\/wp-json\/wp\/v2\/pages"}],"about":[{"href":"https:\/\/www.sigre.es\/boletin\/wp-json\/wp\/v2\/types\/page"}],"author":[{"embeddable":true,"href":"https:\/\/www.sigre.es\/boletin\/wp-json\/wp\/v2\/users\/7"}],"replies":[{"embeddable":true,"href":"https:\/\/www.sigre.es\/boletin\/wp-json\/wp\/v2\/comments?post=6088"}],"version-history":[{"count":0,"href":"https:\/\/www.sigre.es\/boletin\/wp-json\/wp\/v2\/pages\/6088\/revisions"}],"up":[{"embeddable":true,"href":"https:\/\/www.sigre.es\/boletin\/wp-json\/wp\/v2\/pages\/6176"}],"wp:attachment":[{"href":"https:\/\/www.sigre.es\/boletin\/wp-json\/wp\/v2\/media?parent=6088"}],"curies":[{"name":"wp","href":"https:\/\/api.w.org\/{rel}","templated":true}]}}