{"id":6082,"date":"2021-07-14T08:05:24","date_gmt":"2021-07-14T07:05:24","guid":{"rendered":"https:\/\/www.sigre.es\/boletin\/?page_id=6082"},"modified":"2021-07-19T10:29:43","modified_gmt":"2021-07-19T09:29:43","slug":"actualidad-2","status":"publish","type":"page","link":"https:\/\/www.sigre.es\/boletin\/sigre-informa-76\/actualidad-2\/","title":{"rendered":"ACTUALIDAD"},"content":{"rendered":"<div id=\"fb-root\"><\/div>\n<p>El pasado 22 de junio se celebr\u00f3 el <strong>Encuentro Digital Industria + SIGRE 2021<\/strong>, un evento anual dirigido a los responsables de medioambiente de la industria farmac\u00e9utica, en el que se hizo un recorrido por los principales hitos de estos 20 a\u00f1os de historia y se abordaron las \u00faltimas novedades en materia de econom\u00eda circular y ecodise\u00f1o.<\/p>\n<p>El acto fue inaugurado por Ismael Aznar, Director General de Calidad y Evaluaci\u00f3n Ambiental del Ministerio para la Transici\u00f3n Ecol\u00f3gica y el Reto Demogr\u00e1fico, quien felicit\u00f3 a SIGRE por los resultados alcanzados y anim\u00f3 a todos los laboratorios a seguir trabajando en la misma l\u00ednea para contribuir a una econom\u00eda m\u00e1s circular.<\/p>\n<p>Durante la jornada, se repasaron tambi\u00e9n los resultados alcanzados por SIGRE en 2020, se destacaron las novedades legislativas medioambientales y se profundiz\u00f3 en el funcionamiento de la Planta de Clasificaci\u00f3n de Residuos de Medicamentos, ubicada en Tudela de Duero y pionera en su g\u00e9nero a nivel mundial. Asimismo, se hizo balance de los resultados obtenidos por la industria farmac\u00e9utica en el Plan Empresarial de Prevenci\u00f3n (PEP) de envases del sector farmac\u00e9utico 2018-2020 y se presentaron los objetivos, medidas y mecanismos de control establecidos en el nuevo PEP 2021-2023.<\/p>\n<p>Adem\u00e1s, algunas compa\u00f1\u00edas presentaron ejemplos concretos de iniciativas desarrolladas en el campo del ecodise\u00f1o, poniendo as\u00ed en valor el trabajo que realiza la industria para avanzar hacia una econom\u00eda m\u00e1s circular. Asimismo, coincidiendo con el cierre del PEP 2018-2020, se hizo entrega de un reconocimiento a los laboratorios que han aplicado mejoras medioambientales en sus envases durante este trienio.<\/p>\n<p>Finalmente, y con motivo de la conmemoraci\u00f3n del vig\u00e9simo aniversario de estos Encuentros, se hizo entrega de las insignias de plata de SIGRE a Alejo Torres del Grupo Uriach y a Jos\u00e9 Carlos Gabriel de Lilly, por sus largas trayectorias de colaboraci\u00f3n con SIGRE, asesorando en los aspectos t\u00e9cnicos relacionados con el impacto ambiental de los medicamentos y sus residuos.<\/p>\n<p><a href=\"https:\/\/www.sigre.es\/boletin\/wp-content\/uploads\/2021\/07\/ENCUENTRO_interior_76.jpg\"><img loading=\"lazy\" decoding=\"async\" class=\"aligncenter wp-image-6031\" src=\"https:\/\/www.sigre.es\/boletin\/wp-content\/uploads\/2021\/07\/ENCUENTRO_interior_76-1024x635.jpg\" alt=\"\" width=\"400\" height=\"248\" srcset=\"https:\/\/www.sigre.es\/boletin\/wp-content\/uploads\/2021\/07\/ENCUENTRO_interior_76-1024x635.jpg 1024w, https:\/\/www.sigre.es\/boletin\/wp-content\/uploads\/2021\/07\/ENCUENTRO_interior_76-300x186.jpg 300w, https:\/\/www.sigre.es\/boletin\/wp-content\/uploads\/2021\/07\/ENCUENTRO_interior_76-768x476.jpg 768w, https:\/\/www.sigre.es\/boletin\/wp-content\/uploads\/2021\/07\/ENCUENTRO_interior_76.jpg 1290w\" sizes=\"auto, (max-width: 400px) 100vw, 400px\" \/><\/a><\/p>\n<p style=\"text-align: center;\"><span style=\"color: #808080; font-size: 12px;\">El Director General de Calidad y Evaluaci\u00f3n Ambiental del MITERD, Ismael Aznar, durante su intervenci\u00f3n en la inauguraci\u00f3n del Encuentro Industria+SIGRE 2021<\/span><\/p>\n","protected":false},"excerpt":{"rendered":"<p>El pasado 22 de junio se celebr\u00f3 el Encuentro Digital Industria + SIGRE 2021, un evento anual dirigido a los responsables de medioambiente de la industria farmac\u00e9utica, en el que se hizo un recorrido por los principales hitos de estos 20 a\u00f1os de historia y se abordaron las \u00faltimas novedades en materia de econom\u00eda circular [&hellip;]<\/p>\n","protected":false},"author":7,"featured_media":0,"parent":5944,"menu_order":277,"comment_status":"closed","ping_status":"closed","template":"sigre-entrevista.php","meta":{"footnotes":""},"class_list":["post-6082","page","type-page","status-publish","hentry"],"_links":{"self":[{"href":"https:\/\/www.sigre.es\/boletin\/wp-json\/wp\/v2\/pages\/6082","targetHints":{"allow":["GET"]}}],"collection":[{"href":"https:\/\/www.sigre.es\/boletin\/wp-json\/wp\/v2\/pages"}],"about":[{"href":"https:\/\/www.sigre.es\/boletin\/wp-json\/wp\/v2\/types\/page"}],"author":[{"embeddable":true,"href":"https:\/\/www.sigre.es\/boletin\/wp-json\/wp\/v2\/users\/7"}],"replies":[{"embeddable":true,"href":"https:\/\/www.sigre.es\/boletin\/wp-json\/wp\/v2\/comments?post=6082"}],"version-history":[{"count":0,"href":"https:\/\/www.sigre.es\/boletin\/wp-json\/wp\/v2\/pages\/6082\/revisions"}],"up":[{"embeddable":true,"href":"https:\/\/www.sigre.es\/boletin\/wp-json\/wp\/v2\/pages\/5944"}],"wp:attachment":[{"href":"https:\/\/www.sigre.es\/boletin\/wp-json\/wp\/v2\/media?parent=6082"}],"curies":[{"name":"wp","href":"https:\/\/api.w.org\/{rel}","templated":true}]}}