{"id":5960,"date":"2021-07-07T17:09:54","date_gmt":"2021-07-07T16:09:54","guid":{"rendered":"https:\/\/www.sigre.es\/boletin\/?page_id=5960"},"modified":"2021-07-19T10:29:47","modified_gmt":"2021-07-19T09:29:47","slug":"premios-sigre","status":"publish","type":"page","link":"https:\/\/www.sigre.es\/boletin\/sigre-informa-76\/premios-sigre\/","title":{"rendered":"PREMIOS SIGRE 2021"},"content":{"rendered":"<div id=\"fb-root\"><\/div>\n<p>Con motivo de su 20\u00ba Aniversario, SIGRE convoca la <a href=\"https:\/\/www.sigre.es\/premios#premio-industria-farmaceutica\" target=\"_blank\" rel=\"noopener\"><strong>tercera edici\u00f3n de los Premios Medicamento y Medio Ambiente de SIGRE<\/strong><\/a>, con los que quiere reconocer la labor que el conjunto del sector farmac\u00e9utico est\u00e1 realizando en la protecci\u00f3n y cuidado del medio ambiente, en la difusi\u00f3n de los valores medioambientales relacionados con el uso responsable del medicamento o en la sensibilizaci\u00f3n del ciudadano para el correcto reciclado de los envases de medicamentos.<\/p>\n<p>As\u00ed, en esta nueva edici\u00f3n un Jurado integrado por representantes del sector farmac\u00e9utico y medioambiental, as\u00ed como por miembros de instituciones p\u00fablicas y privadas de reconocido prestigio, elegir\u00e1 las <strong>ideas m\u00e1s innovadoras en ecodise\u00f1o<\/strong>, las mejores <strong>iniciativas medioambientales<\/strong> y las mejores <strong>acciones de comunicaci\u00f3n en materia de sostenibilidad y medio ambiente <\/strong>realizadas por el sector farmac\u00e9utico en los \u00faltimos a\u00f1os.<\/p>\n<p>La convocatoria ya est\u00e1 abierta <strong>hasta el 15 de octubre<\/strong> y en ella pueden participar tanto los laboratorios farmac\u00e9uticos adheridos a SIGRE, las oficinas de farmacia, asociaciones, instituciones, entidades y colectivos del sector farmac\u00e9utico, como las empresas de distribuci\u00f3n y asociaciones que operan en el sector farmac\u00e9utico.<\/p>\n<p>El reconocimiento de SIGRE se completa con el <strong><a href=\"https:\/\/www.sigre.es\/premios#premio-periodismo\" target=\"_blank\" rel=\"noopener\">Premio SIGRE de Periodismo \u201cPor la salud de la naturaleza\u201d<\/a>,<\/strong> con el que se quiere poner en valor la labor de los medios de comunicaci\u00f3n y distinguir aquellas piezas informativas que fomenten el reciclado de los envases y restos de medicamentos, transmitiendo a la sociedad los beneficios sanitarios y medioambientales derivados de esta actividad.<\/p>\n<p>La presentaci\u00f3n de candidaturas puede realizarse a trav\u00e9s de un simple cuestionario a trav\u00e9s de la p\u00e1gina <a href=\"https:\/\/www.sigre.es\/\" target=\"_blank\" rel=\"noopener\">web de SIGRE<\/a>.<\/p>\n<p><a href=\"https:\/\/www.sigre.es\/boletin\/wp-content\/uploads\/2021\/07\/PREMIOS_interior_76.jpg\"><img loading=\"lazy\" decoding=\"async\" class=\"aligncenter wp-image-6026\" src=\"https:\/\/www.sigre.es\/boletin\/wp-content\/uploads\/2021\/07\/PREMIOS_interior_76-1024x579.jpg\" alt=\"\" width=\"400\" height=\"226\" srcset=\"https:\/\/www.sigre.es\/boletin\/wp-content\/uploads\/2021\/07\/PREMIOS_interior_76-1024x579.jpg 1024w, https:\/\/www.sigre.es\/boletin\/wp-content\/uploads\/2021\/07\/PREMIOS_interior_76-300x170.jpg 300w, https:\/\/www.sigre.es\/boletin\/wp-content\/uploads\/2021\/07\/PREMIOS_interior_76-768x434.jpg 768w, https:\/\/www.sigre.es\/boletin\/wp-content\/uploads\/2021\/07\/PREMIOS_interior_76.jpg 1290w\" sizes=\"auto, (max-width: 400px) 100vw, 400px\" \/><\/a><\/p>\n","protected":false},"excerpt":{"rendered":"<p>Con motivo de su 20\u00ba Aniversario, SIGRE convoca la tercera edici\u00f3n de los Premios Medicamento y Medio Ambiente de SIGRE, con los que quiere reconocer la labor que el conjunto del sector farmac\u00e9utico est\u00e1 realizando en la protecci\u00f3n y cuidado del medio ambiente, en la difusi\u00f3n de los valores medioambientales relacionados con el uso responsable [&hellip;]<\/p>\n","protected":false},"author":7,"featured_media":0,"parent":5944,"menu_order":276,"comment_status":"closed","ping_status":"closed","template":"sigre-entrevista.php","meta":{"footnotes":""},"class_list":["post-5960","page","type-page","status-publish","hentry"],"_links":{"self":[{"href":"https:\/\/www.sigre.es\/boletin\/wp-json\/wp\/v2\/pages\/5960","targetHints":{"allow":["GET"]}}],"collection":[{"href":"https:\/\/www.sigre.es\/boletin\/wp-json\/wp\/v2\/pages"}],"about":[{"href":"https:\/\/www.sigre.es\/boletin\/wp-json\/wp\/v2\/types\/page"}],"author":[{"embeddable":true,"href":"https:\/\/www.sigre.es\/boletin\/wp-json\/wp\/v2\/users\/7"}],"replies":[{"embeddable":true,"href":"https:\/\/www.sigre.es\/boletin\/wp-json\/wp\/v2\/comments?post=5960"}],"version-history":[{"count":0,"href":"https:\/\/www.sigre.es\/boletin\/wp-json\/wp\/v2\/pages\/5960\/revisions"}],"up":[{"embeddable":true,"href":"https:\/\/www.sigre.es\/boletin\/wp-json\/wp\/v2\/pages\/5944"}],"wp:attachment":[{"href":"https:\/\/www.sigre.es\/boletin\/wp-json\/wp\/v2\/media?parent=5960"}],"curies":[{"name":"wp","href":"https:\/\/api.w.org\/{rel}","templated":true}]}}