{"id":5885,"date":"2021-03-24T13:22:56","date_gmt":"2021-03-24T12:22:56","guid":{"rendered":"https:\/\/www.sigre.es\/boletin\/?page_id=5885"},"modified":"2021-03-26T14:17:34","modified_gmt":"2021-03-26T13:17:34","slug":"ultima-hora-2","status":"publish","type":"page","link":"https:\/\/www.sigre.es\/boletin\/sigre-informa-75\/ultima-hora-2\/","title":{"rendered":"\u00daLTIMA HORA"},"content":{"rendered":"<div id=\"fb-root\"><\/div>\n<p>El <a href=\"https:\/\/www.pgeu.eu\/\" target=\"_blank\" rel=\"noopener\">Pharmaceutical Group of the European Union<\/a> (PGEU), la voz de la farmacia comunitaria en Bruselas, ha hecho p\u00fablico el informe \u201c<a href=\"https:\/\/www.pgeu.eu\/wp-content\/uploads\/2019\/11\/PGEU-Best-Practice-Paper-on-Green-and-Sustainable-Pharmacy-in-Europe.pdf\" target=\"_blank\" rel=\"noopener\">Best Practice Paper on Green and Sustainable Pharmacy in Europe\u201d<\/a> en el que SIGRE figura como uno de los ejemplos de buenas pr\u00e1cticas de recogida y tratamiento de medicamentos y envases.<\/p>\n<p>La agrupaci\u00f3n europea de farmac\u00e9uticos comunitarios es consciente del da\u00f1o que los productos farmac\u00e9uticos pueden causar en el medio ambiente y en la salud p\u00fablica. Por esta raz\u00f3n, el informe de buenas pr\u00e1cticas del Grupo describe la contribuci\u00f3n que estos profesionales pueden hacer en la consecuci\u00f3n de un futuro verde y sostenible para la farmacia. Adem\u00e1s, proporciona una visi\u00f3n general de las mejores pr\u00e1cticas en curso en toda Europa.<\/p>\n<p>En este sentido, como ejemplo en Espa\u00f1a se destaca el compromiso de los farmac\u00e9uticos, que asesoran, informan y animan a los ciudadanos para que depositen los envases y los residuos de medicamentos en el Punto SIGRE ubicado en la farmacia.<\/p>\n<p>Gracias a la proximidad de la farmacia y a la confianza que despierta el farmac\u00e9utico, se convierten en una figura esencial para el asesoramiento medioambiental sobre la forma correcta de desprenderse de estos residuos, convirti\u00e9ndose en el v\u00ednculo perfecto entre SIGRE y la poblaci\u00f3n.<\/p>\n<p><a href=\"https:\/\/www.sigre.es\/boletin\/wp-content\/uploads\/2021\/03\/UH2_interior_75.png\"><img loading=\"lazy\" decoding=\"async\" class=\"aligncenter wp-image-5886\" src=\"https:\/\/www.sigre.es\/boletin\/wp-content\/uploads\/2021\/03\/UH2_interior_75.png\" alt=\"\" width=\"400\" height=\"520\" srcset=\"https:\/\/www.sigre.es\/boletin\/wp-content\/uploads\/2021\/03\/UH2_interior_75.png 636w, https:\/\/www.sigre.es\/boletin\/wp-content\/uploads\/2021\/03\/UH2_interior_75-231x300.png 231w\" sizes=\"auto, (max-width: 400px) 100vw, 400px\" \/><\/a><\/p>\n","protected":false},"excerpt":{"rendered":"<p>El Pharmaceutical Group of the European Union (PGEU), la voz de la farmacia comunitaria en Bruselas, ha hecho p\u00fablico el informe \u201cBest Practice Paper on Green and Sustainable Pharmacy in Europe\u201d en el que SIGRE figura como uno de los ejemplos de buenas pr\u00e1cticas de recogida y tratamiento de medicamentos y envases. La agrupaci\u00f3n europea [&hellip;]<\/p>\n","protected":false},"author":7,"featured_media":0,"parent":5812,"menu_order":284,"comment_status":"closed","ping_status":"closed","template":"sigre-entrevista.php","meta":{"footnotes":""},"class_list":["post-5885","page","type-page","status-publish","hentry"],"_links":{"self":[{"href":"https:\/\/www.sigre.es\/boletin\/wp-json\/wp\/v2\/pages\/5885","targetHints":{"allow":["GET"]}}],"collection":[{"href":"https:\/\/www.sigre.es\/boletin\/wp-json\/wp\/v2\/pages"}],"about":[{"href":"https:\/\/www.sigre.es\/boletin\/wp-json\/wp\/v2\/types\/page"}],"author":[{"embeddable":true,"href":"https:\/\/www.sigre.es\/boletin\/wp-json\/wp\/v2\/users\/7"}],"replies":[{"embeddable":true,"href":"https:\/\/www.sigre.es\/boletin\/wp-json\/wp\/v2\/comments?post=5885"}],"version-history":[{"count":0,"href":"https:\/\/www.sigre.es\/boletin\/wp-json\/wp\/v2\/pages\/5885\/revisions"}],"up":[{"embeddable":true,"href":"https:\/\/www.sigre.es\/boletin\/wp-json\/wp\/v2\/pages\/5812"}],"wp:attachment":[{"href":"https:\/\/www.sigre.es\/boletin\/wp-json\/wp\/v2\/media?parent=5885"}],"curies":[{"name":"wp","href":"https:\/\/api.w.org\/{rel}","templated":true}]}}