{"id":5878,"date":"2021-03-24T13:11:50","date_gmt":"2021-03-24T12:11:50","guid":{"rendered":"https:\/\/www.sigre.es\/boletin\/?page_id=5878"},"modified":"2021-03-25T11:21:09","modified_gmt":"2021-03-25T10:21:09","slug":"ultima-hora","status":"publish","type":"page","link":"https:\/\/www.sigre.es\/boletin\/sigre-informa-75\/ultima-hora\/","title":{"rendered":"\u00daLTIMA HORA"},"content":{"rendered":"<div id=\"fb-root\"><\/div>\n<p>SIGRE es la organizaci\u00f3n encargada de presentar a las autoridades ambientales la Declaraci\u00f3n Anual de Envases (DAE), un documento que recoge informaci\u00f3n sobre los medicamentos que se comercializan cada a\u00f1o en el mercado espa\u00f1ol (tipo de envase, peso y materiales utilizados, peso del producto, etc.) as\u00ed como el tratamiento ambiental aplicado a los residuos de envases y restos de medicamentos generados en los hogares.<\/p>\n<p>Este a\u00f1o se ha producido un importante incremento de los envases de medicamentos vac\u00edos que se depositan en el Punto SIGRE, que ya representan un 36% de los recogidos. Este dato refleja una mejor adherencia a los tratamientos por parte de los pacientes y una mejora en las tasas de reciclaje de envases, que incluye tambi\u00e9n a los vac\u00edos que hayan contenido medicamentos.<\/p>\n<p>Durante 2020, el Punto SIGRE de la farmacia se ha mantenido permanentemente a disposici\u00f3n de los ciudadanos. No obstante, en un a\u00f1o marcado por la COVID-19, se ha registrado un descenso del 9,87% en las cantidades recogidas, debido principalmente a las medidas de confinamiento y a las restricciones aprobadas para luchar contra la pandemia.<\/p>\n<p><a href=\"https:\/\/www.sigre.es\/boletin\/wp-content\/uploads\/2021\/03\/DAE.jpg\"><img loading=\"lazy\" decoding=\"async\" class=\"aligncenter wp-image-5880\" src=\"https:\/\/www.sigre.es\/boletin\/wp-content\/uploads\/2021\/03\/DAE-683x1024.jpg\" alt=\"\" width=\"400\" height=\"600\" srcset=\"https:\/\/www.sigre.es\/boletin\/wp-content\/uploads\/2021\/03\/DAE-683x1024.jpg 683w, https:\/\/www.sigre.es\/boletin\/wp-content\/uploads\/2021\/03\/DAE-200x300.jpg 200w, https:\/\/www.sigre.es\/boletin\/wp-content\/uploads\/2021\/03\/DAE-768x1152.jpg 768w, https:\/\/www.sigre.es\/boletin\/wp-content\/uploads\/2021\/03\/DAE-1024x1536.jpg 1024w, https:\/\/www.sigre.es\/boletin\/wp-content\/uploads\/2021\/03\/DAE.jpg 1270w\" sizes=\"auto, (max-width: 400px) 100vw, 400px\" \/><\/a><\/p>\n","protected":false},"excerpt":{"rendered":"<p>SIGRE es la organizaci\u00f3n encargada de presentar a las autoridades ambientales la Declaraci\u00f3n Anual de Envases (DAE), un documento que recoge informaci\u00f3n sobre los medicamentos que se comercializan cada a\u00f1o en el mercado espa\u00f1ol (tipo de envase, peso y materiales utilizados, peso del producto, etc.) as\u00ed como el tratamiento ambiental aplicado a los residuos de [&hellip;]<\/p>\n","protected":false},"author":7,"featured_media":0,"parent":5812,"menu_order":283,"comment_status":"closed","ping_status":"closed","template":"sigre-entrevista.php","meta":{"footnotes":""},"class_list":["post-5878","page","type-page","status-publish","hentry"],"_links":{"self":[{"href":"https:\/\/www.sigre.es\/boletin\/wp-json\/wp\/v2\/pages\/5878","targetHints":{"allow":["GET"]}}],"collection":[{"href":"https:\/\/www.sigre.es\/boletin\/wp-json\/wp\/v2\/pages"}],"about":[{"href":"https:\/\/www.sigre.es\/boletin\/wp-json\/wp\/v2\/types\/page"}],"author":[{"embeddable":true,"href":"https:\/\/www.sigre.es\/boletin\/wp-json\/wp\/v2\/users\/7"}],"replies":[{"embeddable":true,"href":"https:\/\/www.sigre.es\/boletin\/wp-json\/wp\/v2\/comments?post=5878"}],"version-history":[{"count":0,"href":"https:\/\/www.sigre.es\/boletin\/wp-json\/wp\/v2\/pages\/5878\/revisions"}],"up":[{"embeddable":true,"href":"https:\/\/www.sigre.es\/boletin\/wp-json\/wp\/v2\/pages\/5812"}],"wp:attachment":[{"href":"https:\/\/www.sigre.es\/boletin\/wp-json\/wp\/v2\/media?parent=5878"}],"curies":[{"name":"wp","href":"https:\/\/api.w.org\/{rel}","templated":true}]}}