{"id":5866,"date":"2021-03-24T12:52:18","date_gmt":"2021-03-24T11:52:18","guid":{"rendered":"https:\/\/www.sigre.es\/boletin\/?page_id=5866"},"modified":"2021-03-26T14:16:53","modified_gmt":"2021-03-26T13:16:53","slug":"concienciacion","status":"publish","type":"page","link":"https:\/\/www.sigre.es\/boletin\/sigre-informa-75\/concienciacion\/","title":{"rendered":"CONCIENCIACI\u00d3N"},"content":{"rendered":"<div id=\"fb-root\"><\/div>\n<p>Recientemente, el Consejo General de Colegios Oficiales de Farmac\u00e9uticos (CGCOF) y la Agencia Espa\u00f1ola de Medicamentos y Productos Sanitarios (AEMPS) han sumado fuerzas para lanzar una <a href=\"https:\/\/www.portalfarma.com\/Ciudadanos\/saludpublica\/antibioticos\/Plan-Nacional-Resistencia-Antibioticos\/Paginas\/2020-campana-resistencia-antimicrobianos.aspx?utm_source=twitter&amp;utm_medium=farmaceuticos_&amp;utm_term=8bc15622-c6cf-4083-b106-53683c075787&amp;utm_campaign=nota+de+prensa\" target=\"_blank\" rel=\"noopener\">nueva campa\u00f1a de concienciaci\u00f3n sobre el uso prudente de los antibi\u00f3ticos<\/a>, que se enmarca dentro del II Plan Nacional frente a la Resistencia a los Antibi\u00f3ticos (PRAN).<\/p>\n<p>Dentro de su campa\u00f1a cabe destacar <strong>la importancia del papel de SIGRE para deshacerse de forma adecuada de los restos de antibi\u00f3ticos<\/strong>, ya que su incorrecta eliminaci\u00f3n puede contribuir a la creaci\u00f3n de bacterias resistentes. Para evitarlo, se recuerda en los materiales de la misma que, al finalizar el tratamiento, los restos que pudieran quedar no se deben guardar en casa, sino que se deben depositar en el Punto SIGRE de la farmacia para asegurarnos de su adecuado tratamiento medioambiental.<\/p>\n<p><a href=\"https:\/\/www.portalfarma.com\/Ciudadanos\/saludpublica\/antibioticos\/Plan-Nacional-Resistencia-Antibioticos\/Documents\/2020-Infografia-Protocolo-Dispensacion-Antibioticos.pdf\" target=\"_blank\" rel=\"noopener\"><img loading=\"lazy\" decoding=\"async\" class=\"aligncenter wp-image-5868 size-large\" src=\"https:\/\/www.sigre.es\/boletin\/wp-content\/uploads\/2021\/03\/Concienciacion_75_interior-724x1024.jpg\" alt=\"\" width=\"724\" height=\"1024\" srcset=\"https:\/\/www.sigre.es\/boletin\/wp-content\/uploads\/2021\/03\/Concienciacion_75_interior-724x1024.jpg 724w, https:\/\/www.sigre.es\/boletin\/wp-content\/uploads\/2021\/03\/Concienciacion_75_interior-212x300.jpg 212w, https:\/\/www.sigre.es\/boletin\/wp-content\/uploads\/2021\/03\/Concienciacion_75_interior-768x1086.jpg 768w, https:\/\/www.sigre.es\/boletin\/wp-content\/uploads\/2021\/03\/Concienciacion_75_interior-1086x1536.jpg 1086w, https:\/\/www.sigre.es\/boletin\/wp-content\/uploads\/2021\/03\/Concienciacion_75_interior.jpg 1270w\" sizes=\"auto, (max-width: 724px) 100vw, 724px\" \/><\/a><\/p>\n","protected":false},"excerpt":{"rendered":"<p>Recientemente, el Consejo General de Colegios Oficiales de Farmac\u00e9uticos (CGCOF) y la Agencia Espa\u00f1ola de Medicamentos y Productos Sanitarios (AEMPS) han sumado fuerzas para lanzar una nueva campa\u00f1a de concienciaci\u00f3n sobre el uso prudente de los antibi\u00f3ticos, que se enmarca dentro del II Plan Nacional frente a la Resistencia a los Antibi\u00f3ticos (PRAN). Dentro de [&hellip;]<\/p>\n","protected":false},"author":7,"featured_media":0,"parent":5812,"menu_order":281,"comment_status":"closed","ping_status":"closed","template":"sigre-entrevista.php","meta":{"footnotes":""},"class_list":["post-5866","page","type-page","status-publish","hentry"],"_links":{"self":[{"href":"https:\/\/www.sigre.es\/boletin\/wp-json\/wp\/v2\/pages\/5866","targetHints":{"allow":["GET"]}}],"collection":[{"href":"https:\/\/www.sigre.es\/boletin\/wp-json\/wp\/v2\/pages"}],"about":[{"href":"https:\/\/www.sigre.es\/boletin\/wp-json\/wp\/v2\/types\/page"}],"author":[{"embeddable":true,"href":"https:\/\/www.sigre.es\/boletin\/wp-json\/wp\/v2\/users\/7"}],"replies":[{"embeddable":true,"href":"https:\/\/www.sigre.es\/boletin\/wp-json\/wp\/v2\/comments?post=5866"}],"version-history":[{"count":0,"href":"https:\/\/www.sigre.es\/boletin\/wp-json\/wp\/v2\/pages\/5866\/revisions"}],"up":[{"embeddable":true,"href":"https:\/\/www.sigre.es\/boletin\/wp-json\/wp\/v2\/pages\/5812"}],"wp:attachment":[{"href":"https:\/\/www.sigre.es\/boletin\/wp-json\/wp\/v2\/media?parent=5866"}],"curies":[{"name":"wp","href":"https:\/\/api.w.org\/{rel}","templated":true}]}}