{"id":5855,"date":"2021-03-24T12:41:16","date_gmt":"2021-03-24T11:41:16","guid":{"rendered":"https:\/\/www.sigre.es\/boletin\/?page_id=5855"},"modified":"2021-03-24T13:17:29","modified_gmt":"2021-03-24T12:17:29","slug":"actualidad-2","status":"publish","type":"page","link":"https:\/\/www.sigre.es\/boletin\/sigre-informa-75\/actualidad-2\/","title":{"rendered":"ACTUALIDAD"},"content":{"rendered":"<div id=\"fb-root\"><\/div>\n<p>SIGRE ha superado con \u00e9xito la auditor\u00eda de AENOR de renovaci\u00f3n de su triple certificaci\u00f3n en materia de Gesti\u00f3n de la Calidad (ISO 9001:2015), Medio Ambiente (ISO 14001:2015) y Energ\u00eda (ISO 50001:20187).<\/p>\n<p>Estas certificaciones, a la que se suma la certificaci\u00f3n en gesti\u00f3n de seguridad y salud laboral, acreditan el cumplimiento de SIGRE con los requisitos de estas normas internacionales, gracias a la implantaci\u00f3n de sistemas que apuestan por una gesti\u00f3n de calidad, la minimizaci\u00f3n de los impactos ambientales, la eficiencia energ\u00e9tica y el control de los riesgos laborales asociados a su actividad.<\/p>\n<p>Con esta actualizaci\u00f3n, SIGRE muestra su compromiso con la innovaci\u00f3n y mejora continua en todos sus servicios y procesos, con el objetivo claro de seguir aportando valor al sector farmac\u00e9utico y a la sociedad en su conjunto.<\/p>\n<p><a href=\"https:\/\/www.sigre.es\/boletin\/wp-content\/uploads\/2021\/03\/Aenor.jpg\"><img loading=\"lazy\" decoding=\"async\" class=\"size-full wp-image-5829 aligncenter\" src=\"https:\/\/www.sigre.es\/boletin\/wp-content\/uploads\/2021\/03\/Aenor.jpg\" alt=\"\" width=\"319\" height=\"113\" srcset=\"https:\/\/www.sigre.es\/boletin\/wp-content\/uploads\/2021\/03\/Aenor.jpg 319w, https:\/\/www.sigre.es\/boletin\/wp-content\/uploads\/2021\/03\/Aenor-300x106.jpg 300w\" sizes=\"auto, (max-width: 319px) 100vw, 319px\" \/><\/a><\/p>\n<p style=\"text-align: center;\">\n","protected":false},"excerpt":{"rendered":"<p>SIGRE ha superado con \u00e9xito la auditor\u00eda de AENOR de renovaci\u00f3n de su triple certificaci\u00f3n en materia de Gesti\u00f3n de la Calidad (ISO 9001:2015), Medio Ambiente (ISO 14001:2015) y Energ\u00eda (ISO 50001:20187). Estas certificaciones, a la que se suma la certificaci\u00f3n en gesti\u00f3n de seguridad y salud laboral, acreditan el cumplimiento de SIGRE con los [&hellip;]<\/p>\n","protected":false},"author":7,"featured_media":0,"parent":5812,"menu_order":279,"comment_status":"closed","ping_status":"closed","template":"sigre-entrevista.php","meta":{"footnotes":""},"class_list":["post-5855","page","type-page","status-publish","hentry"],"_links":{"self":[{"href":"https:\/\/www.sigre.es\/boletin\/wp-json\/wp\/v2\/pages\/5855","targetHints":{"allow":["GET"]}}],"collection":[{"href":"https:\/\/www.sigre.es\/boletin\/wp-json\/wp\/v2\/pages"}],"about":[{"href":"https:\/\/www.sigre.es\/boletin\/wp-json\/wp\/v2\/types\/page"}],"author":[{"embeddable":true,"href":"https:\/\/www.sigre.es\/boletin\/wp-json\/wp\/v2\/users\/7"}],"replies":[{"embeddable":true,"href":"https:\/\/www.sigre.es\/boletin\/wp-json\/wp\/v2\/comments?post=5855"}],"version-history":[{"count":0,"href":"https:\/\/www.sigre.es\/boletin\/wp-json\/wp\/v2\/pages\/5855\/revisions"}],"up":[{"embeddable":true,"href":"https:\/\/www.sigre.es\/boletin\/wp-json\/wp\/v2\/pages\/5812"}],"wp:attachment":[{"href":"https:\/\/www.sigre.es\/boletin\/wp-json\/wp\/v2\/media?parent=5855"}],"curies":[{"name":"wp","href":"https:\/\/api.w.org\/{rel}","templated":true}]}}