{"id":4319,"date":"2018-07-10T17:29:49","date_gmt":"2018-07-10T16:29:49","guid":{"rendered":"https:\/\/www.sigre.es\/boletin\/?page_id=4319"},"modified":"2018-07-11T19:14:39","modified_gmt":"2018-07-11T18:14:39","slug":"blog-sigre","status":"publish","type":"page","link":"https:\/\/www.sigre.es\/boletin\/sigre-informa-64\/blog-sigre\/","title":{"rendered":"BLOG SIGRE"},"content":{"rendered":"<div id=\"fb-root\"><\/div>\n<p>El Blog corporativo de SIGRE sigue consolid\u00e1ndose como una de las principales herramientas que utilizan los distintos p\u00fablicos de SIGRE para conocer la actividad que desarrolla la entidad, as\u00ed como las acciones concretas que se llevan a cabo para promover el correcto tratamiento ambiental de los envases vac\u00edos o con restos de medicamentos.<\/p>\n<p>En lo que va de a\u00f1o y hasta\u00a0finales de junio, el blog hab\u00eda acumulado de 68.300 visitas y un aumento del 59% respecto al mismo per\u00edodo de 2017 y muestra el inter\u00e9s que despiertan sus contenidos, tanto los de car\u00e1cter medioambiental como los socio-sanitarios.<\/p>\n<p>En la actualidad, un total de 5.237 personas est\u00e1n suscritas a los contenidos del Blog y reciben\u00a0 una <em>newsletter<\/em> cada vez que se publica un nuevo contenido. Las \u00faltimas entradas que han sido publicadas son:<\/p>\n<p style=\"text-align: center;\"><a href=\"https:\/\/blogsigre.es\/2018\/07\/05\/claves-para-conservar-los-medicamentos-en-verano\/\" target=\"_blank\">Claves para conservar los medicamentos en verano<\/a><\/p>\n<p style=\"text-align: center;\"><a href=\"https:\/\/youtu.be\/xqXFzdjSBrE\" target=\"_blank\"><img loading=\"lazy\" decoding=\"async\" class=\"aligncenter wp-image-4322\" src=\"https:\/\/www.sigre.es\/boletin\/wp-content\/uploads\/2018\/07\/Blog_0-1024x575.jpg\" alt=\"Blog_0\" width=\"400\" height=\"225\" srcset=\"https:\/\/www.sigre.es\/boletin\/wp-content\/uploads\/2018\/07\/Blog_0.jpg 1024w, https:\/\/www.sigre.es\/boletin\/wp-content\/uploads\/2018\/07\/Blog_0-300x168.jpg 300w, https:\/\/www.sigre.es\/boletin\/wp-content\/uploads\/2018\/07\/Blog_0-768x431.jpg 768w\" sizes=\"auto, (max-width: 400px) 100vw, 400px\" \/><\/a><\/p>\n<p style=\"text-align: center;\"><a href=\"https:\/\/blogsigre.es\/2018\/06\/05\/7-consejos-para-un-uso-responsable-del-plastico\/\" target=\"_blank\">7 consejos para un uso responsable del pl\u00e1stico<\/a><\/p>\n<p style=\"text-align: center;\"><a href=\"https:\/\/youtu.be\/9kk4yvqtYK0\" target=\"_blank\"><img loading=\"lazy\" decoding=\"async\" class=\"aligncenter wp-image-4323\" src=\"https:\/\/www.sigre.es\/boletin\/wp-content\/uploads\/2018\/07\/Blog_1.jpg\" alt=\"Blog_1\" width=\"400\" height=\"250\" srcset=\"https:\/\/www.sigre.es\/boletin\/wp-content\/uploads\/2018\/07\/Blog_1.jpg 700w, https:\/\/www.sigre.es\/boletin\/wp-content\/uploads\/2018\/07\/Blog_1-300x187.jpg 300w\" sizes=\"auto, (max-width: 400px) 100vw, 400px\" \/><\/a><\/p>\n<p style=\"text-align: center;\"><a href=\"https:\/\/blogsigre.es\/2018\/05\/31\/la-farmacia-dice-adios-a-la-bolsa-de-plastico-gratuita\/\" target=\"_blank\">La farmacia dice adi\u00f3s a la bolsa de pl\u00e1stico gratuita<\/a><\/p>\n<p style=\"text-align: center;\"><a href=\"https:\/\/blogsigre.es\/2018\/05\/31\/la-farmacia-dice-adios-a-la-bolsa-de-plastico-gratuita\/\" target=\"_blank\"><img loading=\"lazy\" decoding=\"async\" class=\"aligncenter wp-image-4324\" src=\"https:\/\/www.sigre.es\/boletin\/wp-content\/uploads\/2018\/07\/Blog_2-1024x749.jpg\" alt=\"Blog_2\" width=\"400\" height=\"293\" srcset=\"https:\/\/www.sigre.es\/boletin\/wp-content\/uploads\/2018\/07\/Blog_2.jpg 1024w, https:\/\/www.sigre.es\/boletin\/wp-content\/uploads\/2018\/07\/Blog_2-300x219.jpg 300w, https:\/\/www.sigre.es\/boletin\/wp-content\/uploads\/2018\/07\/Blog_2-768x562.jpg 768w\" sizes=\"auto, (max-width: 400px) 100vw, 400px\" \/><\/a><\/p>\n<p style=\"text-align: center;\"><a href=\"https:\/\/blogsigre.es\/2018\/05\/17\/que-se-consigue-al-reciclar-en-el-punto-sigre\/\" target=\"_blank\">Qu\u00e9 se consigue al reciclar en el Punto SIGRE<\/a><\/p>\n<p style=\"text-align: center;\"><a href=\"https:\/\/youtu.be\/oRrwZfqGzB0\" target=\"_blank\"><img loading=\"lazy\" decoding=\"async\" class=\"aligncenter wp-image-4325\" src=\"https:\/\/www.sigre.es\/boletin\/wp-content\/uploads\/2018\/07\/Blog_3-1024x583.jpg\" alt=\"Blog_3\" width=\"400\" height=\"228\" srcset=\"https:\/\/www.sigre.es\/boletin\/wp-content\/uploads\/2018\/07\/Blog_3.jpg 1024w, https:\/\/www.sigre.es\/boletin\/wp-content\/uploads\/2018\/07\/Blog_3-300x171.jpg 300w, https:\/\/www.sigre.es\/boletin\/wp-content\/uploads\/2018\/07\/Blog_3-768x437.jpg 768w\" sizes=\"auto, (max-width: 400px) 100vw, 400px\" \/><\/a><\/p>\n<p style=\"text-align: center;\"><a href=\"https:\/\/blogsigre.es\/2018\/05\/16\/sigre-publica-el-v-catalogo-de-iniciativas-de-ecodiseno-en-envases-farmaceuticos\/\" target=\"_blank\">SIGRE publica el V Cat\u00e1logo de Iniciativas de Ecodise\u00f1o en Envases Farmac\u00e9uticos<\/a><\/p>\n<p style=\"text-align: center;\"><a href=\"https:\/\/blogsigre.es\/2018\/05\/16\/sigre-publica-el-v-catalogo-de-iniciativas-de-ecodiseno-en-envases-farmaceuticos\/\" target=\"_blank\"><img loading=\"lazy\" decoding=\"async\" class=\"aligncenter wp-image-4326\" src=\"https:\/\/www.sigre.es\/boletin\/wp-content\/uploads\/2018\/07\/Blog_4-1024x879.jpg\" alt=\"Blog_4\" width=\"400\" height=\"343\" srcset=\"https:\/\/www.sigre.es\/boletin\/wp-content\/uploads\/2018\/07\/Blog_4.jpg 1024w, https:\/\/www.sigre.es\/boletin\/wp-content\/uploads\/2018\/07\/Blog_4-300x258.jpg 300w, https:\/\/www.sigre.es\/boletin\/wp-content\/uploads\/2018\/07\/Blog_4-768x659.jpg 768w\" sizes=\"auto, (max-width: 400px) 100vw, 400px\" \/><\/a><\/p>\n<p style=\"text-align: center;\"><a href=\"https:\/\/blogsigre.es\/2018\/04\/13\/el-envase-del-medicamento-un-aliado-de-tu-salud\/\" target=\"_blank\">\u2018El envase del medicamento, un aliado de tu salud\u2019<\/a><\/p>\n<p style=\"text-align: center;\"><a href=\"https:\/\/blogsigre.es\/2018\/04\/13\/el-envase-del-medicamento-un-aliado-de-tu-salud\/\" target=\"_blank\"><img loading=\"lazy\" decoding=\"async\" class=\"aligncenter wp-image-4327\" src=\"https:\/\/www.sigre.es\/boletin\/wp-content\/uploads\/2018\/07\/Blog_5-1024x880.jpg\" alt=\"Blog_5\" width=\"400\" height=\"344\" srcset=\"https:\/\/www.sigre.es\/boletin\/wp-content\/uploads\/2018\/07\/Blog_5.jpg 1024w, https:\/\/www.sigre.es\/boletin\/wp-content\/uploads\/2018\/07\/Blog_5-300x258.jpg 300w, https:\/\/www.sigre.es\/boletin\/wp-content\/uploads\/2018\/07\/Blog_5-768x660.jpg 768w\" sizes=\"auto, (max-width: 400px) 100vw, 400px\" \/><\/a><\/p>\n","protected":false},"excerpt":{"rendered":"<p>El Blog corporativo de SIGRE sigue consolid\u00e1ndose como una de las principales herramientas que utilizan los distintos p\u00fablicos de SIGRE para conocer la actividad que desarrolla la entidad, as\u00ed como las acciones concretas que se llevan a cabo para promover el correcto tratamiento ambiental de los envases vac\u00edos o con restos de medicamentos. En lo [&hellip;]<\/p>\n","protected":false},"author":7,"featured_media":0,"parent":4235,"menu_order":281,"comment_status":"closed","ping_status":"closed","template":"sigre-entrevista.php","meta":{"footnotes":""},"class_list":["post-4319","page","type-page","status-publish","hentry"],"_links":{"self":[{"href":"https:\/\/www.sigre.es\/boletin\/wp-json\/wp\/v2\/pages\/4319","targetHints":{"allow":["GET"]}}],"collection":[{"href":"https:\/\/www.sigre.es\/boletin\/wp-json\/wp\/v2\/pages"}],"about":[{"href":"https:\/\/www.sigre.es\/boletin\/wp-json\/wp\/v2\/types\/page"}],"author":[{"embeddable":true,"href":"https:\/\/www.sigre.es\/boletin\/wp-json\/wp\/v2\/users\/7"}],"replies":[{"embeddable":true,"href":"https:\/\/www.sigre.es\/boletin\/wp-json\/wp\/v2\/comments?post=4319"}],"version-history":[{"count":0,"href":"https:\/\/www.sigre.es\/boletin\/wp-json\/wp\/v2\/pages\/4319\/revisions"}],"up":[{"embeddable":true,"href":"https:\/\/www.sigre.es\/boletin\/wp-json\/wp\/v2\/pages\/4235"}],"wp:attachment":[{"href":"https:\/\/www.sigre.es\/boletin\/wp-json\/wp\/v2\/media?parent=4319"}],"curies":[{"name":"wp","href":"https:\/\/api.w.org\/{rel}","templated":true}]}}