{"id":4279,"date":"2018-07-10T14:41:59","date_gmt":"2018-07-10T13:41:59","guid":{"rendered":"https:\/\/www.sigre.es\/boletin\/?page_id=4279"},"modified":"2018-07-11T15:39:33","modified_gmt":"2018-07-11T14:39:33","slug":"actualidad-2-2","status":"publish","type":"page","link":"https:\/\/www.sigre.es\/boletin\/sigre-informa-64\/actualidad-2-2\/","title":{"rendered":"ACTUALIDAD"},"content":{"rendered":"<div id=\"fb-root\"><\/div>\n<p>La Red Iberoamericana de Programas Posconsumo de Medicamentos (RIPPM) ha participado con una ponencia en el XII Encuentro de la Red de Autoridades en Medicamentos de Iberoam\u00e9rica (EAMI).<\/p>\n<p>Este foro, celebrado entre el 27 y el 29 de junio en Lisboa (Portugal), ha reunido a las principales autoridades del medicamento de los pa\u00edses iberoamericanos, entre ellas, la Agencia Espa\u00f1ola de Medicamentos y Productos Sanitarios (AEMPS), y en esta ocasi\u00f3n han abordado temas de m\u00e1xima actualidad como la lucha contra las resistencias bacterianas y contra los medicamentos falsificados, la regulaci\u00f3n de los ensayos cl\u00ednicos o las \u00faltimas novedades en farmacovigilancia.<\/p>\n<p>Por su parte, Juan Carlos Mampaso, Director General de SIGRE y Presidente de la RIPPM, present\u00f3 en una sesi\u00f3n abierta a la industria farmac\u00e9utica los objetivos que persigue esta red, as\u00ed como las principales actuaciones que se est\u00e1n llevando a cabo para promover la puesta en marcha de programas que permitan recoger y gestionar adecuadamente los residuos de medicamentos, caducados o no utilizados, para evitar falsificaciones o usos il\u00edcitos y para cuidar del medio ambiente y de la salud de las personas.<\/p>\n<p style=\"text-align: center;\"><a href=\"https:\/\/www.sigre.es\/boletin\/wp-content\/uploads\/2018\/07\/Red_EAMI_interior_2.jpg\"><img loading=\"lazy\" decoding=\"async\" class=\"aligncenter wp-image-4282\" src=\"https:\/\/www.sigre.es\/boletin\/wp-content\/uploads\/2018\/07\/Red_EAMI_interior_2.jpg\" alt=\"Red_EAMI_interior_2\" width=\"400\" height=\"194\" srcset=\"https:\/\/www.sigre.es\/boletin\/wp-content\/uploads\/2018\/07\/Red_EAMI_interior_2.jpg 700w, https:\/\/www.sigre.es\/boletin\/wp-content\/uploads\/2018\/07\/Red_EAMI_interior_2-300x146.jpg 300w\" sizes=\"auto, (max-width: 400px) 100vw, 400px\" \/><\/a><\/p>\n<p style=\"text-align: center;\"><span style=\"color: #808080; font-size: 12px;\">Imagen general del XII Encuentro de la Red EAMI en Lisboa<\/span><\/p>\n<p style=\"text-align: center;\"><a href=\"https:\/\/www.sigre.es\/boletin\/wp-content\/uploads\/2018\/07\/Red_EAMI_RIPPM_3.jpg\"><img loading=\"lazy\" decoding=\"async\" class=\"aligncenter wp-image-4283\" src=\"https:\/\/www.sigre.es\/boletin\/wp-content\/uploads\/2018\/07\/Red_EAMI_RIPPM_3.jpg\" alt=\"Red_EAMI_RIPPM_3\" width=\"400\" height=\"300\" srcset=\"https:\/\/www.sigre.es\/boletin\/wp-content\/uploads\/2018\/07\/Red_EAMI_RIPPM_3.jpg 700w, https:\/\/www.sigre.es\/boletin\/wp-content\/uploads\/2018\/07\/Red_EAMI_RIPPM_3-300x225.jpg 300w\" sizes=\"auto, (max-width: 400px) 100vw, 400px\" \/><\/a><\/p>\n<p style=\"text-align: center;\"><span style=\"color: #808080; font-size: 12px;\">Juan Carlos Mampaso, Director General de SIGRE y Presidente de la RIPPM, durante su intervenci\u00f3n<\/span><\/p>\n","protected":false},"excerpt":{"rendered":"<p>La Red Iberoamericana de Programas Posconsumo de Medicamentos (RIPPM) ha participado con una ponencia en el XII Encuentro de la Red de Autoridades en Medicamentos de Iberoam\u00e9rica (EAMI). Este foro, celebrado entre el 27 y el 29 de junio en Lisboa (Portugal), ha reunido a las principales autoridades del medicamento de los pa\u00edses iberoamericanos, entre [&hellip;]<\/p>\n","protected":false},"author":7,"featured_media":0,"parent":4235,"menu_order":274,"comment_status":"closed","ping_status":"closed","template":"sigre-entrevista.php","meta":{"footnotes":""},"class_list":["post-4279","page","type-page","status-publish","hentry"],"_links":{"self":[{"href":"https:\/\/www.sigre.es\/boletin\/wp-json\/wp\/v2\/pages\/4279","targetHints":{"allow":["GET"]}}],"collection":[{"href":"https:\/\/www.sigre.es\/boletin\/wp-json\/wp\/v2\/pages"}],"about":[{"href":"https:\/\/www.sigre.es\/boletin\/wp-json\/wp\/v2\/types\/page"}],"author":[{"embeddable":true,"href":"https:\/\/www.sigre.es\/boletin\/wp-json\/wp\/v2\/users\/7"}],"replies":[{"embeddable":true,"href":"https:\/\/www.sigre.es\/boletin\/wp-json\/wp\/v2\/comments?post=4279"}],"version-history":[{"count":0,"href":"https:\/\/www.sigre.es\/boletin\/wp-json\/wp\/v2\/pages\/4279\/revisions"}],"up":[{"embeddable":true,"href":"https:\/\/www.sigre.es\/boletin\/wp-json\/wp\/v2\/pages\/4235"}],"wp:attachment":[{"href":"https:\/\/www.sigre.es\/boletin\/wp-json\/wp\/v2\/media?parent=4279"}],"curies":[{"name":"wp","href":"https:\/\/api.w.org\/{rel}","templated":true}]}}