{"id":4252,"date":"2018-07-10T12:19:41","date_gmt":"2018-07-10T11:19:41","guid":{"rendered":"https:\/\/www.sigre.es\/boletin\/?page_id=4252"},"modified":"2018-07-11T14:47:30","modified_gmt":"2018-07-11T13:47:30","slug":"editorial","status":"publish","type":"page","link":"https:\/\/www.sigre.es\/boletin\/sigre-informa-64\/editorial\/","title":{"rendered":"EDITORIAL"},"content":{"rendered":"<div id=\"fb-root\"><\/div>\n<p>El valor de la colaboraci\u00f3n, adem\u00e1s de ser absolutamente imprescindible para desarrollar nuevos medicamentos y tratamientos innovadores, es tambi\u00e9n fundamental para divulgar y promover buenas pr\u00e1cticas, consolidar el conocimiento y fomentar modelos de trabajo sostenibles que redunden en un mayor beneficio para el conjunto de la sociedad.<\/p>\n<p>En este marco de cooperaci\u00f3n y colaboraci\u00f3n, surgi\u00f3 la Red Iberoamericana de Programas Posconsumo de Medicamentos cuyo principal objetivo es el intercambio de experiencias en la gesti\u00f3n ambiental de los envases y residuos de medicamentos de origen domiciliario, para dar una respuesta com\u00fan, eficaz y homog\u00e9nea en todos los pa\u00edses iberoamericanos al reciclado de estos residuos.<\/p>\n<p>La ponencia que la Red Iberoamericana de Programas Posconsumo de Medicamentos ha presentado en el XII Encuentro de la Red de Autoridades de Medicamentos de Iberoam\u00e9rica (Red EAMI), celebrado en Lisboa a finales del mes de junio, ha puesto en valor esta colaboraci\u00f3n entre la industria farmac\u00e9utica de diferentes pa\u00edses, as\u00ed como las ventajas del modelo espa\u00f1ol, basado en la corresponsabilidad de todos los agentes del sector farmac\u00e9utico entorno a SIGRE.<\/p>\n<p>Esperamos que el apoyo recibido de las autoridades sanitarias y del medicamento de Iberoam\u00e9rica, en este Encuentro internacional, sirva de impulso para la puesta en marcha de nuevos Programas Posconsumo, en aquellos pa\u00edses en los que a\u00fan no est\u00e1n implantados, para cuidar del medio ambiente y de la salud p\u00fablica.<\/p>\n","protected":false},"excerpt":{"rendered":"<p>El valor de la colaboraci\u00f3n, adem\u00e1s de ser absolutamente imprescindible para desarrollar nuevos medicamentos y tratamientos innovadores, es tambi\u00e9n fundamental para divulgar y promover buenas pr\u00e1cticas, consolidar el conocimiento y fomentar modelos de trabajo sostenibles que redunden en un mayor beneficio para el conjunto de la sociedad. En este marco de cooperaci\u00f3n y colaboraci\u00f3n, surgi\u00f3 [&hellip;]<\/p>\n","protected":false},"author":7,"featured_media":0,"parent":4235,"menu_order":271,"comment_status":"closed","ping_status":"closed","template":"articulo1.php","meta":{"footnotes":""},"class_list":["post-4252","page","type-page","status-publish","hentry"],"_links":{"self":[{"href":"https:\/\/www.sigre.es\/boletin\/wp-json\/wp\/v2\/pages\/4252","targetHints":{"allow":["GET"]}}],"collection":[{"href":"https:\/\/www.sigre.es\/boletin\/wp-json\/wp\/v2\/pages"}],"about":[{"href":"https:\/\/www.sigre.es\/boletin\/wp-json\/wp\/v2\/types\/page"}],"author":[{"embeddable":true,"href":"https:\/\/www.sigre.es\/boletin\/wp-json\/wp\/v2\/users\/7"}],"replies":[{"embeddable":true,"href":"https:\/\/www.sigre.es\/boletin\/wp-json\/wp\/v2\/comments?post=4252"}],"version-history":[{"count":0,"href":"https:\/\/www.sigre.es\/boletin\/wp-json\/wp\/v2\/pages\/4252\/revisions"}],"up":[{"embeddable":true,"href":"https:\/\/www.sigre.es\/boletin\/wp-json\/wp\/v2\/pages\/4235"}],"wp:attachment":[{"href":"https:\/\/www.sigre.es\/boletin\/wp-json\/wp\/v2\/media?parent=4252"}],"curies":[{"name":"wp","href":"https:\/\/api.w.org\/{rel}","templated":true}]}}