{"id":4146,"date":"2018-03-27T17:21:46","date_gmt":"2018-03-27T16:21:46","guid":{"rendered":"https:\/\/www.sigre.es\/boletin\/?page_id=4146"},"modified":"2018-04-09T08:19:01","modified_gmt":"2018-04-09T07:19:01","slug":"actualidad-3","status":"publish","type":"page","link":"https:\/\/www.sigre.es\/boletin\/sigre-informa-63\/actualidad-3\/","title":{"rendered":"ACTUALIDAD"},"content":{"rendered":"<div id=\"fb-root\"><\/div>\n<p class=\"p1\"><span class=\"s1\">M\u00e1s de 200 centros de salud de Espa\u00f1a participan en la campa\u00f1a \u201cDale un respiro al planeta\u201d lanzada por SEPAR y SIGRE para concienciar a los pacientes y sus familiares de la necesidad de colaborar en el correcto reciclaje de los inhaladores a trav\u00e9s del Punto SIGRE de la farmacia.<\/span><\/p>\n<p class=\"p1\"><span class=\"s1\">Este tipo de dispositivos, adem\u00e1s de contener pl\u00e1stico, cart\u00f3n y aluminio que deben ser reciclados, tambi\u00e9n pueden contener gas y restos de medicaci\u00f3n que requieren de un tratamiento espec\u00edfico para no da\u00f1ar el medio ambiente y contribuir a frenar el cambio clim\u00e1tico.<\/span><\/p>\n<p class=\"p1\"><span class=\"s1\">Los inhaladores son utilizados para tratar enfermedades respiratorias tan prevalentes como el asma y la EPOC, patolog\u00edas que afectan a 3,1 y 2,9 millones de personas en Espa\u00f1a, respectivamente. <\/span><\/p>\n<p class=\"p1\"><span class=\"s1\">La campa\u00f1a busca la complicidad de los profesionales de la salud para que, al mismo tiempo que ense\u00f1an a sus pacientes a usar correctamente el inhalador, les expliquen que una vez vac\u00edo o cuando ya no necesiten utilizarlo, debe ser depositado en el Punto SIGRE de las farmacias. <\/span><\/p>\n<p class=\"p1\"><span class=\"s1\">Adem\u00e1s de los centros de salud, en la campa\u00f1a tambi\u00e9n participan hospitales y consultas privadas de Neumolog\u00eda.<\/span><\/p>\n<p><iframe loading=\"lazy\" title=\"&#039;Dale un respiro al planeta&#039;. Campa\u00f1a SEPAR - SIGRE.\" width=\"500\" height=\"281\" src=\"https:\/\/www.youtube.com\/embed\/5hoq7BCSdCs?feature=oembed\" frameborder=\"0\" allow=\"accelerometer; autoplay; clipboard-write; encrypted-media; gyroscope; picture-in-picture; web-share\" referrerpolicy=\"strict-origin-when-cross-origin\" allowfullscreen><\/iframe><\/p>\n","protected":false},"excerpt":{"rendered":"<p>M\u00e1s de 200 centros de salud de Espa\u00f1a participan en la campa\u00f1a \u201cDale un respiro al planeta\u201d lanzada por SEPAR y SIGRE para concienciar a los pacientes y sus familiares de la necesidad de colaborar en el correcto reciclaje de los inhaladores a trav\u00e9s del Punto SIGRE de la farmacia. Este tipo de dispositivos, adem\u00e1s [&hellip;]<\/p>\n","protected":false},"author":7,"featured_media":0,"parent":4099,"menu_order":274,"comment_status":"closed","ping_status":"closed","template":"sigre-entrevista.php","meta":{"footnotes":""},"class_list":["post-4146","page","type-page","status-publish","hentry"],"_links":{"self":[{"href":"https:\/\/www.sigre.es\/boletin\/wp-json\/wp\/v2\/pages\/4146","targetHints":{"allow":["GET"]}}],"collection":[{"href":"https:\/\/www.sigre.es\/boletin\/wp-json\/wp\/v2\/pages"}],"about":[{"href":"https:\/\/www.sigre.es\/boletin\/wp-json\/wp\/v2\/types\/page"}],"author":[{"embeddable":true,"href":"https:\/\/www.sigre.es\/boletin\/wp-json\/wp\/v2\/users\/7"}],"replies":[{"embeddable":true,"href":"https:\/\/www.sigre.es\/boletin\/wp-json\/wp\/v2\/comments?post=4146"}],"version-history":[{"count":0,"href":"https:\/\/www.sigre.es\/boletin\/wp-json\/wp\/v2\/pages\/4146\/revisions"}],"up":[{"embeddable":true,"href":"https:\/\/www.sigre.es\/boletin\/wp-json\/wp\/v2\/pages\/4099"}],"wp:attachment":[{"href":"https:\/\/www.sigre.es\/boletin\/wp-json\/wp\/v2\/media?parent=4146"}],"curies":[{"name":"wp","href":"https:\/\/api.w.org\/{rel}","templated":true}]}}