{"id":3715,"date":"2017-06-26T12:06:16","date_gmt":"2017-06-26T11:06:16","guid":{"rendered":"https:\/\/www.sigre.es\/boletin\/?page_id=3715"},"modified":"2017-10-04T10:29:20","modified_gmt":"2017-10-04T09:29:20","slug":"sigre-en-los-medios","status":"publish","type":"page","link":"https:\/\/www.sigre.es\/boletin\/sigre-informa-60\/sigre-en-los-medios\/","title":{"rendered":"SIGRE EN LOS MEDIOS"},"content":{"rendered":"<div id=\"fb-root\"><\/div>\n<p class=\"p1\"><span class=\"s1\">Una vez m\u00e1s, la actividad de SIGRE a lo largo del segundo trimestre del a\u00f1o ha tenido una amplia repercusi\u00f3n en los medios de comunicaci\u00f3n. <\/span><\/p>\n<p class=\"p1\"><span class=\"s1\"> Menci\u00f3n especial debe hacerse a la iniciativa de SIGRE de crear la primera p\u00e1gina web espec\u00edfica sobre <a href=\"http:\/\/www.sigre-ecodiseno.es\/\" target=\"_blank\">ecodise\u00f1o<\/a> en envases farmac\u00e9uticos, que ha dado pie a amplios reportajes y entrevistas en diversos medios de comunicaci\u00f3n tanto del sector farmac\u00e9utico como de otros m\u00e1s especializados en el envase y embalaje.<\/span><\/p>\n<p class=\"p1\" style=\"text-align: center;\"><img loading=\"lazy\" decoding=\"async\" class=\"alignright size-full wp-image-3912\" src=\"https:\/\/www.sigre.es\/boletin\/wp-content\/uploads\/2017\/06\/prensa_60-1.jpg\" alt=\"prensa_60\" width=\"1200\" height=\"1878\" srcset=\"https:\/\/www.sigre.es\/boletin\/wp-content\/uploads\/2017\/06\/prensa_60-1.jpg 1200w, https:\/\/www.sigre.es\/boletin\/wp-content\/uploads\/2017\/06\/prensa_60-1-192x300.jpg 192w, https:\/\/www.sigre.es\/boletin\/wp-content\/uploads\/2017\/06\/prensa_60-1-768x1202.jpg 768w, https:\/\/www.sigre.es\/boletin\/wp-content\/uploads\/2017\/06\/prensa_60-1-654x1024.jpg 654w\" sizes=\"auto, (max-width: 1200px) 100vw, 1200px\" \/><\/p>\n<p class=\"p1\" style=\"text-align: center;\">\n","protected":false},"excerpt":{"rendered":"<p>Una vez m\u00e1s, la actividad de SIGRE a lo largo del segundo trimestre del a\u00f1o ha tenido una amplia repercusi\u00f3n en los medios de comunicaci\u00f3n. Menci\u00f3n especial debe hacerse a la iniciativa de SIGRE de crear la primera p\u00e1gina web espec\u00edfica sobre ecodise\u00f1o en envases farmac\u00e9uticos, que ha dado pie a amplios reportajes y entrevistas [&hellip;]<\/p>\n","protected":false},"author":7,"featured_media":0,"parent":3624,"menu_order":280,"comment_status":"closed","ping_status":"closed","template":"articulo1.php","meta":{"footnotes":""},"class_list":["post-3715","page","type-page","status-publish","hentry"],"_links":{"self":[{"href":"https:\/\/www.sigre.es\/boletin\/wp-json\/wp\/v2\/pages\/3715","targetHints":{"allow":["GET"]}}],"collection":[{"href":"https:\/\/www.sigre.es\/boletin\/wp-json\/wp\/v2\/pages"}],"about":[{"href":"https:\/\/www.sigre.es\/boletin\/wp-json\/wp\/v2\/types\/page"}],"author":[{"embeddable":true,"href":"https:\/\/www.sigre.es\/boletin\/wp-json\/wp\/v2\/users\/7"}],"replies":[{"embeddable":true,"href":"https:\/\/www.sigre.es\/boletin\/wp-json\/wp\/v2\/comments?post=3715"}],"version-history":[{"count":0,"href":"https:\/\/www.sigre.es\/boletin\/wp-json\/wp\/v2\/pages\/3715\/revisions"}],"up":[{"embeddable":true,"href":"https:\/\/www.sigre.es\/boletin\/wp-json\/wp\/v2\/pages\/3624"}],"wp:attachment":[{"href":"https:\/\/www.sigre.es\/boletin\/wp-json\/wp\/v2\/media?parent=3715"}],"curies":[{"name":"wp","href":"https:\/\/api.w.org\/{rel}","templated":true}]}}