{"id":3688,"date":"2017-06-26T10:57:29","date_gmt":"2017-06-26T09:57:29","guid":{"rendered":"https:\/\/www.sigre.es\/boletin\/?page_id=3688"},"modified":"2017-06-27T11:59:38","modified_gmt":"2017-06-27T10:59:38","slug":"foros-y-congresos","status":"publish","type":"page","link":"https:\/\/www.sigre.es\/boletin\/sigre-informa-60\/foros-y-congresos\/","title":{"rendered":"FOROS Y CONGRESOS"},"content":{"rendered":"<div id=\"fb-root\"><\/div>\n<p class=\"p1\"><span class=\"s1\">Durante estos \u00faltimos meses, SIGRE ha participado activamente en foros medioambientales y sanitarios relevantes con una doble finalidad: por una parte, dar a conocer su desempe\u00f1o en diferentes \u00e1mbitos y, por otra, poner en valor la contribuci\u00f3n de todo el sector farmac\u00e9utico a una sociedad m\u00e1s sostenible.<\/span><\/p>\n<p class=\"p1\" style=\"text-align: center;\"><a href=\"https:\/\/www.sigre.es\/boletin\/wp-content\/uploads\/2017\/06\/FC_interior_1_60.jpg\"><img loading=\"lazy\" decoding=\"async\" class=\"aligncenter wp-image-3695\" src=\"https:\/\/www.sigre.es\/boletin\/wp-content\/uploads\/2017\/06\/FC_interior_1_60.jpg\" alt=\"FC_interior_1_60\" width=\"600\" height=\"209\" srcset=\"https:\/\/www.sigre.es\/boletin\/wp-content\/uploads\/2017\/06\/FC_interior_1_60.jpg 1024w, https:\/\/www.sigre.es\/boletin\/wp-content\/uploads\/2017\/06\/FC_interior_1_60-300x105.jpg 300w, https:\/\/www.sigre.es\/boletin\/wp-content\/uploads\/2017\/06\/FC_interior_1_60-768x268.jpg 768w\" sizes=\"auto, (max-width: 600px) 100vw, 600px\" \/><\/a><\/p>\n<p class=\"p1\"><span class=\"s1\">Entre estos eventos, cabe destacar la colaboraci\u00f3n de SIGRE con la <b>Asociaci\u00f3n Espa\u00f1ola de Farmac\u00e9uticos de la Industria (AEFI)<\/b> para que su 37\u00b0 Symposium fuese m\u00e1s sostenible, mediante la compensaci\u00f3n de las emisiones de CO<sub>2<\/sub> realizadas con motivo de la celebraci\u00f3n del mismo.<\/span><\/p>\n<p class=\"p1\"><span class=\"s1\">La 13\u00aa Asamblea General ordinaria de la <b>Red Espa\u00f1ola del Pacto Mundial<\/b> cont\u00f3 con la presencia de Juan Carlos Mampaso, Director General de SIGRE, que en su calidad de Tesorero de su Comit\u00e9 Ejecutivo expuso las cuentas anuales de la asociaci\u00f3n. Igualmente particip\u00f3 como Vicepresidente en la Asamblea del <b>Club Espa\u00f1ol del Medio Ambiente<\/b>. <\/span><\/p>\n<p class=\"p1\"><span class=\"s1\">En el marco del<b> X Congreso Farmac\u00e9utico de Castilla y Le\u00f3n<\/b>, SIGRE destac\u00f3 como su sistema de recogida a trav\u00e9s de log\u00edstica inversa evita riesgos sanitarios y de salud p\u00fablica al estar los residuos de medicamentos y sus envases siempre bajo la vigilancia de profesionales sanitarios.<\/span><\/p>\n<p class=\"p1\"><span class=\"s1\">Adem\u00e1s, SIGRE tambi\u00e9n ofreci\u00f3 una ponencia en el <a href=\"https:\/\/www.sigre.es\/boletin\/sigre-informa-60\/actualidad-2\/\" target=\"_blank\"><b>50\u00ba Congreso de la Sociedad Espa\u00f1ola de Neumolog\u00eda y Cirug\u00eda Tor\u00e1cica (SEPAR)<\/b><\/a><\/span><span class=\"s1\">\u00a0e imparti\u00f3 m\u00f3dulos formativos en la <b>Universidad Miguel Hern\u00e1ndez de Alicante<\/b> y en el <b>M\u00e1ster en Tecnolog\u00edas de Envases y Embalajes de la Fundaci\u00f3n ITENE<\/b>.<\/span><\/p>\n<p class=\"p1\"><span class=\"s1\">En relaci\u00f3n con el \u00e1mbito legislativo en el cual SIGRE desarrolla su actividad, se asisti\u00f3 a la <b>Comisi\u00f3n de Medio Ambiente de la CEOE <\/b>y al<b> <\/b>Taller de Trabajo de<b> PACKNET<\/b> referente a la Gu\u00eda de Clasificaci\u00f3n de Residuos. <\/span><\/p>\n<p class=\"p1\"><span class=\"s1\">Por \u00faltimo, contando con una ponencia, se particip\u00f3 en el <b>coloquio \u2018La Responsabilidad ampliada del productor: Nuevos retos y obligaciones\u2019<\/b> \u2013organizado por el ilustre Colegio de Abogados de Madrid- que cont\u00f3 adem\u00e1s con la participaci\u00f3n tanto del Ministerio de Agricultura y Pesca, Alimentaci\u00f3n y Medio Ambiente como de los principales Sistemas Integrados de Gesti\u00f3n de Residuos.<\/span><\/p>\n<p class=\"p1\" style=\"text-align: center;\">\n","protected":false},"excerpt":{"rendered":"<p>Durante estos \u00faltimos meses, SIGRE ha participado activamente en foros medioambientales y sanitarios relevantes con una doble finalidad: por una parte, dar a conocer su desempe\u00f1o en diferentes \u00e1mbitos y, por otra, poner en valor la contribuci\u00f3n de todo el sector farmac\u00e9utico a una sociedad m\u00e1s sostenible. Entre estos eventos, cabe destacar la colaboraci\u00f3n de [&hellip;]<\/p>\n","protected":false},"author":7,"featured_media":0,"parent":3624,"menu_order":278,"comment_status":"closed","ping_status":"closed","template":"sigre-entrevista.php","meta":{"footnotes":""},"class_list":["post-3688","page","type-page","status-publish","hentry"],"_links":{"self":[{"href":"https:\/\/www.sigre.es\/boletin\/wp-json\/wp\/v2\/pages\/3688","targetHints":{"allow":["GET"]}}],"collection":[{"href":"https:\/\/www.sigre.es\/boletin\/wp-json\/wp\/v2\/pages"}],"about":[{"href":"https:\/\/www.sigre.es\/boletin\/wp-json\/wp\/v2\/types\/page"}],"author":[{"embeddable":true,"href":"https:\/\/www.sigre.es\/boletin\/wp-json\/wp\/v2\/users\/7"}],"replies":[{"embeddable":true,"href":"https:\/\/www.sigre.es\/boletin\/wp-json\/wp\/v2\/comments?post=3688"}],"version-history":[{"count":0,"href":"https:\/\/www.sigre.es\/boletin\/wp-json\/wp\/v2\/pages\/3688\/revisions"}],"up":[{"embeddable":true,"href":"https:\/\/www.sigre.es\/boletin\/wp-json\/wp\/v2\/pages\/3624"}],"wp:attachment":[{"href":"https:\/\/www.sigre.es\/boletin\/wp-json\/wp\/v2\/media?parent=3688"}],"curies":[{"name":"wp","href":"https:\/\/api.w.org\/{rel}","templated":true}]}}

<div id="fb-root"></div>
<p class="p1"><span class="s1">Durante estos últimos meses, SIGRE ha participado activamente en foros medioambientales y sanitarios relevantes con una doble finalidad: por una parte, dar a conocer su desempeño en diferentes ámbitos y, por otra, poner en valor la contribución de todo el sector farmacéutico a una sociedad más sostenible.</span></p>
<p class="p1" style="text-align: center;"><a href="https://www.sigre.es/boletin/wp-content/uploads/2017/06/FC_interior_1_60.jpg"><img loading="lazy" decoding="async" class="aligncenter wp-image-3695" src="https://www.sigre.es/boletin/wp-content/uploads/2017/06/FC_interior_1_60.jpg" alt="FC_interior_1_60" width="600" height="209" srcset="https://www.sigre.es/boletin/wp-content/uploads/2017/06/FC_interior_1_60.jpg 1024w, https://www.sigre.es/boletin/wp-content/uploads/2017/06/FC_interior_1_60-300x105.jpg 300w, https://www.sigre.es/boletin/wp-content/uploads/2017/06/FC_interior_1_60-768x268.jpg 768w" sizes="auto, (max-width: 600px) 100vw, 600px" /></a></p>
<p class="p1"><span class="s1">Entre estos eventos, cabe destacar la colaboración de SIGRE con la <b>Asociación Española de Farmacéuticos de la Industria (AEFI)</b> para que su 37° Symposium fuese más sostenible, mediante la compensación de las emisiones de CO<sub>2</sub> realizadas con motivo de la celebración del mismo.</span></p>
<p class="p1"><span class="s1">La 13ª Asamblea General ordinaria de la <b>Red Española del Pacto Mundial</b> contó con la presencia de Juan Carlos Mampaso, Director General de SIGRE, que en su calidad de Tesorero de su Comité Ejecutivo expuso las cuentas anuales de la asociación. Igualmente participó como Vicepresidente en la Asamblea del <b>Club Español del Medio Ambiente</b>. </span></p>
<p class="p1"><span class="s1">En el marco del<b> X Congreso Farmacéutico de Castilla y León</b>, SIGRE destacó como su sistema de recogida a través de logística inversa evita riesgos sanitarios y de salud pública al estar los residuos de medicamentos y sus envases siempre bajo la vigilancia de profesionales sanitarios.</span></p>
<p class="p1"><span class="s1">Además, SIGRE también ofreció una ponencia en el <a href="https://www.sigre.es/boletin/sigre-informa-60/actualidad-2/" target="_blank"><b>50º Congreso de la Sociedad Española de Neumología y Cirugía Torácica (SEPAR)</b></a></span><span class="s1"> e impartió módulos formativos en la <b>Universidad Miguel Hernández de Alicante</b> y en el <b>Máster en Tecnologías de Envases y Embalajes de la Fundación ITENE</b>.</span></p>
<p class="p1"><span class="s1">En relación con el ámbito legislativo en el cual SIGRE desarrolla su actividad, se asistió a la <b>Comisión de Medio Ambiente de la CEOE </b>y al<b> </b>Taller de Trabajo de<b> PACKNET</b> referente a la Guía de Clasificación de Residuos. </span></p>
<p class="p1"><span class="s1">Por último, contando con una ponencia, se participó en el <b>coloquio ‘La Responsabilidad ampliada del productor: Nuevos retos y obligaciones’</b> –organizado por el ilustre Colegio de Abogados de Madrid- que contó además con la participación tanto del Ministerio de Agricultura y Pesca, Alimentación y Medio Ambiente como de los principales Sistemas Integrados de Gestión de Residuos.</span></p>
<p class="p1" style="text-align: center;">

<p>Durante estos últimos meses, SIGRE ha participado activamente en foros medioambientales y sanitarios relevantes con una doble finalidad: por una parte, dar a conocer su desempeño en diferentes ámbitos y, por otra, poner en valor la contribución de todo el sector farmacéutico a una sociedad más sostenible. Entre estos eventos, cabe destacar la colaboración de [&hellip;]</p>
