{"id":3674,"date":"2017-06-26T10:19:21","date_gmt":"2017-06-26T09:19:21","guid":{"rendered":"https:\/\/www.sigre.es\/boletin\/?page_id=3674"},"modified":"2017-06-27T11:54:11","modified_gmt":"2017-06-27T10:54:11","slug":"red-iberoamericana","status":"publish","type":"page","link":"https:\/\/www.sigre.es\/boletin\/sigre-informa-60\/red-iberoamericana\/","title":{"rendered":"RED IBEROAMERICANA"},"content":{"rendered":"<div id=\"fb-root\"><\/div>\n<p class=\"p1\"><span class=\"s1\">La <a href=\"http:\/\/www.redippm.org\/\" target=\"_blank\"><span class=\"s2\">Red Iberoamericana de Programas Posconsumo de Medicamentos (RIPPM)<\/span><\/a> ha participado en los <a href=\"http:\/\/www.premioslatinoamericaverde.com\/\" target=\"_blank\"><span class=\"s2\">Premios Latinoam\u00e9rica Verde<\/span><\/a> 2017, cuyo objetivo es reconocer p\u00fablicamente los mejores proyectos sociales y ambientales que se llevan a cabo en esta regi\u00f3n y que mayor contribuci\u00f3n aportan a los Objetivos de Desarrollo Sostenible (ODS) de Naciones Unidas.<\/span><\/p>\n<p class=\"p1\"><span class=\"s1\">A las 10 categor\u00edas convocadas en esta cuarta edici\u00f3n de los premios, se han presentado 2.409 proyectos, procedentes de 679 ciudades, de 36 pa\u00edses.<\/span><\/p>\n<p class=\"p1\"><span class=\"s1\">La Red Iberoamericana present\u00f3 su proyecto de \u201cApoyo a la creaci\u00f3n y desarrollo de Programas Posconsumo de Medicamentos en Iberoam\u00e9rica\u201d, a la categor\u00eda de \u201cManejo de residuos s\u00f3lidos\u201d.<\/span><\/p>\n<p class=\"p1\"><span class=\"s1\">La Comisi\u00f3n T\u00e9cnica, formada por 132 expertos y profesionales de 22 pa\u00edses, ha evaluado todos los proyectos y ha elegido el presentado por la Red Iberoamericana entre los 50 mejores. En concreto, ha ocupado la posici\u00f3n 34\u00aa de la clasificaci\u00f3n general y la 5\u00aa en su categor\u00eda.<\/span><\/p>\n<p class=\"p1\"><span class=\"s1\">Estas posiciones dan idea de la magnitud, alcance e importancia que este proyecto tiene para la protecci\u00f3n del medio ambiente y el cuidado de la salud p\u00fablica en Am\u00e9rica Latina.<\/span><\/p>\n<p class=\"p1\" style=\"text-align: center;\"><a href=\"https:\/\/www.sigre.es\/boletin\/wp-content\/uploads\/2017\/06\/RI_interior2_60.jpg\"><img loading=\"lazy\" decoding=\"async\" class=\"aligncenter wp-image-3704\" src=\"https:\/\/www.sigre.es\/boletin\/wp-content\/uploads\/2017\/06\/RI_interior2_60.jpg\" alt=\"RI_interior2_60\" width=\"400\" height=\"216\" srcset=\"https:\/\/www.sigre.es\/boletin\/wp-content\/uploads\/2017\/06\/RI_interior2_60.jpg 1024w, https:\/\/www.sigre.es\/boletin\/wp-content\/uploads\/2017\/06\/RI_interior2_60-300x162.jpg 300w, https:\/\/www.sigre.es\/boletin\/wp-content\/uploads\/2017\/06\/RI_interior2_60-768x414.jpg 768w\" sizes=\"auto, (max-width: 400px) 100vw, 400px\" \/><\/a><\/p>\n","protected":false},"excerpt":{"rendered":"<p>La Red Iberoamericana de Programas Posconsumo de Medicamentos (RIPPM) ha participado en los Premios Latinoam\u00e9rica Verde 2017, cuyo objetivo es reconocer p\u00fablicamente los mejores proyectos sociales y ambientales que se llevan a cabo en esta regi\u00f3n y que mayor contribuci\u00f3n aportan a los Objetivos de Desarrollo Sostenible (ODS) de Naciones Unidas. A las 10 categor\u00edas [&hellip;]<\/p>\n","protected":false},"author":7,"featured_media":0,"parent":3624,"menu_order":276,"comment_status":"closed","ping_status":"closed","template":"sigre-entrevista.php","meta":{"footnotes":""},"class_list":["post-3674","page","type-page","status-publish","hentry"],"_links":{"self":[{"href":"https:\/\/www.sigre.es\/boletin\/wp-json\/wp\/v2\/pages\/3674","targetHints":{"allow":["GET"]}}],"collection":[{"href":"https:\/\/www.sigre.es\/boletin\/wp-json\/wp\/v2\/pages"}],"about":[{"href":"https:\/\/www.sigre.es\/boletin\/wp-json\/wp\/v2\/types\/page"}],"author":[{"embeddable":true,"href":"https:\/\/www.sigre.es\/boletin\/wp-json\/wp\/v2\/users\/7"}],"replies":[{"embeddable":true,"href":"https:\/\/www.sigre.es\/boletin\/wp-json\/wp\/v2\/comments?post=3674"}],"version-history":[{"count":0,"href":"https:\/\/www.sigre.es\/boletin\/wp-json\/wp\/v2\/pages\/3674\/revisions"}],"up":[{"embeddable":true,"href":"https:\/\/www.sigre.es\/boletin\/wp-json\/wp\/v2\/pages\/3624"}],"wp:attachment":[{"href":"https:\/\/www.sigre.es\/boletin\/wp-json\/wp\/v2\/media?parent=3674"}],"curies":[{"name":"wp","href":"https:\/\/api.w.org\/{rel}","templated":true}]}}