{"id":3665,"date":"2017-06-24T11:56:34","date_gmt":"2017-06-24T10:56:34","guid":{"rendered":"https:\/\/www.sigre.es\/boletin\/?page_id=3665"},"modified":"2017-06-27T11:52:32","modified_gmt":"2017-06-27T10:52:32","slug":"actualidad","status":"publish","type":"page","link":"https:\/\/www.sigre.es\/boletin\/sigre-informa-60\/actualidad\/","title":{"rendered":"ACTUALIDAD"},"content":{"rendered":"<div id=\"fb-root\"><\/div>\n<p class=\"p1\">\u201cConectar a las personas con la naturaleza\u201d fue el lema elegido por Naciones Unidas para conmemorar el D\u00eda Mundial del Medio Ambiente.<\/p>\n<p class=\"p1\"><span class=\"s1\">SIGRE se uni\u00f3 a esta celebraci\u00f3n participando activamente en los actos conmemorativos que acogi\u00f3 el municipio vallisoletano de Tudela de Duero, donde se ubica la Planta de Tratamiento de Envases y Residuos de Medicamentos.<\/span><\/p>\n<p class=\"p1\"><span class=\"s1\">Bajo el lema \u2018Yo tambi\u00e9n cuido del Medio Ambiente\u2019, autoridades, asociaciones y colectivos de vecinos y alumnos de Primaria de los centros escolares realizaron un acto simb\u00f3lico de plantaci\u00f3n de \u00e1rboles, descubrieron una placa y dieron lectura a un manifiesto a favor del cuidado del medio ambiente y de los recursos naturales.<\/span><\/p>\n<p class=\"p1\"><span class=\"s1\">Este d\u00eda tan intenso finaliz\u00f3 con el espect\u00e1culo interactivo \u2018La magia del reciclaje\u2019, donde los m\u00e1s peque\u00f1os aprendieron -e incluso nos ense\u00f1aron- a reciclar correctamente los residuos que todos generamos en nuestros hogares.<\/span><\/p>\n<p class=\"p1\" style=\"text-align: center;\"><a href=\"https:\/\/www.sigre.es\/boletin\/wp-content\/uploads\/2017\/06\/Collage-DMMA2017-Tudela_definitivo_2.jpg\"><img loading=\"lazy\" decoding=\"async\" class=\"aligncenter wp-image-3753 size-full\" src=\"https:\/\/www.sigre.es\/boletin\/wp-content\/uploads\/2017\/06\/Collage-DMMA2017-Tudela_definitivo_2.jpg\" alt=\"Collage-DMMA2017-Tudela_definitivo_2\" width=\"3981\" height=\"1673\" srcset=\"https:\/\/www.sigre.es\/boletin\/wp-content\/uploads\/2017\/06\/Collage-DMMA2017-Tudela_definitivo_2.jpg 3981w, https:\/\/www.sigre.es\/boletin\/wp-content\/uploads\/2017\/06\/Collage-DMMA2017-Tudela_definitivo_2-300x126.jpg 300w, https:\/\/www.sigre.es\/boletin\/wp-content\/uploads\/2017\/06\/Collage-DMMA2017-Tudela_definitivo_2-768x323.jpg 768w, https:\/\/www.sigre.es\/boletin\/wp-content\/uploads\/2017\/06\/Collage-DMMA2017-Tudela_definitivo_2-1024x430.jpg 1024w\" sizes=\"auto, (max-width: 3981px) 100vw, 3981px\" \/><\/a><\/p>\n","protected":false},"excerpt":{"rendered":"<p>\u201cConectar a las personas con la naturaleza\u201d fue el lema elegido por Naciones Unidas para conmemorar el D\u00eda Mundial del Medio Ambiente. SIGRE se uni\u00f3 a esta celebraci\u00f3n participando activamente en los actos conmemorativos que acogi\u00f3 el municipio vallisoletano de Tudela de Duero, donde se ubica la Planta de Tratamiento de Envases y Residuos de [&hellip;]<\/p>\n","protected":false},"author":7,"featured_media":0,"parent":3624,"menu_order":275,"comment_status":"closed","ping_status":"closed","template":"sigre-entrevista.php","meta":{"footnotes":""},"class_list":["post-3665","page","type-page","status-publish","hentry"],"_links":{"self":[{"href":"https:\/\/www.sigre.es\/boletin\/wp-json\/wp\/v2\/pages\/3665","targetHints":{"allow":["GET"]}}],"collection":[{"href":"https:\/\/www.sigre.es\/boletin\/wp-json\/wp\/v2\/pages"}],"about":[{"href":"https:\/\/www.sigre.es\/boletin\/wp-json\/wp\/v2\/types\/page"}],"author":[{"embeddable":true,"href":"https:\/\/www.sigre.es\/boletin\/wp-json\/wp\/v2\/users\/7"}],"replies":[{"embeddable":true,"href":"https:\/\/www.sigre.es\/boletin\/wp-json\/wp\/v2\/comments?post=3665"}],"version-history":[{"count":0,"href":"https:\/\/www.sigre.es\/boletin\/wp-json\/wp\/v2\/pages\/3665\/revisions"}],"up":[{"embeddable":true,"href":"https:\/\/www.sigre.es\/boletin\/wp-json\/wp\/v2\/pages\/3624"}],"wp:attachment":[{"href":"https:\/\/www.sigre.es\/boletin\/wp-json\/wp\/v2\/media?parent=3665"}],"curies":[{"name":"wp","href":"https:\/\/api.w.org\/{rel}","templated":true}]}}

<div id="fb-root"></div>
<p class="p1">“Conectar a las personas con la naturaleza” fue el lema elegido por Naciones Unidas para conmemorar el Día Mundial del Medio Ambiente.</p>
<p class="p1"><span class="s1">SIGRE se unió a esta celebración participando activamente en los actos conmemorativos que acogió el municipio vallisoletano de Tudela de Duero, donde se ubica la Planta de Tratamiento de Envases y Residuos de Medicamentos.</span></p>
<p class="p1"><span class="s1">Bajo el lema ‘Yo también cuido del Medio Ambiente’, autoridades, asociaciones y colectivos de vecinos y alumnos de Primaria de los centros escolares realizaron un acto simbólico de plantación de árboles, descubrieron una placa y dieron lectura a un manifiesto a favor del cuidado del medio ambiente y de los recursos naturales.</span></p>
<p class="p1"><span class="s1">Este día tan intenso finalizó con el espectáculo interactivo ‘La magia del reciclaje’, donde los más pequeños aprendieron -e incluso nos enseñaron- a reciclar correctamente los residuos que todos generamos en nuestros hogares.</span></p>
<p class="p1" style="text-align: center;"><a href="https://www.sigre.es/boletin/wp-content/uploads/2017/06/Collage-DMMA2017-Tudela_definitivo_2.jpg"><img loading="lazy" decoding="async" class="aligncenter wp-image-3753 size-full" src="https://www.sigre.es/boletin/wp-content/uploads/2017/06/Collage-DMMA2017-Tudela_definitivo_2.jpg" alt="Collage-DMMA2017-Tudela_definitivo_2" width="3981" height="1673" srcset="https://www.sigre.es/boletin/wp-content/uploads/2017/06/Collage-DMMA2017-Tudela_definitivo_2.jpg 3981w, https://www.sigre.es/boletin/wp-content/uploads/2017/06/Collage-DMMA2017-Tudela_definitivo_2-300x126.jpg 300w, https://www.sigre.es/boletin/wp-content/uploads/2017/06/Collage-DMMA2017-Tudela_definitivo_2-768x323.jpg 768w, https://www.sigre.es/boletin/wp-content/uploads/2017/06/Collage-DMMA2017-Tudela_definitivo_2-1024x430.jpg 1024w" sizes="auto, (max-width: 3981px) 100vw, 3981px" /></a></p>

<p>“Conectar a las personas con la naturaleza” fue el lema elegido por Naciones Unidas para conmemorar el Día Mundial del Medio Ambiente. SIGRE se unió a esta celebración participando activamente en los actos conmemorativos que acogió el municipio vallisoletano de Tudela de Duero, donde se ubica la Planta de Tratamiento de Envases y Residuos de [&hellip;]</p>
