{"id":3120,"date":"2016-11-22T17:30:51","date_gmt":"2016-11-22T16:30:51","guid":{"rendered":"https:\/\/www.sigre.es\/boletin\/?page_id=3120"},"modified":"2016-11-24T13:13:18","modified_gmt":"2016-11-24T12:13:18","slug":"premios-2","status":"publish","type":"page","link":"https:\/\/www.sigre.es\/boletin\/sigre-informa-especial-15-aniversario\/premios-2\/","title":{"rendered":"PREMIOS"},"content":{"rendered":"<div id=\"fb-root\"><\/div>\n<p class=\"p1\"><span class=\"s1\">En el acto conmemorativo del 15\u00ba aniversario de SIGRE tambi\u00e9n se han entregado los Premios de Periodismo \u201cPor la Salud de la Naturaleza\u201d.<\/span><\/p>\n<p class=\"p1\"><span class=\"s1\">Con estos premios, SIGRE quiere destacar la labor de informaci\u00f3n y formaci\u00f3n que los medios y los profesionales de la comunicaci\u00f3n desarrollan para concienciar a la opini\u00f3n p\u00fablica de la importancia que tiene cuidar del medio ambiente y c\u00f3mo, a trav\u00e9s del reciclado, podemos, entre todos, contribuir a ello.<\/span><\/p>\n<p class=\"p1\"><span class=\"s1\">El jurado encargado de fallar estos premios de periodismo ha sido el mismo que valor\u00f3 las iniciativas presentadas a los II Premios de SIGRE \u201cMedicamento y Medio Ambiente\u201d. <\/span><\/p>\n<p class=\"p1\"><span class=\"s1\">Esta segunda edici\u00f3n de los premios de periodismo contaba con cinco categor\u00edas, para premiar los mejores trabajos publicados o emitidos en medios impresos, digitales, blogs, radio y televisi\u00f3n. <\/span><\/p>\n<p class=\"p1\"><span class=\"s1\">Estos han sido los ganadores en cada una de las categor\u00edas:<\/span><\/p>\n<p class=\"p1\"><span class=\"s1\"><b>Medios impresos<\/b><\/span><\/p>\n<p class=\"p1\"><span class=\"s1\">La ganadora ha sido <b>Ana Rosa Garc\u00eda<\/b>, por su art\u00edculo titulado \u201cToca limpieza de botiqu\u00edn\u201d, publicado en el <b>Diario Monta\u00f1\u00e9s<\/b>.<\/span><\/p>\n<p class=\"p3\" style=\"text-align: center;\"><a href=\"https:\/\/www.sigre.es\/boletin\/wp-content\/uploads\/2016\/11\/premios11.jpg\"><img loading=\"lazy\" decoding=\"async\" class=\"alignnone wp-image-3123\" src=\"https:\/\/www.sigre.es\/boletin\/wp-content\/uploads\/2016\/11\/premios11.jpg\" alt=\"15\u00ba Aniversario de los Puntos SIGRE. Ministerio de Medio Ambiente. Foto: D. Sinova\" width=\"400\" height=\"279\" srcset=\"https:\/\/www.sigre.es\/boletin\/wp-content\/uploads\/2016\/11\/premios11.jpg 650w, https:\/\/www.sigre.es\/boletin\/wp-content\/uploads\/2016\/11\/premios11-300x209.jpg 300w\" sizes=\"auto, (max-width: 400px) 100vw, 400px\" \/><\/a><\/p>\n<p class=\"p3\" style=\"text-align: center;\"><span class=\"s1\" style=\"color: #808080; font-size: 12px;\">Pie de foto: Ana Rosa Garc\u00eda, a la derecha, posando con Eladio Gonz\u00e1lez Mi\u00f1or, Presidente de FEDIFAR y Vicepresidente de SIGRE<\/span><\/p>\n<p class=\"p1\"><span class=\"s1\">En esta categor\u00eda, han sido finalistas: Teresa Morales Garc\u00eda, por sus trabajos publicados en la revista Buena Vida, de El Pa\u00eds, y Llu\u00eds Amengual, por sus art\u00edculos sobre reciclaje publicados en el Diario de Mallorca.<\/span><\/p>\n<p class=\"p1\"><span class=\"s1\"><b>Medios digitales<\/b><\/span><\/p>\n<p class=\"p1\"><span class=\"s1\">La candidatura ganadora en la categor\u00eda de medios digitales ha sido la presentada por <b>Victoria<span class=\"Apple-converted-space\">\u00a0 <\/span>Gonz\u00e1lez Rodr\u00edguez<\/b>, por su art\u00edculo titulado \u201c\u00bfHay medicamentos en el agua del mar?\u201d, publicado en la versi\u00f3n digital de la revista <b>Muy Interesante<\/b>. <\/span><\/p>\n<p class=\"p3\" style=\"text-align: center;\"><a href=\"https:\/\/www.sigre.es\/boletin\/wp-content\/uploads\/2016\/11\/premios12.jpg\"><img loading=\"lazy\" decoding=\"async\" class=\"alignnone wp-image-3124\" src=\"https:\/\/www.sigre.es\/boletin\/wp-content\/uploads\/2016\/11\/premios12.jpg\" alt=\"15\u00ba Aniversario de los Puntos SIGRE. Ministerio de Medio Ambiente. Foto: D. Sinova\" width=\"400\" height=\"271\" srcset=\"https:\/\/www.sigre.es\/boletin\/wp-content\/uploads\/2016\/11\/premios12.jpg 650w, https:\/\/www.sigre.es\/boletin\/wp-content\/uploads\/2016\/11\/premios12-300x204.jpg 300w\" sizes=\"auto, (max-width: 400px) 100vw, 400px\" \/><\/a><\/p>\n<p class=\"p3\" style=\"text-align: center;\"><span class=\"s1\" style=\"color: #808080; font-size: 12px;\">Pie de foto: Victoria Gonz\u00e1lez Rodr\u00edguez, con el galard\u00f3n entregado por Eladio Gonz\u00e1lez Mi\u00f1or, Presidente de FEDIFAR y Vicepresidente de SIGRE<\/span><\/p>\n<p class=\"p1\"><span class=\"s1\">En esta misma categor\u00eda,<b> <\/b>el Jurado<b> <\/b>design\u00f3 como finalistas a Laura Mart\u00edn Rivas, por su art\u00edculo \u201dEl cuidado del medio ambiente, clave para un sector farmac\u00e9utico sostenible\u201d, publicado en Compromiso Empresarial, y a Javier Rico, por su art\u00edculo publicado en El Pa\u00eds digital, titulado \u00ab\u00bfSirve para algo el quinto contenedor?\u201d.<\/span><\/p>\n<p class=\"p1\"><span class=\"s1\"><b>Blogs<\/b><\/span><\/p>\n<p class=\"p1\"><span class=\"s1\">En la categor\u00eda de blogs, el Jurado ha elegido como ganadora a <b>Virtudes Roig Azpitarte<\/b>, por el post publicado en el <b>Blog de Pills<\/b>, titulado: \u201cReciclaje sanitario: cada cosa en su sitio\u201d.<\/span><\/p>\n<p class=\"p1\"><span class=\"s1\">Por la calidad de sus trabajos, el Jurado design\u00f3 como finalista de esta categor\u00eda a Beatriz D\u00edaz-Carrasco Delgado, por el post titulado \u201cNo me abandon\u00e9is\u201d.<\/span><\/p>\n<p class=\"p1\" style=\"text-align: center;\"><a href=\"https:\/\/www.sigre.es\/boletin\/wp-content\/uploads\/2016\/11\/premios13.jpg\"><img loading=\"lazy\" decoding=\"async\" class=\"alignnone wp-image-3220\" src=\"https:\/\/www.sigre.es\/boletin\/wp-content\/uploads\/2016\/11\/premios13.jpg\" alt=\"15\u00ba Aniversario de los Puntos SIGRE. Ministerio de Medio Ambiente. Foto: D. Sinova\" width=\"400\" height=\"394\" srcset=\"https:\/\/www.sigre.es\/boletin\/wp-content\/uploads\/2016\/11\/premios13.jpg 650w, https:\/\/www.sigre.es\/boletin\/wp-content\/uploads\/2016\/11\/premios13-300x296.jpg 300w\" sizes=\"auto, (max-width: 400px) 100vw, 400px\" \/><\/a><\/p>\n<p class=\"p1\" style=\"text-align: center;\"><span class=\"s1\" style=\"color: #808080; font-size: 12px;\">Pie de foto: Virtudes Roig recibi\u00f3 el galard\u00f3n de manos de Eladio Gonzalez, Presidente de FEDIFAR y Vicepresidente de SIGRE<\/span><\/p>\n<p class=\"p2\"><span class=\"s1\"><b>Radio<\/b><\/span><\/p>\n<p class=\"p2\"><span class=\"s1\">En la categor\u00eda de radio, el ganador ha sido <b>Jos\u00e9 Luis Gallego<\/b>, por el espacio dedicado al reciclado de los envases y restos de medicamentos en el programa de Julia en la Onda, de <b>Onda Cero<\/b>. En esta misma categor\u00eda han resultado finalistas las candidaturas presentadas por: Concha Montes, de Onda Cero Marbella, y Juncal Rold\u00e1n, de Cadena SER Toledo.<\/span><\/p>\n<p class=\"p2\" style=\"text-align: center;\"><a href=\"https:\/\/www.sigre.es\/boletin\/wp-content\/uploads\/2016\/11\/premios14.jpg\"><img loading=\"lazy\" decoding=\"async\" class=\"aligncenter wp-image-3221\" src=\"https:\/\/www.sigre.es\/boletin\/wp-content\/uploads\/2016\/11\/premios14.jpg\" alt=\"premios14\" width=\"400\" height=\"301\" srcset=\"https:\/\/www.sigre.es\/boletin\/wp-content\/uploads\/2016\/11\/premios14.jpg 650w, https:\/\/www.sigre.es\/boletin\/wp-content\/uploads\/2016\/11\/premios14-300x226.jpg 300w\" sizes=\"auto, (max-width: 400px) 100vw, 400px\" \/><\/a><\/p>\n<p class=\"p1\" style=\"text-align: center;\"><span class=\"s1\" style=\"color: #808080; font-size: 12px;\">Pie de foto: Jos\u00e9 Luis Gallego, a la derecha, con el galard\u00f3n entregado por Jes\u00fas Aguilar, Presidente del Consejo General de Colegios Oficiales de Farmac\u00e9uticos y Vicepresidente de SIGRE<\/span><\/p>\n<p class=\"p2\"><span class=\"s1\"><b>Televisi\u00f3n<\/b><\/span><\/p>\n<p class=\"p2\"><span class=\"s1\">Por su parte, en la categor\u00eda de televisi\u00f3n, el Jurado ha decidido declarar <b>ganadores ex aequo<\/b> a las candidaturas presentadas por <b>Mario de la Mano <\/b>y <b>Eduardo Laplaza<\/b>, del programa <b>\u201cEl escarabajo verde\u201d <\/b>de <b>La 2 de TVE<\/b>, y a <b>V\u00edctor Otamendi<\/b> y <b>Sof\u00eda Morate<\/b>, del programa <b>\u201cAqu\u00ed la tierra\u201d, <\/b>que presenta<b> Jacob Petrus <\/b>en <b>La 1 de TVE.<\/b><\/span><\/p>\n<p class=\"p1\" style=\"text-align: center;\"><a href=\"https:\/\/www.sigre.es\/boletin\/wp-content\/uploads\/2016\/11\/premios15.jpg\"><img loading=\"lazy\" decoding=\"async\" class=\"alignnone wp-image-3222\" src=\"https:\/\/www.sigre.es\/boletin\/wp-content\/uploads\/2016\/11\/premios15.jpg\" alt=\"15\u00ba Aniversario de los Puntos SIGRE. Ministerio de Medio Ambiente. Foto: D. Sinova\" width=\"400\" height=\"285\" srcset=\"https:\/\/www.sigre.es\/boletin\/wp-content\/uploads\/2016\/11\/premios15.jpg 650w, https:\/\/www.sigre.es\/boletin\/wp-content\/uploads\/2016\/11\/premios15-300x214.jpg 300w\" sizes=\"auto, (max-width: 400px) 100vw, 400px\" \/><\/a><\/p>\n<p class=\"p1\" style=\"text-align: center;\"><span class=\"s1\" style=\"color: #808080; font-size: 12px;\">Pie de foto: Juan Manuel Hidalgo, Director de La 2 de TVE, a la derecha, junto a Jes\u00fas Aguilar, Presidente del CGCOF y Vicepresidente de SIGRE, a la izquierda<\/span><\/p>\n<p style=\"text-align: center;\"><a href=\"https:\/\/www.sigre.es\/boletin\/wp-content\/uploads\/2016\/11\/premios16.jpg\"><img loading=\"lazy\" decoding=\"async\" class=\"aligncenter wp-image-3223\" src=\"https:\/\/www.sigre.es\/boletin\/wp-content\/uploads\/2016\/11\/premios16.jpg\" alt=\"15\u00ba Aniversario de los Puntos SIGRE. Ministerio de Medio Ambiente. Foto: D. Sinova\" width=\"400\" height=\"286\" srcset=\"https:\/\/www.sigre.es\/boletin\/wp-content\/uploads\/2016\/11\/premios16.jpg 650w, https:\/\/www.sigre.es\/boletin\/wp-content\/uploads\/2016\/11\/premios16-300x214.jpg 300w\" sizes=\"auto, (max-width: 400px) 100vw, 400px\" \/><\/a><\/p>\n<p class=\"p1\" style=\"text-align: center;\"><span class=\"s1\" style=\"color: #808080; font-size: 12px;\">Pie de foto: V\u00edctor Otamendi, codirector del programa \u201cAqu\u00ed la Tierra\u201d de la 1 de TVE, a la derecha, posando junto a Jes\u00fas Aguilar, Presidente del CGCOF y Vicepresidente de SIGRE<\/span><\/p>\n<p style=\"text-align: center;\">\n","protected":false},"excerpt":{"rendered":"<p>En el acto conmemorativo del 15\u00ba aniversario de SIGRE tambi\u00e9n se han entregado los Premios de Periodismo \u201cPor la Salud de la Naturaleza\u201d. Con estos premios, SIGRE quiere destacar la labor de informaci\u00f3n y formaci\u00f3n que los medios y los profesionales de la comunicaci\u00f3n desarrollan para concienciar a la opini\u00f3n p\u00fablica de la importancia que [&hellip;]<\/p>\n","protected":false},"author":7,"featured_media":0,"parent":2981,"menu_order":289,"comment_status":"closed","ping_status":"closed","template":"articulo1.php","meta":{"footnotes":""},"class_list":["post-3120","page","type-page","status-publish","hentry"],"_links":{"self":[{"href":"https:\/\/www.sigre.es\/boletin\/wp-json\/wp\/v2\/pages\/3120","targetHints":{"allow":["GET"]}}],"collection":[{"href":"https:\/\/www.sigre.es\/boletin\/wp-json\/wp\/v2\/pages"}],"about":[{"href":"https:\/\/www.sigre.es\/boletin\/wp-json\/wp\/v2\/types\/page"}],"author":[{"embeddable":true,"href":"https:\/\/www.sigre.es\/boletin\/wp-json\/wp\/v2\/users\/7"}],"replies":[{"embeddable":true,"href":"https:\/\/www.sigre.es\/boletin\/wp-json\/wp\/v2\/comments?post=3120"}],"version-history":[{"count":0,"href":"https:\/\/www.sigre.es\/boletin\/wp-json\/wp\/v2\/pages\/3120\/revisions"}],"up":[{"embeddable":true,"href":"https:\/\/www.sigre.es\/boletin\/wp-json\/wp\/v2\/pages\/2981"}],"wp:attachment":[{"href":"https:\/\/www.sigre.es\/boletin\/wp-json\/wp\/v2\/media?parent=3120"}],"curies":[{"name":"wp","href":"https:\/\/api.w.org\/{rel}","templated":true}]}}

<div id="fb-root"></div>
<p class="p1"><span class="s1">En el acto conmemorativo del 15º aniversario de SIGRE también se han entregado los Premios de Periodismo “Por la Salud de la Naturaleza”.</span></p>
<p class="p1"><span class="s1">Con estos premios, SIGRE quiere destacar la labor de información y formación que los medios y los profesionales de la comunicación desarrollan para concienciar a la opinión pública de la importancia que tiene cuidar del medio ambiente y cómo, a través del reciclado, podemos, entre todos, contribuir a ello.</span></p>
<p class="p1"><span class="s1">El jurado encargado de fallar estos premios de periodismo ha sido el mismo que valoró las iniciativas presentadas a los II Premios de SIGRE “Medicamento y Medio Ambiente”. </span></p>
<p class="p1"><span class="s1">Esta segunda edición de los premios de periodismo contaba con cinco categorías, para premiar los mejores trabajos publicados o emitidos en medios impresos, digitales, blogs, radio y televisión. </span></p>
<p class="p1"><span class="s1">Estos han sido los ganadores en cada una de las categorías:</span></p>
<p class="p1"><span class="s1"><b>Medios impresos</b></span></p>
<p class="p1"><span class="s1">La ganadora ha sido <b>Ana Rosa García</b>, por su artículo titulado “Toca limpieza de botiquín”, publicado en el <b>Diario Montañés</b>.</span></p>
<p class="p3" style="text-align: center;"><a href="https://www.sigre.es/boletin/wp-content/uploads/2016/11/premios11.jpg"><img loading="lazy" decoding="async" class="alignnone wp-image-3123" src="https://www.sigre.es/boletin/wp-content/uploads/2016/11/premios11.jpg" alt="15º Aniversario de los Puntos SIGRE. Ministerio de Medio Ambiente. Foto: D. Sinova" width="400" height="279" srcset="https://www.sigre.es/boletin/wp-content/uploads/2016/11/premios11.jpg 650w, https://www.sigre.es/boletin/wp-content/uploads/2016/11/premios11-300x209.jpg 300w" sizes="auto, (max-width: 400px) 100vw, 400px" /></a></p>
<p class="p3" style="text-align: center;"><span class="s1" style="color: #808080; font-size: 12px;">Pie de foto: Ana Rosa García, a la derecha, posando con Eladio González Miñor, Presidente de FEDIFAR y Vicepresidente de SIGRE</span></p>
<p class="p1"><span class="s1">En esta categoría, han sido finalistas: Teresa Morales García, por sus trabajos publicados en la revista Buena Vida, de El País, y Lluís Amengual, por sus artículos sobre reciclaje publicados en el Diario de Mallorca.</span></p>
<p class="p1"><span class="s1"><b>Medios digitales</b></span></p>
<p class="p1"><span class="s1">La candidatura ganadora en la categoría de medios digitales ha sido la presentada por <b>Victoria<span class="Apple-converted-space">  </span>González Rodríguez</b>, por su artículo titulado “¿Hay medicamentos en el agua del mar?”, publicado en la versión digital de la revista <b>Muy Interesante</b>. </span></p>
<p class="p3" style="text-align: center;"><a href="https://www.sigre.es/boletin/wp-content/uploads/2016/11/premios12.jpg"><img loading="lazy" decoding="async" class="alignnone wp-image-3124" src="https://www.sigre.es/boletin/wp-content/uploads/2016/11/premios12.jpg" alt="15º Aniversario de los Puntos SIGRE. Ministerio de Medio Ambiente. Foto: D. Sinova" width="400" height="271" srcset="https://www.sigre.es/boletin/wp-content/uploads/2016/11/premios12.jpg 650w, https://www.sigre.es/boletin/wp-content/uploads/2016/11/premios12-300x204.jpg 300w" sizes="auto, (max-width: 400px) 100vw, 400px" /></a></p>
<p class="p3" style="text-align: center;"><span class="s1" style="color: #808080; font-size: 12px;">Pie de foto: Victoria González Rodríguez, con el galardón entregado por Eladio González Miñor, Presidente de FEDIFAR y Vicepresidente de SIGRE</span></p>
<p class="p1"><span class="s1">En esta misma categoría,<b> </b>el Jurado<b> </b>designó como finalistas a Laura Martín Rivas, por su artículo ”El cuidado del medio ambiente, clave para un sector farmacéutico sostenible”, publicado en Compromiso Empresarial, y a Javier Rico, por su artículo publicado en El País digital, titulado «¿Sirve para algo el quinto contenedor?”.</span></p>
<p class="p1"><span class="s1"><b>Blogs</b></span></p>
<p class="p1"><span class="s1">En la categoría de blogs, el Jurado ha elegido como ganadora a <b>Virtudes Roig Azpitarte</b>, por el post publicado en el <b>Blog de Pills</b>, titulado: “Reciclaje sanitario: cada cosa en su sitio”.</span></p>
<p class="p1"><span class="s1">Por la calidad de sus trabajos, el Jurado designó como finalista de esta categoría a Beatriz Díaz-Carrasco Delgado, por el post titulado “No me abandonéis”.</span></p>
<p class="p1" style="text-align: center;"><a href="https://www.sigre.es/boletin/wp-content/uploads/2016/11/premios13.jpg"><img loading="lazy" decoding="async" class="alignnone wp-image-3220" src="https://www.sigre.es/boletin/wp-content/uploads/2016/11/premios13.jpg" alt="15º Aniversario de los Puntos SIGRE. Ministerio de Medio Ambiente. Foto: D. Sinova" width="400" height="394" srcset="https://www.sigre.es/boletin/wp-content/uploads/2016/11/premios13.jpg 650w, https://www.sigre.es/boletin/wp-content/uploads/2016/11/premios13-300x296.jpg 300w" sizes="auto, (max-width: 400px) 100vw, 400px" /></a></p>
<p class="p1" style="text-align: center;"><span class="s1" style="color: #808080; font-size: 12px;">Pie de foto: Virtudes Roig recibió el galardón de manos de Eladio Gonzalez, Presidente de FEDIFAR y Vicepresidente de SIGRE</span></p>
<p class="p2"><span class="s1"><b>Radio</b></span></p>
<p class="p2"><span class="s1">En la categoría de radio, el ganador ha sido <b>José Luis Gallego</b>, por el espacio dedicado al reciclado de los envases y restos de medicamentos en el programa de Julia en la Onda, de <b>Onda Cero</b>. En esta misma categoría han resultado finalistas las candidaturas presentadas por: Concha Montes, de Onda Cero Marbella, y Juncal Roldán, de Cadena SER Toledo.</span></p>
<p class="p2" style="text-align: center;"><a href="https://www.sigre.es/boletin/wp-content/uploads/2016/11/premios14.jpg"><img loading="lazy" decoding="async" class="aligncenter wp-image-3221" src="https://www.sigre.es/boletin/wp-content/uploads/2016/11/premios14.jpg" alt="premios14" width="400" height="301" srcset="https://www.sigre.es/boletin/wp-content/uploads/2016/11/premios14.jpg 650w, https://www.sigre.es/boletin/wp-content/uploads/2016/11/premios14-300x226.jpg 300w" sizes="auto, (max-width: 400px) 100vw, 400px" /></a></p>
<p class="p1" style="text-align: center;"><span class="s1" style="color: #808080; font-size: 12px;">Pie de foto: José Luis Gallego, a la derecha, con el galardón entregado por Jesús Aguilar, Presidente del Consejo General de Colegios Oficiales de Farmacéuticos y Vicepresidente de SIGRE</span></p>
<p class="p2"><span class="s1"><b>Televisión</b></span></p>
<p class="p2"><span class="s1">Por su parte, en la categoría de televisión, el Jurado ha decidido declarar <b>ganadores ex aequo</b> a las candidaturas presentadas por <b>Mario de la Mano </b>y <b>Eduardo Laplaza</b>, del programa <b>“El escarabajo verde” </b>de <b>La 2 de TVE</b>, y a <b>Víctor Otamendi</b> y <b>Sofía Morate</b>, del programa <b>“Aquí la tierra”, </b>que presenta<b> Jacob Petrus </b>en <b>La 1 de TVE.</b></span></p>
<p class="p1" style="text-align: center;"><a href="https://www.sigre.es/boletin/wp-content/uploads/2016/11/premios15.jpg"><img loading="lazy" decoding="async" class="alignnone wp-image-3222" src="https://www.sigre.es/boletin/wp-content/uploads/2016/11/premios15.jpg" alt="15º Aniversario de los Puntos SIGRE. Ministerio de Medio Ambiente. Foto: D. Sinova" width="400" height="285" srcset="https://www.sigre.es/boletin/wp-content/uploads/2016/11/premios15.jpg 650w, https://www.sigre.es/boletin/wp-content/uploads/2016/11/premios15-300x214.jpg 300w" sizes="auto, (max-width: 400px) 100vw, 400px" /></a></p>
<p class="p1" style="text-align: center;"><span class="s1" style="color: #808080; font-size: 12px;">Pie de foto: Juan Manuel Hidalgo, Director de La 2 de TVE, a la derecha, junto a Jesús Aguilar, Presidente del CGCOF y Vicepresidente de SIGRE, a la izquierda</span></p>
<p style="text-align: center;"><a href="https://www.sigre.es/boletin/wp-content/uploads/2016/11/premios16.jpg"><img loading="lazy" decoding="async" class="aligncenter wp-image-3223" src="https://www.sigre.es/boletin/wp-content/uploads/2016/11/premios16.jpg" alt="15º Aniversario de los Puntos SIGRE. Ministerio de Medio Ambiente. Foto: D. Sinova" width="400" height="286" srcset="https://www.sigre.es/boletin/wp-content/uploads/2016/11/premios16.jpg 650w, https://www.sigre.es/boletin/wp-content/uploads/2016/11/premios16-300x214.jpg 300w" sizes="auto, (max-width: 400px) 100vw, 400px" /></a></p>
<p class="p1" style="text-align: center;"><span class="s1" style="color: #808080; font-size: 12px;">Pie de foto: Víctor Otamendi, codirector del programa “Aquí la Tierra” de la 1 de TVE, a la derecha, posando junto a Jesús Aguilar, Presidente del CGCOF y Vicepresidente de SIGRE</span></p>
<p style="text-align: center;">

<p>En el acto conmemorativo del 15º aniversario de SIGRE también se han entregado los Premios de Periodismo “Por la Salud de la Naturaleza”. Con estos premios, SIGRE quiere destacar la labor de información y formación que los medios y los profesionales de la comunicación desarrollan para concienciar a la opinión pública de la importancia que [&hellip;]</p>
