{"id":3092,"date":"2016-11-22T16:53:57","date_gmt":"2016-11-22T15:53:57","guid":{"rendered":"https:\/\/www.sigre.es\/boletin\/?page_id=3092"},"modified":"2016-11-24T16:20:42","modified_gmt":"2016-11-24T15:20:42","slug":"placas","status":"publish","type":"page","link":"https:\/\/www.sigre.es\/boletin\/sigre-informa-especial-15-aniversario\/placas\/","title":{"rendered":"PLACAS"},"content":{"rendered":"<div id=\"fb-root\"><\/div>\n<p class=\"p1\"><span class=\"s1\">El Consejo de Administraci\u00f3n de SIGRE ha concedido, con motivo de sus 15 a\u00f1os de funcionamiento, dos placas conmemorativas para reconocer a las administraciones p\u00fablicas que, por su trabajo, han sido determinantes para alcanzar los objetivos medioambientales y socio-sanitarios de SIGRE.<\/span><\/p>\n<p class=\"p2\"><span class=\"s1\">La primera de ellas ha sido concedida al <b>Ministerio de Sanidad, Servicios Sociales e Igualdad<\/b>, por su colaboraci\u00f3n y continuado apoyo a la actividad de SIGRE, lo que ha favorecido la difusi\u00f3n de la importancia del correcto tratamiento de los envases, vac\u00edos o con residuos de medicamentos de origen dom\u00e9stico. <\/span><\/p>\n<p style=\"text-align: center;\"><strong><a href=\"https:\/\/www.sigre.es\/boletin\/wp-content\/uploads\/2016\/11\/placas1.jpg\"><img loading=\"lazy\" decoding=\"async\" class=\"aligncenter wp-image-3093\" src=\"https:\/\/www.sigre.es\/boletin\/wp-content\/uploads\/2016\/11\/placas1.jpg\" alt=\"15\u00ba Aniversario de los Puntos SIGRE. Ministerio de Medio Ambiente. Foto: D. Sinova\" width=\"400\" height=\"281\" srcset=\"https:\/\/www.sigre.es\/boletin\/wp-content\/uploads\/2016\/11\/placas1.jpg 650w, https:\/\/www.sigre.es\/boletin\/wp-content\/uploads\/2016\/11\/placas1-300x211.jpg 300w\" sizes=\"auto, (max-width: 400px) 100vw, 400px\" \/><\/a><\/strong><\/p>\n<p class=\"p4\" style=\"text-align: center;\"><span class=\"s1\" style=\"color: #808080; font-size: 12px;\">Pie de foto: A la derecha, Alberto G\u00f3mez Lafont, Vocal Asesor de la Direcci\u00f3n General de Cartera B\u00e1sica de Servicios del Sistema Nacional de Salud y Farmacias, posando con Pablo Saavedra, Secretario de Estado de Medio Ambiente, a la izquierda.<\/span><\/p>\n<p class=\"p2\"><span class=\"s1\">La segunda placa conmemorativa ha sido para la <b>Consejer\u00eda de Fomento y Medio Ambiente del Gobierno de Castilla y Le\u00f3n<\/b>. Juan Carlos Su\u00e1rez-Qui\u00f1ones, Consejero de Fomento y Medio Ambiente de la Junta de Castilla y Le\u00f3n, recogi\u00f3 esta distinci\u00f3n con la que SIGRE reconoce su colaboraci\u00f3n en la puesta en marcha de la Planta de Tratamiento de Envases y Residuos de Medicamentos, ubicada en la localidad vallisoletana de Tudela de Duero, una instalaci\u00f3n \u00fanica en su g\u00e9nero y pionera a nivel mundial. <\/span><\/p>\n<p style=\"text-align: center;\"><a href=\"https:\/\/www.sigre.es\/boletin\/wp-content\/uploads\/2016\/11\/placas2.jpg\"><img loading=\"lazy\" decoding=\"async\" class=\"aligncenter wp-image-3094\" src=\"https:\/\/www.sigre.es\/boletin\/wp-content\/uploads\/2016\/11\/placas2.jpg\" alt=\"15\u00ba Aniversario de los Puntos SIGRE. Ministerio de Medio Ambiente. Foto: D. Sinova\" width=\"400\" height=\"266\" srcset=\"https:\/\/www.sigre.es\/boletin\/wp-content\/uploads\/2016\/11\/placas2.jpg 650w, https:\/\/www.sigre.es\/boletin\/wp-content\/uploads\/2016\/11\/placas2-300x200.jpg 300w\" sizes=\"auto, (max-width: 400px) 100vw, 400px\" \/><\/a><\/p>\n<p class=\"p4\" style=\"text-align: center;\"><span class=\"s1\" style=\"color: #808080; font-size: 12px;\">Pie de foto: A la derecha, Juan Carlos Su\u00e1rez-Qui\u00f1ones, Consejero de Fomento y Medio Ambiente de la Junta de Castilla y Le\u00f3n, recoge la placa conmemorativa que le entrega Pablo Saavedra, Secretario de Estado de Medio Ambiente, situado a la izquierda.<\/span><\/p>\n<p class=\"p5\" style=\"text-align: center;\">\n","protected":false},"excerpt":{"rendered":"<p>El Consejo de Administraci\u00f3n de SIGRE ha concedido, con motivo de sus 15 a\u00f1os de funcionamiento, dos placas conmemorativas para reconocer a las administraciones p\u00fablicas que, por su trabajo, han sido determinantes para alcanzar los objetivos medioambientales y socio-sanitarios de SIGRE. La primera de ellas ha sido concedida al Ministerio de Sanidad, Servicios Sociales e [&hellip;]<\/p>\n","protected":false},"author":7,"featured_media":0,"parent":2981,"menu_order":287,"comment_status":"closed","ping_status":"closed","template":"articulo1.php","meta":{"footnotes":""},"class_list":["post-3092","page","type-page","status-publish","hentry"],"_links":{"self":[{"href":"https:\/\/www.sigre.es\/boletin\/wp-json\/wp\/v2\/pages\/3092","targetHints":{"allow":["GET"]}}],"collection":[{"href":"https:\/\/www.sigre.es\/boletin\/wp-json\/wp\/v2\/pages"}],"about":[{"href":"https:\/\/www.sigre.es\/boletin\/wp-json\/wp\/v2\/types\/page"}],"author":[{"embeddable":true,"href":"https:\/\/www.sigre.es\/boletin\/wp-json\/wp\/v2\/users\/7"}],"replies":[{"embeddable":true,"href":"https:\/\/www.sigre.es\/boletin\/wp-json\/wp\/v2\/comments?post=3092"}],"version-history":[{"count":0,"href":"https:\/\/www.sigre.es\/boletin\/wp-json\/wp\/v2\/pages\/3092\/revisions"}],"up":[{"embeddable":true,"href":"https:\/\/www.sigre.es\/boletin\/wp-json\/wp\/v2\/pages\/2981"}],"wp:attachment":[{"href":"https:\/\/www.sigre.es\/boletin\/wp-json\/wp\/v2\/media?parent=3092"}],"curies":[{"name":"wp","href":"https:\/\/api.w.org\/{rel}","templated":true}]}}

<div id="fb-root"></div>
<p class="p1"><span class="s1">El Consejo de Administración de SIGRE ha concedido, con motivo de sus 15 años de funcionamiento, dos placas conmemorativas para reconocer a las administraciones públicas que, por su trabajo, han sido determinantes para alcanzar los objetivos medioambientales y socio-sanitarios de SIGRE.</span></p>
<p class="p2"><span class="s1">La primera de ellas ha sido concedida al <b>Ministerio de Sanidad, Servicios Sociales e Igualdad</b>, por su colaboración y continuado apoyo a la actividad de SIGRE, lo que ha favorecido la difusión de la importancia del correcto tratamiento de los envases, vacíos o con residuos de medicamentos de origen doméstico. </span></p>
<p style="text-align: center;"><strong><a href="https://www.sigre.es/boletin/wp-content/uploads/2016/11/placas1.jpg"><img loading="lazy" decoding="async" class="aligncenter wp-image-3093" src="https://www.sigre.es/boletin/wp-content/uploads/2016/11/placas1.jpg" alt="15º Aniversario de los Puntos SIGRE. Ministerio de Medio Ambiente. Foto: D. Sinova" width="400" height="281" srcset="https://www.sigre.es/boletin/wp-content/uploads/2016/11/placas1.jpg 650w, https://www.sigre.es/boletin/wp-content/uploads/2016/11/placas1-300x211.jpg 300w" sizes="auto, (max-width: 400px) 100vw, 400px" /></a></strong></p>
<p class="p4" style="text-align: center;"><span class="s1" style="color: #808080; font-size: 12px;">Pie de foto: A la derecha, Alberto Gómez Lafont, Vocal Asesor de la Dirección General de Cartera Básica de Servicios del Sistema Nacional de Salud y Farmacias, posando con Pablo Saavedra, Secretario de Estado de Medio Ambiente, a la izquierda.</span></p>
<p class="p2"><span class="s1">La segunda placa conmemorativa ha sido para la <b>Consejería de Fomento y Medio Ambiente del Gobierno de Castilla y León</b>. Juan Carlos Suárez-Quiñones, Consejero de Fomento y Medio Ambiente de la Junta de Castilla y León, recogió esta distinción con la que SIGRE reconoce su colaboración en la puesta en marcha de la Planta de Tratamiento de Envases y Residuos de Medicamentos, ubicada en la localidad vallisoletana de Tudela de Duero, una instalación única en su género y pionera a nivel mundial. </span></p>
<p style="text-align: center;"><a href="https://www.sigre.es/boletin/wp-content/uploads/2016/11/placas2.jpg"><img loading="lazy" decoding="async" class="aligncenter wp-image-3094" src="https://www.sigre.es/boletin/wp-content/uploads/2016/11/placas2.jpg" alt="15º Aniversario de los Puntos SIGRE. Ministerio de Medio Ambiente. Foto: D. Sinova" width="400" height="266" srcset="https://www.sigre.es/boletin/wp-content/uploads/2016/11/placas2.jpg 650w, https://www.sigre.es/boletin/wp-content/uploads/2016/11/placas2-300x200.jpg 300w" sizes="auto, (max-width: 400px) 100vw, 400px" /></a></p>
<p class="p4" style="text-align: center;"><span class="s1" style="color: #808080; font-size: 12px;">Pie de foto: A la derecha, Juan Carlos Suárez-Quiñones, Consejero de Fomento y Medio Ambiente de la Junta de Castilla y León, recoge la placa conmemorativa que le entrega Pablo Saavedra, Secretario de Estado de Medio Ambiente, situado a la izquierda.</span></p>
<p class="p5" style="text-align: center;">

<p>El Consejo de Administración de SIGRE ha concedido, con motivo de sus 15 años de funcionamiento, dos placas conmemorativas para reconocer a las administraciones públicas que, por su trabajo, han sido determinantes para alcanzar los objetivos medioambientales y socio-sanitarios de SIGRE. La primera de ellas ha sido concedida al Ministerio de Sanidad, Servicios Sociales e [&hellip;]</p>
