{"id":3065,"date":"2016-11-22T09:23:40","date_gmt":"2016-11-22T08:23:40","guid":{"rendered":"https:\/\/www.sigre.es\/boletin\/?page_id=3065"},"modified":"2016-11-30T11:16:07","modified_gmt":"2016-11-30T10:16:07","slug":"declaraciones-15","status":"publish","type":"page","link":"https:\/\/www.sigre.es\/boletin\/sigre-informa-especial-15-aniversario\/declaraciones-15\/","title":{"rendered":"15 A\u00d1OS, 15 RECONOCIMIENTOS"},"content":{"rendered":"<div id=\"fb-root\"><\/div>\n<p class=\"p1\"><span class=\"s1\">En primer lugar, quiero felicitar a SIGRE por su iniciativa de convocar los Premios de Periodismo \u201cPor la salud de la naturaleza\u201d, que reconocen y ponen en valor el trabajo que los profesionales y medios de comunicaci\u00f3n realizan a diario para crear una conciencia ambiental en nuestra sociedad, basada en el conocimiento y la informaci\u00f3n.<\/span><\/p>\n<p class=\"p1\"><span class=\"s1\">La puesta en marcha de SIGRE, hace ahora 15 a\u00f1os, marc\u00f3 un hito en la recogida selectiva de los residuos generados en los hogares de nuestro pa\u00eds, ya que era el primer paso que daba todo un<span class=\"Apple-converted-space\">\u00a0 <\/span>sector en este campo.<\/span><\/p>\n<p class=\"p1\"><span class=\"s1\">En este periodo, han sido muchas las iniciativas puestas en marcha por SIGRE, pero me gustar\u00eda destacar y felicitar a sus gestores por dos de ellas. La primera, por el apoyo que, desde hace a\u00f1os, viene prestando a la formaci\u00f3n de j\u00f3venes periodistas en el campo de la comunicaci\u00f3n ambiental, y la segunda, por haber conseguido la cohesi\u00f3n de todo un sector entorno a esta iniciativa y haberla mantenido durante tantos a\u00f1os. <\/span><\/p>\n<p class=\"p1\"><span class=\"s1\">Os animo a seguir trabajando y avanzando en la implantaci\u00f3n de una aut\u00e9ntica econom\u00eda circular, que tantos beneficios puede tener para la sociedad actual y para las generaciones futuras.<\/span><\/p>\n<p class=\"p2\" style=\"text-align: right;\"><strong><span class=\"s1\">Clara Nav\u00edo<br \/>\n<\/span><\/strong><em>Presidenta de APIA<\/em><\/p>\n","protected":false},"excerpt":{"rendered":"<p>En primer lugar, quiero felicitar a SIGRE por su iniciativa de convocar los Premios de Periodismo \u201cPor la salud de la naturaleza\u201d, que reconocen y ponen en valor el trabajo que los profesionales y medios de comunicaci\u00f3n realizan a diario para crear una conciencia ambiental en nuestra sociedad, basada en el conocimiento y la informaci\u00f3n. [&hellip;]<\/p>\n","protected":false},"author":7,"featured_media":0,"parent":2981,"menu_order":284,"comment_status":"closed","ping_status":"closed","template":"sigre-entrevista.php","meta":{"footnotes":""},"class_list":["post-3065","page","type-page","status-publish","hentry"],"_links":{"self":[{"href":"https:\/\/www.sigre.es\/boletin\/wp-json\/wp\/v2\/pages\/3065","targetHints":{"allow":["GET"]}}],"collection":[{"href":"https:\/\/www.sigre.es\/boletin\/wp-json\/wp\/v2\/pages"}],"about":[{"href":"https:\/\/www.sigre.es\/boletin\/wp-json\/wp\/v2\/types\/page"}],"author":[{"embeddable":true,"href":"https:\/\/www.sigre.es\/boletin\/wp-json\/wp\/v2\/users\/7"}],"replies":[{"embeddable":true,"href":"https:\/\/www.sigre.es\/boletin\/wp-json\/wp\/v2\/comments?post=3065"}],"version-history":[{"count":0,"href":"https:\/\/www.sigre.es\/boletin\/wp-json\/wp\/v2\/pages\/3065\/revisions"}],"up":[{"embeddable":true,"href":"https:\/\/www.sigre.es\/boletin\/wp-json\/wp\/v2\/pages\/2981"}],"wp:attachment":[{"href":"https:\/\/www.sigre.es\/boletin\/wp-json\/wp\/v2\/media?parent=3065"}],"curies":[{"name":"wp","href":"https:\/\/api.w.org\/{rel}","templated":true}]}}

15 AÑOS, 15 RECONOCIMIENTOS

<div id="fb-root"></div>
<p class="p1"><span class="s1">En primer lugar, quiero felicitar a SIGRE por su iniciativa de convocar los Premios de Periodismo “Por la salud de la naturaleza”, que reconocen y ponen en valor el trabajo que los profesionales y medios de comunicación realizan a diario para crear una conciencia ambiental en nuestra sociedad, basada en el conocimiento y la información.</span></p>
<p class="p1"><span class="s1">La puesta en marcha de SIGRE, hace ahora 15 años, marcó un hito en la recogida selectiva de los residuos generados en los hogares de nuestro país, ya que era el primer paso que daba todo un<span class="Apple-converted-space">  </span>sector en este campo.</span></p>
<p class="p1"><span class="s1">En este periodo, han sido muchas las iniciativas puestas en marcha por SIGRE, pero me gustaría destacar y felicitar a sus gestores por dos de ellas. La primera, por el apoyo que, desde hace años, viene prestando a la formación de jóvenes periodistas en el campo de la comunicación ambiental, y la segunda, por haber conseguido la cohesión de todo un sector entorno a esta iniciativa y haberla mantenido durante tantos años. </span></p>
<p class="p1"><span class="s1">Os animo a seguir trabajando y avanzando en la implantación de una auténtica economía circular, que tantos beneficios puede tener para la sociedad actual y para las generaciones futuras.</span></p>
<p class="p2" style="text-align: right;"><strong><span class="s1">Clara Navío<br />
</span></strong><em>Presidenta de APIA</em></p>

<p>En primer lugar, quiero felicitar a SIGRE por su iniciativa de convocar los Premios de Periodismo “Por la salud de la naturaleza”, que reconocen y ponen en valor el trabajo que los profesionales y medios de comunicación realizan a diario para crear una conciencia ambiental en nuestra sociedad, basada en el conocimiento y la información. [&hellip;]</p>
