{"id":3054,"date":"2016-11-22T09:09:51","date_gmt":"2016-11-22T08:09:51","guid":{"rendered":"https:\/\/www.sigre.es\/boletin\/?page_id=3054"},"modified":"2016-11-30T11:15:44","modified_gmt":"2016-11-30T10:15:44","slug":"declaraciones-13","status":"publish","type":"page","link":"https:\/\/www.sigre.es\/boletin\/sigre-informa-especial-15-aniversario\/declaraciones-13\/","title":{"rendered":"15 A\u00d1OS, 15 RECONOCIMIENTOS"},"content":{"rendered":"<div id=\"fb-root\"><\/div>\n<p class=\"p1\"><span class=\"s1\"><b>SIGRE:\u00a0un modelo a conservar<\/b><\/span><\/p>\n<p class=\"p2\"><span class=\"s1\">En la pr\u00e1ctica, existe una relaci\u00f3n entre productos y residuos que se caracteriza por ciertos aspectos seg\u00fan los sectores econ\u00f3micos. La \u00abgreen pharmacy\u00bb (o farmacia \u00abecol\u00f3gica\u00bb) es uno de los mejores ejemplos de aplicaci\u00f3n de los valores de la econom\u00eda circular. <\/span><\/p>\n<p class=\"p2\"><span class=\"s1\">En materia de medicamentos, en los \u00faltimos 15 a\u00f1os se han gestionado simult\u00e1neamente 2 elementos en Espa\u00f1a: el producto mismo y el envase de dicho producto. As\u00ed, una forma particular de responsabilidad extendida del productor ha sido asumida por SIGRE.<\/span><\/p>\n<p class=\"p2\"><span class=\"s1\">Organizaciones como SIGRE, llevan a cabo una labor muy importante, tanto del punto de vista medioambiental (protecci\u00f3n de la naturaleza y lucha contra el desperdicio de recursos naturales),<span class=\"Apple-converted-space\">\u00a0 <\/span>como desde el punto de vista de la salud p\u00fablica (recuperaci\u00f3n de productos potencialmente contaminantes), sin olvidar la perspectiva econ\u00f3mica.<\/span><\/p>\n<p class=\"p2\"><span class=\"s1\">Ahora es tiempo de desarrollar m\u00e1s la ecoconcepci\u00f3n de productos y servicios, as\u00ed como modelos m\u00e1s sostenibles de producci\u00f3n y consumo. Seguramente, SIGRE puede ayudar mucho en estos aspectos de la evoluci\u00f3n futura de nuestra sociedad.<\/span><\/p>\n<p class=\"p2\" style=\"text-align: right;\"><strong><span class=\"s1\">Jean-Pierre Hannequart<br \/>\n<\/span><\/strong><em><span class=\"s1\">Presidente de Honor de la Fundaci\u00f3n para la Econom\u00eda Circular<\/span><\/em><\/p>\n","protected":false},"excerpt":{"rendered":"<p>SIGRE:\u00a0un modelo a conservar En la pr\u00e1ctica, existe una relaci\u00f3n entre productos y residuos que se caracteriza por ciertos aspectos seg\u00fan los sectores econ\u00f3micos. La \u00abgreen pharmacy\u00bb (o farmacia \u00abecol\u00f3gica\u00bb) es uno de los mejores ejemplos de aplicaci\u00f3n de los valores de la econom\u00eda circular. En materia de medicamentos, en los \u00faltimos 15 a\u00f1os se [&hellip;]<\/p>\n","protected":false},"author":7,"featured_media":0,"parent":2981,"menu_order":281,"comment_status":"closed","ping_status":"closed","template":"sigre-entrevista.php","meta":{"footnotes":""},"class_list":["post-3054","page","type-page","status-publish","hentry"],"_links":{"self":[{"href":"https:\/\/www.sigre.es\/boletin\/wp-json\/wp\/v2\/pages\/3054","targetHints":{"allow":["GET"]}}],"collection":[{"href":"https:\/\/www.sigre.es\/boletin\/wp-json\/wp\/v2\/pages"}],"about":[{"href":"https:\/\/www.sigre.es\/boletin\/wp-json\/wp\/v2\/types\/page"}],"author":[{"embeddable":true,"href":"https:\/\/www.sigre.es\/boletin\/wp-json\/wp\/v2\/users\/7"}],"replies":[{"embeddable":true,"href":"https:\/\/www.sigre.es\/boletin\/wp-json\/wp\/v2\/comments?post=3054"}],"version-history":[{"count":0,"href":"https:\/\/www.sigre.es\/boletin\/wp-json\/wp\/v2\/pages\/3054\/revisions"}],"up":[{"embeddable":true,"href":"https:\/\/www.sigre.es\/boletin\/wp-json\/wp\/v2\/pages\/2981"}],"wp:attachment":[{"href":"https:\/\/www.sigre.es\/boletin\/wp-json\/wp\/v2\/media?parent=3054"}],"curies":[{"name":"wp","href":"https:\/\/api.w.org\/{rel}","templated":true}]}}