{"id":3037,"date":"2016-11-22T08:48:21","date_gmt":"2016-11-22T07:48:21","guid":{"rendered":"https:\/\/www.sigre.es\/boletin\/?page_id=3037"},"modified":"2016-11-30T11:13:48","modified_gmt":"2016-11-30T10:13:48","slug":"declaraciones-9","status":"publish","type":"page","link":"https:\/\/www.sigre.es\/boletin\/sigre-informa-especial-15-aniversario\/declaraciones-9\/","title":{"rendered":"15 A\u00d1OS, 15 RECONOCIMIENTOS"},"content":{"rendered":"<div id=\"fb-root\"><\/div>\n<p class=\"p1\"><span class=\"s1\">La labor de SIGRE ha sido fundamental para reducir el impacto de los envases y restos de medicamentos en el medio ambiente y para llevar a cabo una concienciaci\u00f3n social sobre este asunto, previniendo la generaci\u00f3n de residuos y permitiendo el correcto tratamiento de los existentes. Adem\u00e1s, la tarea de SIGRE ha servido de ejemplo para que en Iberoam\u00e9rica se cree una red de trabajo en varios pa\u00edses, con entidades dispuestas a trabajar en la misma l\u00ednea. Precisamente, se reunir\u00e1n durante la celebraci\u00f3n de Conama 2016, del 28 de noviembre al 1 de diciembre, en Madrid.<\/span><\/p>\n<p class=\"p1\" style=\"text-align: right;\"><span class=\"s1\"><strong>Gonzalo Echag\u00fce<br \/>\n<\/strong><\/span><em><span class=\"s1\">Presidente de la Fundaci\u00f3n CONAMA<\/span><\/em><\/p>\n<p class=\"p1\" style=\"text-align: right;\"><span class=\"s1\">\u00a0<\/span><\/p>\n","protected":false},"excerpt":{"rendered":"<p>La labor de SIGRE ha sido fundamental para reducir el impacto de los envases y restos de medicamentos en el medio ambiente y para llevar a cabo una concienciaci\u00f3n social sobre este asunto, previniendo la generaci\u00f3n de residuos y permitiendo el correcto tratamiento de los existentes. Adem\u00e1s, la tarea de SIGRE ha servido de ejemplo [&hellip;]<\/p>\n","protected":false},"author":7,"featured_media":0,"parent":2981,"menu_order":278,"comment_status":"closed","ping_status":"closed","template":"sigre-entrevista.php","meta":{"footnotes":""},"class_list":["post-3037","page","type-page","status-publish","hentry"],"_links":{"self":[{"href":"https:\/\/www.sigre.es\/boletin\/wp-json\/wp\/v2\/pages\/3037","targetHints":{"allow":["GET"]}}],"collection":[{"href":"https:\/\/www.sigre.es\/boletin\/wp-json\/wp\/v2\/pages"}],"about":[{"href":"https:\/\/www.sigre.es\/boletin\/wp-json\/wp\/v2\/types\/page"}],"author":[{"embeddable":true,"href":"https:\/\/www.sigre.es\/boletin\/wp-json\/wp\/v2\/users\/7"}],"replies":[{"embeddable":true,"href":"https:\/\/www.sigre.es\/boletin\/wp-json\/wp\/v2\/comments?post=3037"}],"version-history":[{"count":0,"href":"https:\/\/www.sigre.es\/boletin\/wp-json\/wp\/v2\/pages\/3037\/revisions"}],"up":[{"embeddable":true,"href":"https:\/\/www.sigre.es\/boletin\/wp-json\/wp\/v2\/pages\/2981"}],"wp:attachment":[{"href":"https:\/\/www.sigre.es\/boletin\/wp-json\/wp\/v2\/media?parent=3037"}],"curies":[{"name":"wp","href":"https:\/\/api.w.org\/{rel}","templated":true}]}}