{"id":3022,"date":"2016-11-21T19:04:41","date_gmt":"2016-11-21T18:04:41","guid":{"rendered":"https:\/\/www.sigre.es\/boletin\/?page_id=3022"},"modified":"2016-11-30T11:12:42","modified_gmt":"2016-11-30T10:12:42","slug":"declaraciones-6","status":"publish","type":"page","link":"https:\/\/www.sigre.es\/boletin\/sigre-informa-especial-15-aniversario\/declaraciones-6\/","title":{"rendered":"15 A\u00d1OS, 15 RECONOCIMIENTOS"},"content":{"rendered":"<div id=\"fb-root\"><\/div>\n<p class=\"p1\"><span class=\"s1\">Cuando, en 2001, farmac\u00e9uticos, empresas de distribuci\u00f3n y compa\u00f1\u00edas farmac\u00e9uticas nos unimos para poner en marcha una iniciativa compartida para gestionar el reciclaje de los envases y residuos de los medicamentos, pocos pod\u00edamos imaginar que SIGRE alcanzar\u00eda el alto grado de eficacia, aceptaci\u00f3n social y compromiso medioambiental que tiene quince a\u00f1os despu\u00e9s.<\/span><\/p>\n<p class=\"p1\"><span class=\"s1\">Para m\u00ed, este aniversario supone un doble motivo de satisfacci\u00f3n. El primero, por el orgullo de pertenecer a un sector, el del medicamento, que ha dado un gran ejemplo de coordinaci\u00f3n y trabajo colaborativo en la puesta en marcha de este sistema. Y el segundo, aunque de menor importancia, por el hecho personal de que fue bajo mi primera presidencia de Farmaindustria cuando SIGRE naci\u00f3 y dio sus primeros pasos.<\/span><\/p>\n<p class=\"p1\"><span class=\"s1\">Por todo ello, quiero trasladar mi agradecimiento y mi felicitaci\u00f3n a todas las entidades, empresas y organizaciones que han contribuido, en mayor o menor medida, a este enorme \u00e9xito propio de una sociedad madura y comprometida como la espa\u00f1ola.<\/span><\/p>\n<p class=\"p1\" style=\"text-align: right;\"><strong><span class=\"s1\">Jes\u00fas Acebillo<br \/>\n<\/span><\/strong><em><span class=\"s1\">Presidente de Farmaindustria<\/span><\/em><\/p>\n","protected":false},"excerpt":{"rendered":"<p>Cuando, en 2001, farmac\u00e9uticos, empresas de distribuci\u00f3n y compa\u00f1\u00edas farmac\u00e9uticas nos unimos para poner en marcha una iniciativa compartida para gestionar el reciclaje de los envases y residuos de los medicamentos, pocos pod\u00edamos imaginar que SIGRE alcanzar\u00eda el alto grado de eficacia, aceptaci\u00f3n social y compromiso medioambiental que tiene quince a\u00f1os despu\u00e9s. Para m\u00ed, este [&hellip;]<\/p>\n","protected":false},"author":7,"featured_media":0,"parent":2981,"menu_order":275,"comment_status":"closed","ping_status":"closed","template":"sigre-entrevista.php","meta":{"footnotes":""},"class_list":["post-3022","page","type-page","status-publish","hentry"],"_links":{"self":[{"href":"https:\/\/www.sigre.es\/boletin\/wp-json\/wp\/v2\/pages\/3022","targetHints":{"allow":["GET"]}}],"collection":[{"href":"https:\/\/www.sigre.es\/boletin\/wp-json\/wp\/v2\/pages"}],"about":[{"href":"https:\/\/www.sigre.es\/boletin\/wp-json\/wp\/v2\/types\/page"}],"author":[{"embeddable":true,"href":"https:\/\/www.sigre.es\/boletin\/wp-json\/wp\/v2\/users\/7"}],"replies":[{"embeddable":true,"href":"https:\/\/www.sigre.es\/boletin\/wp-json\/wp\/v2\/comments?post=3022"}],"version-history":[{"count":0,"href":"https:\/\/www.sigre.es\/boletin\/wp-json\/wp\/v2\/pages\/3022\/revisions"}],"up":[{"embeddable":true,"href":"https:\/\/www.sigre.es\/boletin\/wp-json\/wp\/v2\/pages\/2981"}],"wp:attachment":[{"href":"https:\/\/www.sigre.es\/boletin\/wp-json\/wp\/v2\/media?parent=3022"}],"curies":[{"name":"wp","href":"https:\/\/api.w.org\/{rel}","templated":true}]}}

15 AÑOS, 15 RECONOCIMIENTOS

<div id="fb-root"></div>
<p class="p1"><span class="s1">Cuando, en 2001, farmacéuticos, empresas de distribución y compañías farmacéuticas nos unimos para poner en marcha una iniciativa compartida para gestionar el reciclaje de los envases y residuos de los medicamentos, pocos podíamos imaginar que SIGRE alcanzaría el alto grado de eficacia, aceptación social y compromiso medioambiental que tiene quince años después.</span></p>
<p class="p1"><span class="s1">Para mí, este aniversario supone un doble motivo de satisfacción. El primero, por el orgullo de pertenecer a un sector, el del medicamento, que ha dado un gran ejemplo de coordinación y trabajo colaborativo en la puesta en marcha de este sistema. Y el segundo, aunque de menor importancia, por el hecho personal de que fue bajo mi primera presidencia de Farmaindustria cuando SIGRE nació y dio sus primeros pasos.</span></p>
<p class="p1"><span class="s1">Por todo ello, quiero trasladar mi agradecimiento y mi felicitación a todas las entidades, empresas y organizaciones que han contribuido, en mayor o menor medida, a este enorme éxito propio de una sociedad madura y comprometida como la española.</span></p>
<p class="p1" style="text-align: right;"><strong><span class="s1">Jesús Acebillo<br />
</span></strong><em><span class="s1">Presidente de Farmaindustria</span></em></p>

<p>Cuando, en 2001, farmacéuticos, empresas de distribución y compañías farmacéuticas nos unimos para poner en marcha una iniciativa compartida para gestionar el reciclaje de los envases y residuos de los medicamentos, pocos podíamos imaginar que SIGRE alcanzaría el alto grado de eficacia, aceptación social y compromiso medioambiental que tiene quince años después. Para mí, este [&hellip;]</p>
