{"id":2998,"date":"2016-11-21T17:41:29","date_gmt":"2016-11-21T16:41:29","guid":{"rendered":"https:\/\/www.sigre.es\/boletin\/?page_id=2998"},"modified":"2016-11-30T11:11:13","modified_gmt":"2016-11-30T10:11:13","slug":"declaraciones-3","status":"publish","type":"page","link":"https:\/\/www.sigre.es\/boletin\/sigre-informa-especial-15-aniversario\/declaraciones-3\/","title":{"rendered":"15 A\u00d1OS, 15 RECONOCIMIENTOS"},"content":{"rendered":"<div id=\"fb-root\"><\/div>\n<p class=\"p1\"><span class=\"s1\">Agradezco el reconocimiento que se le ha concedido a la Consejer\u00eda de Fomento y Medio Ambiente de la Junta de Castilla y Le\u00f3n, por nuestra colaboraci\u00f3n en la puesta en marcha de la Planta de Tratamiento de Envases y Residuos de Medicamentos, ubicada en Tudela de Duero (Valladolid).<\/span><\/p>\n<p class=\"p2\"><span class=\"s1\">La creaci\u00f3n de esta planta no deja de ser un eslab\u00f3n m\u00e1s del Sistema Integrado de Gesti\u00f3n y Recogida de Envases (SIGRE), creado hace ya quince a\u00f1os por vuestra entidad y que tiene un doble objetivo: garantizar el correcto tratamiento medioambiental de los envases de medicamentos de origen domiciliario y sensibilizar a los ciudadanos sobre los riesgos sanitarios derivados del uso inadecuado de los mismos.\u00a0<\/span><\/p>\n<p class=\"p1\"><span class=\"s1\">Es gratificante saber que entidades como SIGRE contin\u00faan el trabajo y la labor que tratamos de impulsar, tambi\u00e9n desde las distintas administraciones, de promover una mayor responsabilidad ambiental, impulsando pol\u00edticas medioambientales que abordan la gesti\u00f3n de residuos como un reto fundamental.<\/span><\/p>\n<p class=\"p1\"><span class=\"s1\">Es un hecho innegable que vuestra excelente labor, en estos quince a\u00f1os, se ha distinguido por la calidad y la innovaci\u00f3n, contribuyendo a concienciar y sensibilizar a la poblaci\u00f3n en algo, tan importante, como es la difusi\u00f3n de pr\u00e1cticas respetuosas con el medio ambiente. <\/span><\/p>\n<p class=\"p1\"><span class=\"s1\">Me complace especialmente que el sector farmac\u00e9utico sea uno de los l\u00edderes en abanderar estos cambios de comportamiento que son, sin duda, los que hacen progresar y avanzar en la mejora continua de nuestro medio ambiente y, por tanto, asegurar nuestro futuro y el de las generaciones venideras. <\/span><\/p>\n<p class=\"p4\" style=\"text-align: right;\"><span class=\"s1\"><b>Juan Carlos Suarez-Qui\u00f1ones<br \/>\n<\/b><\/span><em><span class=\"s1\">Consejero de Fomento y Medio Ambiente de la Junta de Castilla y Le\u00f3n<\/span><\/em><\/p>\n","protected":false},"excerpt":{"rendered":"<p>Agradezco el reconocimiento que se le ha concedido a la Consejer\u00eda de Fomento y Medio Ambiente de la Junta de Castilla y Le\u00f3n, por nuestra colaboraci\u00f3n en la puesta en marcha de la Planta de Tratamiento de Envases y Residuos de Medicamentos, ubicada en Tudela de Duero (Valladolid). La creaci\u00f3n de esta planta no deja [&hellip;]<\/p>\n","protected":false},"author":7,"featured_media":0,"parent":2981,"menu_order":271,"comment_status":"closed","ping_status":"closed","template":"sigre-entrevista.php","meta":{"footnotes":""},"class_list":["post-2998","page","type-page","status-publish","hentry"],"_links":{"self":[{"href":"https:\/\/www.sigre.es\/boletin\/wp-json\/wp\/v2\/pages\/2998","targetHints":{"allow":["GET"]}}],"collection":[{"href":"https:\/\/www.sigre.es\/boletin\/wp-json\/wp\/v2\/pages"}],"about":[{"href":"https:\/\/www.sigre.es\/boletin\/wp-json\/wp\/v2\/types\/page"}],"author":[{"embeddable":true,"href":"https:\/\/www.sigre.es\/boletin\/wp-json\/wp\/v2\/users\/7"}],"replies":[{"embeddable":true,"href":"https:\/\/www.sigre.es\/boletin\/wp-json\/wp\/v2\/comments?post=2998"}],"version-history":[{"count":0,"href":"https:\/\/www.sigre.es\/boletin\/wp-json\/wp\/v2\/pages\/2998\/revisions"}],"up":[{"embeddable":true,"href":"https:\/\/www.sigre.es\/boletin\/wp-json\/wp\/v2\/pages\/2981"}],"wp:attachment":[{"href":"https:\/\/www.sigre.es\/boletin\/wp-json\/wp\/v2\/media?parent=2998"}],"curies":[{"name":"wp","href":"https:\/\/api.w.org\/{rel}","templated":true}]}}

15 AÑOS, 15 RECONOCIMIENTOS

<div id="fb-root"></div>
<p class="p1"><span class="s1">Agradezco el reconocimiento que se le ha concedido a la Consejería de Fomento y Medio Ambiente de la Junta de Castilla y León, por nuestra colaboración en la puesta en marcha de la Planta de Tratamiento de Envases y Residuos de Medicamentos, ubicada en Tudela de Duero (Valladolid).</span></p>
<p class="p2"><span class="s1">La creación de esta planta no deja de ser un eslabón más del Sistema Integrado de Gestión y Recogida de Envases (SIGRE), creado hace ya quince años por vuestra entidad y que tiene un doble objetivo: garantizar el correcto tratamiento medioambiental de los envases de medicamentos de origen domiciliario y sensibilizar a los ciudadanos sobre los riesgos sanitarios derivados del uso inadecuado de los mismos. </span></p>
<p class="p1"><span class="s1">Es gratificante saber que entidades como SIGRE continúan el trabajo y la labor que tratamos de impulsar, también desde las distintas administraciones, de promover una mayor responsabilidad ambiental, impulsando políticas medioambientales que abordan la gestión de residuos como un reto fundamental.</span></p>
<p class="p1"><span class="s1">Es un hecho innegable que vuestra excelente labor, en estos quince años, se ha distinguido por la calidad y la innovación, contribuyendo a concienciar y sensibilizar a la población en algo, tan importante, como es la difusión de prácticas respetuosas con el medio ambiente. </span></p>
<p class="p1"><span class="s1">Me complace especialmente que el sector farmacéutico sea uno de los líderes en abanderar estos cambios de comportamiento que son, sin duda, los que hacen progresar y avanzar en la mejora continua de nuestro medio ambiente y, por tanto, asegurar nuestro futuro y el de las generaciones venideras. </span></p>
<p class="p4" style="text-align: right;"><span class="s1"><b>Juan Carlos Suarez-Quiñones<br />
</b></span><em><span class="s1">Consejero de Fomento y Medio Ambiente de la Junta de Castilla y León</span></em></p>

<p>Agradezco el reconocimiento que se le ha concedido a la Consejería de Fomento y Medio Ambiente de la Junta de Castilla y León, por nuestra colaboración en la puesta en marcha de la Planta de Tratamiento de Envases y Residuos de Medicamentos, ubicada en Tudela de Duero (Valladolid). La creación de esta planta no deja [&hellip;]</p>
