{"id":2983,"date":"2016-11-21T17:19:37","date_gmt":"2016-11-21T16:19:37","guid":{"rendered":"https:\/\/www.sigre.es\/boletin\/?page_id=2983"},"modified":"2016-11-30T11:11:35","modified_gmt":"2016-11-30T10:11:35","slug":"declaraciones","status":"publish","type":"page","link":"https:\/\/www.sigre.es\/boletin\/sigre-informa-especial-15-aniversario\/declaraciones\/","title":{"rendered":"15 A\u00d1OS, 15 RECONOCIMIENTOS"},"content":{"rendered":"<div id=\"fb-root\"><\/div>\n<p class=\"p1\"><span class=\"s1\">Esta iniciativa que hace 15 a\u00f1os impuls\u00f3 la industria farmac\u00e9utica y a la que se unieron, de manera un\u00e1nime, farmac\u00e9uticos y empresas de distribuci\u00f3n del sector se ha convertido, con el paso del tiempo, en el mayor proyecto colaborativo emprendido por el sector farmac\u00e9utico. <\/span><\/p>\n<p class=\"p1\"><span class=\"s1\">Durante este camino, afortunadamente, no hemos estado solos y han sido innumerables las instituciones y organizaciones, de dentro y fuera el sector farmac\u00e9utico, que han compartido nuestros dos grandes objetivos: cuidar de la salud de los ciudadanos y cuidar de la salud de la naturaleza.<span class=\"Apple-converted-space\">\u00a0 \u00a0<\/span><\/span><\/p>\n<p class=\"p1\"><span class=\"s1\">Conseguir que el reciclado de los envases y residuos de medicamentos forme parte de los h\u00e1bitos socio-sanitarios y medioambientales de los hogares espa\u00f1oles ha sido, por tanto, m\u00e9rito de todos.<\/span><\/p>\n<p class=\"p1\"><span class=\"s1\">Por ello, aprovecho este aniversario para agradecer a los agentes del sector farmac\u00e9utico el esfuerzo realizado, a las autoridades sanitarias y medioambientales el continuo apoyo que nos han ofrecido y al ciudadano la confianza que ha depositado en nosotros y que, a\u00f1o a a\u00f1o, se materializa en la mejora de su colaboraci\u00f3n.<\/span><\/p>\n<p class=\"p1\"><span class=\"s1\">A todos los que han hecho posible que hayamos podido alcanzar los objetivos que nos hab\u00edamos fijado, nuestro m\u00e1s sincero reconocimiento y agradecimiento.<\/span><\/p>\n<p class=\"p2\" style=\"text-align: right;\"><strong><span class=\"s1\">Humberto Arn\u00e9s<br \/>\n<\/span><\/strong><em><span class=\"s1\">Presidente de SIGRE y Director General de Farmaindustria<\/span><\/em><\/p>\n<p class=\"p2\" style=\"text-align: right;\"><strong><span class=\"s1\">\u00a0<\/span><\/strong><\/p>\n","protected":false},"excerpt":{"rendered":"<p>Esta iniciativa que hace 15 a\u00f1os impuls\u00f3 la industria farmac\u00e9utica y a la que se unieron, de manera un\u00e1nime, farmac\u00e9uticos y empresas de distribuci\u00f3n del sector se ha convertido, con el paso del tiempo, en el mayor proyecto colaborativo emprendido por el sector farmac\u00e9utico. Durante este camino, afortunadamente, no hemos estado solos y han sido [&hellip;]<\/p>\n","protected":false},"author":7,"featured_media":0,"parent":2981,"menu_order":272,"comment_status":"closed","ping_status":"closed","template":"sigre-entrevista.php","meta":{"footnotes":""},"class_list":["post-2983","page","type-page","status-publish","hentry"],"_links":{"self":[{"href":"https:\/\/www.sigre.es\/boletin\/wp-json\/wp\/v2\/pages\/2983","targetHints":{"allow":["GET"]}}],"collection":[{"href":"https:\/\/www.sigre.es\/boletin\/wp-json\/wp\/v2\/pages"}],"about":[{"href":"https:\/\/www.sigre.es\/boletin\/wp-json\/wp\/v2\/types\/page"}],"author":[{"embeddable":true,"href":"https:\/\/www.sigre.es\/boletin\/wp-json\/wp\/v2\/users\/7"}],"replies":[{"embeddable":true,"href":"https:\/\/www.sigre.es\/boletin\/wp-json\/wp\/v2\/comments?post=2983"}],"version-history":[{"count":0,"href":"https:\/\/www.sigre.es\/boletin\/wp-json\/wp\/v2\/pages\/2983\/revisions"}],"up":[{"embeddable":true,"href":"https:\/\/www.sigre.es\/boletin\/wp-json\/wp\/v2\/pages\/2981"}],"wp:attachment":[{"href":"https:\/\/www.sigre.es\/boletin\/wp-json\/wp\/v2\/media?parent=2983"}],"curies":[{"name":"wp","href":"https:\/\/api.w.org\/{rel}","templated":true}]}}

15 AÑOS, 15 RECONOCIMIENTOS

<div id="fb-root"></div>
<p class="p1"><span class="s1">Esta iniciativa que hace 15 años impulsó la industria farmacéutica y a la que se unieron, de manera unánime, farmacéuticos y empresas de distribución del sector se ha convertido, con el paso del tiempo, en el mayor proyecto colaborativo emprendido por el sector farmacéutico. </span></p>
<p class="p1"><span class="s1">Durante este camino, afortunadamente, no hemos estado solos y han sido innumerables las instituciones y organizaciones, de dentro y fuera el sector farmacéutico, que han compartido nuestros dos grandes objetivos: cuidar de la salud de los ciudadanos y cuidar de la salud de la naturaleza.<span class="Apple-converted-space">   </span></span></p>
<p class="p1"><span class="s1">Conseguir que el reciclado de los envases y residuos de medicamentos forme parte de los hábitos socio-sanitarios y medioambientales de los hogares españoles ha sido, por tanto, mérito de todos.</span></p>
<p class="p1"><span class="s1">Por ello, aprovecho este aniversario para agradecer a los agentes del sector farmacéutico el esfuerzo realizado, a las autoridades sanitarias y medioambientales el continuo apoyo que nos han ofrecido y al ciudadano la confianza que ha depositado en nosotros y que, año a año, se materializa en la mejora de su colaboración.</span></p>
<p class="p1"><span class="s1">A todos los que han hecho posible que hayamos podido alcanzar los objetivos que nos habíamos fijado, nuestro más sincero reconocimiento y agradecimiento.</span></p>
<p class="p2" style="text-align: right;"><strong><span class="s1">Humberto Arnés<br />
</span></strong><em><span class="s1">Presidente de SIGRE y Director General de Farmaindustria</span></em></p>
<p class="p2" style="text-align: right;"><strong><span class="s1"> </span></strong></p>

<p>Esta iniciativa que hace 15 años impulsó la industria farmacéutica y a la que se unieron, de manera unánime, farmacéuticos y empresas de distribución del sector se ha convertido, con el paso del tiempo, en el mayor proyecto colaborativo emprendido por el sector farmacéutico. Durante este camino, afortunadamente, no hemos estado solos y han sido [&hellip;]</p>
