{"id":2089,"date":"2015-12-12T12:51:46","date_gmt":"2015-12-12T11:51:46","guid":{"rendered":"https:\/\/www.sigre.es\/boletin\/sigre-informa-54\/red-iberoamericana\/"},"modified":"2016-04-06T09:17:15","modified_gmt":"2016-04-06T08:17:15","slug":"red-iberoamericana","status":"publish","type":"page","link":"https:\/\/www.sigre.es\/boletin\/sigre-informa-54\/red-iberoamericana\/","title":{"rendered":"RED IBEROAMERICANA"},"content":{"rendered":"<div id=\"fb-root\"><\/div>\n<p>En el a\u00f1o 2008, la C\u00e1mara de la Industria Farmac\u00e9utica de la Asociaci\u00f3n Nacional de Empresarios de Colombia (ANDI) solicit\u00f3 la colaboraci\u00f3n de SIGRE para el desarrollo e implantaci\u00f3n de un sistema de recogida y gesti\u00f3n de residuos de medicamentos en ese pa\u00eds.<\/p>\n<p>Fruto de esta colaboraci\u00f3n, los laboratorios farmac\u00e9uticos colombianos pusieron en marcha uno de los primeros Programas Posconsumo de Medicamentos que se han implantado en Am\u00e9rica Latina: la Corporaci\u00f3n Punto Azul.<\/p>\n<p>En la actualidad, 196 laboratorios farmac\u00e9uticos, la pr\u00e1ctica totalidad de los que comercializan medicamentos en Colombia, se encuentran adheridos a este Programa.<\/p>\n<p>Con una poblaci\u00f3n de 47 millones de habitantes, similar a la espa\u00f1ola, Colombia tiene una extensi\u00f3n de 4,2 veces la de nuestro pa\u00eds. Este factor, unido al de su especial orograf\u00eda y a la distribuci\u00f3n territorial de la poblaci\u00f3n, ha condicionado la puesta en marcha del sistema y su modelo de funcionamiento.<\/p>\n<p>En la actualidad, el Programa se encuentra en plena fase de implantaci\u00f3n en las 19.500 farmacias y en las 14.500 droguer\u00edas que venden OTC en Colombia y ya est\u00e1 operativo en 25 de los 32 Departamentos que, administrativamente, componen el pa\u00eds, ofreciendo el servicio a aproximadamente el 50% de la poblaci\u00f3n.<\/p>\n<p>Tanto de la retirada de los residuos depositados por el ciudadano en los Puntos Azules, como de la posterior gesti\u00f3n ambiental de estos residuos, se encarga un gestor autorizado que dispone, estrat\u00e9gicamente distribuidos, de 3 centros de transferencia y de 3 plantas de tratamiento.<\/p>\n<p><strong>Un sistema en fase de implantaci\u00f3n<\/strong><\/p>\n<p>En una reciente visita a Espa\u00f1a para conocer <em>in situ<\/em> el funcionamiento de SIGRE, Jorge Trujillo, Director Ejecutivo de la Corporaci\u00f3n Punto Azul, se\u00f1al\u00f3 que, adem\u00e1s de la implantaci\u00f3n de los puntos de recogida, la principal l\u00ednea de trabajo actual es el desarrollo, junto con el Ministerio de Medio Ambiente, el de Sanidad y la Polic\u00eda Fiscal Aduanera, de una serie de iniciativas legislativas que han presentado al Gobierno.<\/p>\n<p>Entre estas propuestas, gran parte de ellas basadas en el modelo de funcionamiento de SIGRE, se encuentran: la inclusi\u00f3n del logotipo de la Corporaci\u00f3n en los envases de medicamentos; que el posconsumo forme parte de la cadena de valor del medicamento y contribuya a aportar datos sobre su trazabilidad; que las licencias ambientales para los laboratorios incluyan su adhesi\u00f3n a la Corporaci\u00f3n; y, adem\u00e1s, que el Programa Posconsumo de Medicamentos se contemple en la normativa de residuos sanitarios.<\/p>\n<p style=\"text-align: center;\"><a href=\"https:\/\/www.sigre.es\/boletin\/wp-content\/uploads\/2015\/12\/Jorge-Trujillo.jpg\" rel=\"attachment wp-att-2129\"><img loading=\"lazy\" decoding=\"async\" class=\"aligncenter size-medium wp-image-2129\" src=\"https:\/\/www.sigre.es\/boletin\/wp-content\/uploads\/2015\/12\/Jorge-Trujillo-300x297.jpg\" alt=\"Jorge-Trujillo\" width=\"300\" height=\"297\" srcset=\"https:\/\/www.sigre.es\/boletin\/wp-content\/uploads\/2015\/12\/Jorge-Trujillo-300x297.jpg 300w, https:\/\/www.sigre.es\/boletin\/wp-content\/uploads\/2015\/12\/Jorge-Trujillo-150x150.jpg 150w, https:\/\/www.sigre.es\/boletin\/wp-content\/uploads\/2015\/12\/Jorge-Trujillo-768x761.jpg 768w, https:\/\/www.sigre.es\/boletin\/wp-content\/uploads\/2015\/12\/Jorge-Trujillo-1024x1015.jpg 1024w, https:\/\/www.sigre.es\/boletin\/wp-content\/uploads\/2015\/12\/Jorge-Trujillo.jpg 1052w\" sizes=\"auto, (max-width: 300px) 100vw, 300px\" \/><\/a><span style=\"color: #808080;font-size: 14px\">Jorge Trujillo, Director de la Corporaci\u00f3n Punto Azul de Colombia,<\/span><br \/>\n<span style=\"color: #808080;\"> durante su visita a SIGRE.<\/span><\/p>\n<p>Con respecto a la Red Iberoamericana de Programas Posconsumo, creada recientemente y de la que la Corporaci\u00f3n Punto Azul forma parte, Jorge Trujillo coment\u00f3 que <em>\u201cuna de las primeras acciones a emprender por la Red es enviar a los Gobiernos de los pa\u00edses iberoamericanos un documento t\u00e9cnico que recoja la experiencia de los pa\u00edses que ya han implantado los programas poscosumo, para incentivar su creaci\u00f3n y promover el desarrollo de una legislaci\u00f3n adecuada\u201d<\/em>.<\/p>\n","protected":false},"excerpt":{"rendered":"<p>En el a\u00f1o 2008, la C\u00e1mara de la Industria Farmac\u00e9utica de la Asociaci\u00f3n Nacional de Empresarios de Colombia (ANDI) solicit\u00f3 la colaboraci\u00f3n de SIGRE para el desarrollo e implantaci\u00f3n de un sistema de recogida y gesti\u00f3n de residuos de medicamentos en ese pa\u00eds. Fruto de esta colaboraci\u00f3n, los laboratorios farmac\u00e9uticos colombianos pusieron en marcha uno [&hellip;]<\/p>\n","protected":false},"author":7,"featured_media":0,"parent":2076,"menu_order":237,"comment_status":"closed","ping_status":"closed","template":"articulo1.php","meta":{"footnotes":""},"class_list":["post-2089","page","type-page","status-publish","hentry"],"_links":{"self":[{"href":"https:\/\/www.sigre.es\/boletin\/wp-json\/wp\/v2\/pages\/2089","targetHints":{"allow":["GET"]}}],"collection":[{"href":"https:\/\/www.sigre.es\/boletin\/wp-json\/wp\/v2\/pages"}],"about":[{"href":"https:\/\/www.sigre.es\/boletin\/wp-json\/wp\/v2\/types\/page"}],"author":[{"embeddable":true,"href":"https:\/\/www.sigre.es\/boletin\/wp-json\/wp\/v2\/users\/7"}],"replies":[{"embeddable":true,"href":"https:\/\/www.sigre.es\/boletin\/wp-json\/wp\/v2\/comments?post=2089"}],"version-history":[{"count":0,"href":"https:\/\/www.sigre.es\/boletin\/wp-json\/wp\/v2\/pages\/2089\/revisions"}],"up":[{"embeddable":true,"href":"https:\/\/www.sigre.es\/boletin\/wp-json\/wp\/v2\/pages\/2076"}],"wp:attachment":[{"href":"https:\/\/www.sigre.es\/boletin\/wp-json\/wp\/v2\/media?parent=2089"}],"curies":[{"name":"wp","href":"https:\/\/api.w.org\/{rel}","templated":true}]}}