{"id":2085,"date":"2015-12-12T12:51:46","date_gmt":"2015-12-12T11:51:46","guid":{"rendered":"https:\/\/www.sigre.es\/boletin\/sigre-informa-54\/congresos-y-jornadas-2\/"},"modified":"2015-12-14T15:41:46","modified_gmt":"2015-12-14T14:41:46","slug":"congresos-y-jornadas-2","status":"publish","type":"page","link":"https:\/\/www.sigre.es\/boletin\/sigre-informa-54\/congresos-y-jornadas-2\/","title":{"rendered":"CONGRESOS Y JORNADAS"},"content":{"rendered":"<div id=\"fb-root\"><\/div>\n<p>Los d\u00edas 18 y 19 de noviembre se ha celebrado la 8\u00aa edici\u00f3n de EMPACK Madrid, una feria especializada en el envase y embalaje que es una referencia para presentar los avances en tecnolog\u00edas de envasado.<\/p>\n<p>En esta edici\u00f3n, m\u00e1s de 110 empresas participantes y 7.800 profesionales han acudido a esta feria para conocer las novedades del envase y presenciar los seminarios y talleres del evento.<\/p>\n<p>Dentro de las diferentes actividades llevadas a cabo en EMPACK, Mar\u00eda Jos\u00e9 Bl\u00e1zquez, Directora del Departamento T\u00e9cnico y de Operaciones de SIGRE, ha participado en la jornada de conferencias organizadas por el Instituto Tecnol\u00f3gico del Embalaje, Transporte y Log\u00edstica ITENE para acercar al p\u00fablico las tendencias del envase y embalaje.<\/p>\n<p>En su intervenci\u00f3n, Bl\u00e1zquez present\u00f3 la Gu\u00eda de Ecodise\u00f1o para envases farmac\u00e9uticos, destacando su valor innovador y pionero, ya que se trata del primer documento que aborda esta materia en el sector.<\/p>\n<p style=\"text-align: center;\"><span style=\"color: #808080;\"><a style=\"color: #808080;\" href=\"https:\/\/www.sigre.es\/boletin\/wp-content\/uploads\/2015\/12\/Maria-Jose.jpg\" rel=\"attachment wp-att-2162\"><img loading=\"lazy\" decoding=\"async\" class=\"aligncenter wp-image-2162\" src=\"https:\/\/www.sigre.es\/boletin\/wp-content\/uploads\/2015\/12\/Maria-Jose.jpg\" alt=\"Maria-Jose\" width=\"500\" height=\"374\" srcset=\"https:\/\/www.sigre.es\/boletin\/wp-content\/uploads\/2015\/12\/Maria-Jose.jpg 649w, https:\/\/www.sigre.es\/boletin\/wp-content\/uploads\/2015\/12\/Maria-Jose-300x224.jpg 300w\" sizes=\"auto, (max-width: 500px) 100vw, 500px\" \/><\/a>Mar\u00eda Jos\u00e9 Bl\u00e1zquez, Directora T\u00e9cnica y de Operaciones de SIGRE, durante su presentaci\u00f3n en EMPACK.<\/span><\/p>\n<p>Mar\u00eda Jos\u00e9 Bl\u00e1zquez despert\u00f3 el inter\u00e9s del p\u00fablico y resalt\u00f3 tambi\u00e9n el valor de esta Gu\u00eda, que ampl\u00eda la visi\u00f3n de las medidas de ecodise\u00f1o que se pueden aplicar a los envases farmac\u00e9uticos y abre nuevas v\u00edas para que la industria farmac\u00e9utica siga minimizando el impacto ambiental de sus envases, de una forma metodol\u00f3gica y cuantificada.<\/p>\n<p>Con esta ponencia, el sector farmac\u00e9utico, a trav\u00e9s de SIGRE, est\u00e1 presente en los principales foros y congresos sectoriales, participando en actividades que difunden su compromiso con la sostenibilidad y con los principios de la econom\u00eda circular.<\/p>\n","protected":false},"excerpt":{"rendered":"<p>Los d\u00edas 18 y 19 de noviembre se ha celebrado la 8\u00aa edici\u00f3n de EMPACK Madrid, una feria especializada en el envase y embalaje que es una referencia para presentar los avances en tecnolog\u00edas de envasado. En esta edici\u00f3n, m\u00e1s de 110 empresas participantes y 7.800 profesionales han acudido a esta feria para conocer las [&hellip;]<\/p>\n","protected":false},"author":7,"featured_media":0,"parent":2076,"menu_order":243,"comment_status":"closed","ping_status":"closed","template":"articulo1.php","meta":{"footnotes":""},"class_list":["post-2085","page","type-page","status-publish","hentry"],"_links":{"self":[{"href":"https:\/\/www.sigre.es\/boletin\/wp-json\/wp\/v2\/pages\/2085","targetHints":{"allow":["GET"]}}],"collection":[{"href":"https:\/\/www.sigre.es\/boletin\/wp-json\/wp\/v2\/pages"}],"about":[{"href":"https:\/\/www.sigre.es\/boletin\/wp-json\/wp\/v2\/types\/page"}],"author":[{"embeddable":true,"href":"https:\/\/www.sigre.es\/boletin\/wp-json\/wp\/v2\/users\/7"}],"replies":[{"embeddable":true,"href":"https:\/\/www.sigre.es\/boletin\/wp-json\/wp\/v2\/comments?post=2085"}],"version-history":[{"count":0,"href":"https:\/\/www.sigre.es\/boletin\/wp-json\/wp\/v2\/pages\/2085\/revisions"}],"up":[{"embeddable":true,"href":"https:\/\/www.sigre.es\/boletin\/wp-json\/wp\/v2\/pages\/2076"}],"wp:attachment":[{"href":"https:\/\/www.sigre.es\/boletin\/wp-json\/wp\/v2\/media?parent=2085"}],"curies":[{"name":"wp","href":"https:\/\/api.w.org\/{rel}","templated":true}]}}