{"id":2083,"date":"2015-12-12T12:51:46","date_gmt":"2015-12-12T11:51:46","guid":{"rendered":"https:\/\/www.sigre.es\/boletin\/sigre-informa-54\/congresos-y-jornadas\/"},"modified":"2015-12-14T15:50:35","modified_gmt":"2015-12-14T14:50:35","slug":"congresos-y-jornadas","status":"publish","type":"page","link":"https:\/\/www.sigre.es\/boletin\/sigre-informa-54\/congresos-y-jornadas\/","title":{"rendered":"CONGRESOS Y JORNADAS"},"content":{"rendered":"<div id=\"fb-root\"><\/div>\n<p>A lo largo del \u00faltimo trimestre del a\u00f1o, SIGRE ha participado activamente en algunos de los principales foros, congresos y jornadas de tem\u00e1tica medioambiental y socio-sanitaria.<\/p>\n<p>As\u00ed, SIGRE ha colaborado con la Asociaci\u00f3n de Periodistas de Informaci\u00f3n Ambiental (APIA) en el XI Congreso de Periodismo Ambiental, centrado en esta ocasi\u00f3n en la importancia que le prestan al medio ambiente los partidos pol\u00edticos y en c\u00f3mo despertar un mayor inter\u00e9s de los responsables de los medios de comunicaci\u00f3n hacia los temas ambientales.<\/p>\n<p>Asimismo, SIGRE, en su calidad de miembro del Comit\u00e9 Ejecutivo de la Red Espa\u00f1ola del Pacto Mundial de Naciones Unidas, particip\u00f3 en la celebraci\u00f3n del 70\u00ba Aniversario de la ONU, que en esta ocasi\u00f3n cont\u00f3 con la presencia de Ban Ki-moon, Secretario General de esta instituci\u00f3n.<\/p>\n<p>Por otro lado, SIGRE intervino en la jornada de conferencias (EMPACK) organizadas por el Instituto Tecnol\u00f3gico del Embalaje, Transporte y Log\u00edstica ITENE para acercar al p\u00fablico los esfuerzos en ecodise\u00f1o de la industria farmac\u00e9utica.<\/p>\n<p>En este \u00e1mbito, tambi\u00e9n estuvo presente en las reuniones del Consejo Rector de Packnet, uno de los principales puntos de encuentro de los intereses de la industria del envase y embalaje.<\/p>\n","protected":false},"excerpt":{"rendered":"<p>A lo largo del \u00faltimo trimestre del a\u00f1o, SIGRE ha participado activamente en algunos de los principales foros, congresos y jornadas de tem\u00e1tica medioambiental y socio-sanitaria. As\u00ed, SIGRE ha colaborado con la Asociaci\u00f3n de Periodistas de Informaci\u00f3n Ambiental (APIA) en el XI Congreso de Periodismo Ambiental, centrado en esta ocasi\u00f3n en la importancia que le [&hellip;]<\/p>\n","protected":false},"author":7,"featured_media":0,"parent":2076,"menu_order":246,"comment_status":"closed","ping_status":"closed","template":"articulo1.php","meta":{"footnotes":""},"class_list":["post-2083","page","type-page","status-publish","hentry"],"_links":{"self":[{"href":"https:\/\/www.sigre.es\/boletin\/wp-json\/wp\/v2\/pages\/2083","targetHints":{"allow":["GET"]}}],"collection":[{"href":"https:\/\/www.sigre.es\/boletin\/wp-json\/wp\/v2\/pages"}],"about":[{"href":"https:\/\/www.sigre.es\/boletin\/wp-json\/wp\/v2\/types\/page"}],"author":[{"embeddable":true,"href":"https:\/\/www.sigre.es\/boletin\/wp-json\/wp\/v2\/users\/7"}],"replies":[{"embeddable":true,"href":"https:\/\/www.sigre.es\/boletin\/wp-json\/wp\/v2\/comments?post=2083"}],"version-history":[{"count":0,"href":"https:\/\/www.sigre.es\/boletin\/wp-json\/wp\/v2\/pages\/2083\/revisions"}],"up":[{"embeddable":true,"href":"https:\/\/www.sigre.es\/boletin\/wp-json\/wp\/v2\/pages\/2076"}],"wp:attachment":[{"href":"https:\/\/www.sigre.es\/boletin\/wp-json\/wp\/v2\/media?parent=2083"}],"curies":[{"name":"wp","href":"https:\/\/api.w.org\/{rel}","templated":true}]}}