{"id":11481,"date":"2026-04-08T16:58:03","date_gmt":"2026-04-08T15:58:03","guid":{"rendered":"https:\/\/www.sigre.es\/boletin\/?page_id=11481"},"modified":"2026-04-10T10:48:10","modified_gmt":"2026-04-10T09:48:10","slug":"ultima-hora","status":"publish","type":"page","link":"https:\/\/www.sigre.es\/boletin\/sigre-informa-95\/ultima-hora\/","title":{"rendered":"\u00daLTIMA HORA"},"content":{"rendered":"<div id=\"fb-root\"><\/div>\n<p>El pasado 30 de marzo, la Comisi\u00f3n Europea public\u00f3\u00a0un paquete de documentos de orientaci\u00f3n y preguntas frecuentes sobre el\u00a0Reglamento UE 2025\/40, de envases y residuos de envases (PPWR),\u00a0que empezar\u00e1 a aplicarse de forma general a partir del\u00a012 de agosto de 2026. Estos documentos tienen como objetivo facilitar la aplicaci\u00f3n uniforme de las nuevas normas sobre envases en toda la UE.<\/p>\n<p>Entre otras cuestiones pr\u00e1cticas, el documento pretende clarificar la definici\u00f3n de envase y de fabricante\/productor, la fecha de aplicaci\u00f3n de los requisitos de reciclabilidad, las exenciones del objetivo de contenido reciclado y las orientaciones sobre la aplicaci\u00f3n de la Responsabilidad Ampliada del Productor (RAP).<\/p>\n<p>Por otra parte, la Comisi\u00f3n Europea est\u00e1 preparando distintos actos delegados y de ejecuci\u00f3n, incluidos los relativos a formatos armonizados de registro y notificaci\u00f3n para la RAP, el etiquetado para la clasificaci\u00f3n de residuos por parte de los consumidores, el contenido reciclado en envases de pl\u00e1stico y los criterios de reciclabilidad.<\/p>\n<p>Los documentos oficiales est\u00e1n disponibles en el <a href=\"https:\/\/ec.europa.eu\/commission\/presscorner\/detail\/en\/ip_26_664\">portal de la Comisi\u00f3n Europea (Environment)<\/a> bajo el t\u00edtulo\u00a0<em>\u201cGuidance document on Packaging and Packaging Waste Regulation (PPWR)\u201d<\/em>\u00a0y\u00a0<em>\u201cFrequently Asked Questions on the Packaging and Packaging Waste Regulation (PPWR)\u201d.<\/em><\/p>\n<p>&nbsp;<\/p>\n<p><a href=\"https:\/\/www.sigre.es\/boletin\/wp-content\/uploads\/2026\/04\/Imagen-apartado-3-normativa-e1775660499437.png\"><img loading=\"lazy\" decoding=\"async\" class=\"aligncenter size-full wp-image-11357\" src=\"https:\/\/www.sigre.es\/boletin\/wp-content\/uploads\/2026\/04\/Imagen-apartado-3-normativa-e1775660499437.png\" alt=\"\" width=\"442\" height=\"259\" \/><\/a><\/p>\n<p>&nbsp;<\/p>\n<p>&nbsp;<\/p>\n","protected":false},"excerpt":{"rendered":"<p>El pasado 30 de marzo, la Comisi\u00f3n Europea public\u00f3\u00a0un paquete de documentos de orientaci\u00f3n y preguntas frecuentes sobre el\u00a0Reglamento UE 2025\/40, de envases y residuos de envases (PPWR),\u00a0que empezar\u00e1 a aplicarse de forma general a partir del\u00a012 de agosto de 2026. Estos documentos tienen como objetivo facilitar la aplicaci\u00f3n uniforme de las nuevas normas sobre [&hellip;]<\/p>\n","protected":false},"author":7,"featured_media":0,"parent":11334,"menu_order":32,"comment_status":"closed","ping_status":"closed","template":"sigre-entrevista.php","meta":{"footnotes":""},"class_list":["post-11481","page","type-page","status-publish","hentry"],"_links":{"self":[{"href":"https:\/\/www.sigre.es\/boletin\/wp-json\/wp\/v2\/pages\/11481","targetHints":{"allow":["GET"]}}],"collection":[{"href":"https:\/\/www.sigre.es\/boletin\/wp-json\/wp\/v2\/pages"}],"about":[{"href":"https:\/\/www.sigre.es\/boletin\/wp-json\/wp\/v2\/types\/page"}],"author":[{"embeddable":true,"href":"https:\/\/www.sigre.es\/boletin\/wp-json\/wp\/v2\/users\/7"}],"replies":[{"embeddable":true,"href":"https:\/\/www.sigre.es\/boletin\/wp-json\/wp\/v2\/comments?post=11481"}],"version-history":[{"count":8,"href":"https:\/\/www.sigre.es\/boletin\/wp-json\/wp\/v2\/pages\/11481\/revisions"}],"predecessor-version":[{"id":11597,"href":"https:\/\/www.sigre.es\/boletin\/wp-json\/wp\/v2\/pages\/11481\/revisions\/11597"}],"up":[{"embeddable":true,"href":"https:\/\/www.sigre.es\/boletin\/wp-json\/wp\/v2\/pages\/11334"}],"wp:attachment":[{"href":"https:\/\/www.sigre.es\/boletin\/wp-json\/wp\/v2\/media?parent=11481"}],"curies":[{"name":"wp","href":"https:\/\/api.w.org\/{rel}","templated":true}]}}