{"id":11467,"date":"2026-04-08T16:54:46","date_gmt":"2026-04-08T15:54:46","guid":{"rendered":"https:\/\/www.sigre.es\/boletin\/?page_id=11467"},"modified":"2026-04-10T13:13:05","modified_gmt":"2026-04-10T12:13:05","slug":"resistencias-antimicrobianas","status":"publish","type":"page","link":"https:\/\/www.sigre.es\/boletin\/sigre-informa-95\/resistencias-antimicrobianas\/","title":{"rendered":"RESISTENCIAS ANTIMICROBIANAS"},"content":{"rendered":"<div id=\"fb-root\"><\/div>\n<p>SIGRE ha participado en el <em>stakeholder forum<\/em> sobre medioambiente de la <a href=\"https:\/\/eu-jamrai.eu\/event\/eu-jamrai-2-annual-meeting-2026\/\">reuni\u00f3n anual de EU-JAMRAI 2<\/a>, que tuvo lugar del 28 al 30 de enero de 2026 en Viena (Austria).<\/p>\n<p>EU-JAMRAI2 es la segunda edici\u00f3n de la Acci\u00f3n Conjunta Europea sobre Resistencia a los Antimicrobianos e Infecciones Relacionadas con la Atenci\u00f3n Sanitaria, y surge con el ambicioso objetivo de cambiar el enfoque mundial sobre la resistencia a los antimicrobianos aplicando el enfoque de \u00abUna Sola Salud\u00bb (One Health) en humanos, animales y medioambiente.<\/p>\n<p>Espa\u00f1a juega de nuevo un papel crucial en esta segunda parte del proyecto a trav\u00e9s de la participaci\u00f3n de la Agencia Espa\u00f1ola de Medicamentos y Productos Sanitarios (AEMPS), que lidera las \u00e1reas de trabajo de comunicaci\u00f3n y sensibilizaci\u00f3n y colidera la de diseminaci\u00f3n y los Programas de Optimizaci\u00f3n de Uso de los Antibi\u00f3ticos (PROA).<\/p>\n<p>Dentro de este marco, EU-JAMRAI 2 invit\u00f3 a SIGRE a intervenir en el panel de medioambiente para compartir la experiencia de Espa\u00f1a en el correcto cierre del ciclo de vida de los medicamentos y su contribuci\u00f3n a mitigar la <a href=\"https:\/\/sigre.es\/post\/la-contaminacion-del-medio-ambiente-aumenta-la-resistencia-de-las-bacterias-a-los-antibioticos\">dispersi\u00f3n de sus residuos en el entorno<\/a>, que puede favorecer la aparici\u00f3n o propagaci\u00f3n de las RAM.<\/p>\n<p>&nbsp;<\/p>\n<p><a href=\"https:\/\/www.sigre.es\/boletin\/wp-content\/uploads\/2026\/04\/Imagen-EUJAMRAI.png\"><img loading=\"lazy\" decoding=\"async\" class=\"aligncenter size-full wp-image-11369\" src=\"https:\/\/www.sigre.es\/boletin\/wp-content\/uploads\/2026\/04\/Imagen-EUJAMRAI.png\" alt=\"\" width=\"637\" height=\"358\" srcset=\"https:\/\/www.sigre.es\/boletin\/wp-content\/uploads\/2026\/04\/Imagen-EUJAMRAI.png 637w, https:\/\/www.sigre.es\/boletin\/wp-content\/uploads\/2026\/04\/Imagen-EUJAMRAI-300x169.png 300w\" sizes=\"auto, (max-width: 637px) 100vw, 637px\" \/><\/a><\/p>\n<p>&nbsp;<\/p>\n","protected":false},"excerpt":{"rendered":"<p>SIGRE ha participado en el stakeholder forum sobre medioambiente de la reuni\u00f3n anual de EU-JAMRAI 2, que tuvo lugar del 28 al 30 de enero de 2026 en Viena (Austria). EU-JAMRAI2 es la segunda edici\u00f3n de la Acci\u00f3n Conjunta Europea sobre Resistencia a los Antimicrobianos e Infecciones Relacionadas con la Atenci\u00f3n Sanitaria, y surge con [&hellip;]<\/p>\n","protected":false},"author":7,"featured_media":0,"parent":11334,"menu_order":49,"comment_status":"closed","ping_status":"closed","template":"sigre-entrevista.php","meta":{"footnotes":""},"class_list":["post-11467","page","type-page","status-publish","hentry"],"_links":{"self":[{"href":"https:\/\/www.sigre.es\/boletin\/wp-json\/wp\/v2\/pages\/11467","targetHints":{"allow":["GET"]}}],"collection":[{"href":"https:\/\/www.sigre.es\/boletin\/wp-json\/wp\/v2\/pages"}],"about":[{"href":"https:\/\/www.sigre.es\/boletin\/wp-json\/wp\/v2\/types\/page"}],"author":[{"embeddable":true,"href":"https:\/\/www.sigre.es\/boletin\/wp-json\/wp\/v2\/users\/7"}],"replies":[{"embeddable":true,"href":"https:\/\/www.sigre.es\/boletin\/wp-json\/wp\/v2\/comments?post=11467"}],"version-history":[{"count":7,"href":"https:\/\/www.sigre.es\/boletin\/wp-json\/wp\/v2\/pages\/11467\/revisions"}],"predecessor-version":[{"id":11611,"href":"https:\/\/www.sigre.es\/boletin\/wp-json\/wp\/v2\/pages\/11467\/revisions\/11611"}],"up":[{"embeddable":true,"href":"https:\/\/www.sigre.es\/boletin\/wp-json\/wp\/v2\/pages\/11334"}],"wp:attachment":[{"href":"https:\/\/www.sigre.es\/boletin\/wp-json\/wp\/v2\/media?parent=11467"}],"curies":[{"name":"wp","href":"https:\/\/api.w.org\/{rel}","templated":true}]}}