{"id":10987,"date":"2025-10-08T11:26:51","date_gmt":"2025-10-08T10:26:51","guid":{"rendered":"https:\/\/www.sigre.es\/boletin\/sigre-informa-93\/foros-y-congresos-2\/"},"modified":"2025-10-08T12:55:05","modified_gmt":"2025-10-08T11:55:05","slug":"foros-y-congresos","status":"publish","type":"page","link":"https:\/\/www.sigre.es\/boletin\/sigre-informa-93\/foros-y-congresos\/","title":{"rendered":"FOROS Y CONGRESOS"},"content":{"rendered":"<div id=\"fb-root\"><\/div>\n<p>En este apartado queremos destacar nuestra presencia en tres eventos de referencia en materia de sostenibilidad y econom\u00eda circular que se han celebrado a lo largo de estos meses de verano.<\/p>\n<p>Tras nuestra colaboraci\u00f3n t\u00e9cnica en la elaboraci\u00f3n de la <a href=\"https:\/\/drive.google.com\/file\/d\/1rQhX9KLDEflmi3h54H0DeZjmXQ0lUA9U\/view\" target=\"_blank\" rel=\"noopener\">Enciclopedia \u201cDe la A al \u2018Zero\u2019: Retos y propuestas de sostenibilidad ambiental\u201d<\/a>, participamos en la mesa redonda de presentaci\u00f3n de este documento, celebrada en la residencia del Embajador de Dinamarca en Espa\u00f1a.<\/p>\n<p><a href=\"https:\/\/www.sigre.es\/boletin\/wp-content\/uploads\/2025\/10\/10.-Foros-y-Congresos.jpg\"><img loading=\"lazy\" decoding=\"async\" class=\"aligncenter wp-image-10941\" src=\"https:\/\/www.sigre.es\/boletin\/wp-content\/uploads\/2025\/10\/10.-Foros-y-Congresos.jpg\" alt=\"\" width=\"410\" height=\"307\" srcset=\"https:\/\/www.sigre.es\/boletin\/wp-content\/uploads\/2025\/10\/10.-Foros-y-Congresos.jpg 746w, https:\/\/www.sigre.es\/boletin\/wp-content\/uploads\/2025\/10\/10.-Foros-y-Congresos-300x225.jpg 300w\" sizes=\"auto, (max-width: 410px) 100vw, 410px\" \/><\/a><\/p>\n<p>Por otro lado, fuimos part\u00edcipes del <a href=\"https:\/\/www.fundacionconama.org\/iii-edicion-del-fororap-una-vision-comun-ante-los-retos-europeos-de-la-responsabilidad-ampliada-del-productor\/\" target=\"_blank\" rel=\"noopener\">III Foro Responsabilidad Ampliada del Productor (RAP)<\/a>, organizado por la Fundaci\u00f3n Econom\u00eda Circular y la Fundaci\u00f3n Conama, un espacio de referencia en esta materia y que en esta edici\u00f3n ha puesto el foco en el nuevo ciclo pol\u00edtico europeo y su impacto en la pol\u00edtica de residuos, con el objetivo de generar una visi\u00f3n colectiva sobre los retos que Espa\u00f1a debe afrontar ante los pr\u00f3ximos reglamentos europeos. Tambi\u00e9n se abord\u00f3 la importancia de reforzar la colaboraci\u00f3n con las pymes en materia de sostenibilidad y su importante papel dentro del modelo de la RAP.<\/p>\n<p>Asimismo, estuvimos presente en el \u201c<strong>ESG Spain 2025: Corporate Sustainability Forum<\/strong>\u201d, promovido por For\u00e9tica, que reuni\u00f3 a referentes nacionales e internacionales en sostenibilidad, junto con directivos de empresas y representantes institucionales, para analizar c\u00f3mo la transformaci\u00f3n tecnol\u00f3gica, la inteligencia artificial y la urgencia clim\u00e1tica y social deben redefinir las estrategias corporativas.<\/p>\n","protected":false},"excerpt":{"rendered":"<p>En este apartado queremos destacar nuestra presencia en tres eventos de referencia en materia de sostenibilidad y econom\u00eda circular que se han celebrado a lo largo de estos meses de verano. Tras nuestra colaboraci\u00f3n t\u00e9cnica en la elaboraci\u00f3n de la Enciclopedia \u201cDe la A al \u2018Zero\u2019: Retos y propuestas de sostenibilidad ambiental\u201d, participamos en la [&hellip;]<\/p>\n","protected":false},"author":12,"featured_media":0,"parent":10873,"menu_order":123,"comment_status":"closed","ping_status":"closed","template":"sigre-entrevista.php","meta":{"footnotes":""},"class_list":["post-10987","page","type-page","status-publish","hentry"],"_links":{"self":[{"href":"https:\/\/www.sigre.es\/boletin\/wp-json\/wp\/v2\/pages\/10987","targetHints":{"allow":["GET"]}}],"collection":[{"href":"https:\/\/www.sigre.es\/boletin\/wp-json\/wp\/v2\/pages"}],"about":[{"href":"https:\/\/www.sigre.es\/boletin\/wp-json\/wp\/v2\/types\/page"}],"author":[{"embeddable":true,"href":"https:\/\/www.sigre.es\/boletin\/wp-json\/wp\/v2\/users\/12"}],"replies":[{"embeddable":true,"href":"https:\/\/www.sigre.es\/boletin\/wp-json\/wp\/v2\/comments?post=10987"}],"version-history":[{"count":5,"href":"https:\/\/www.sigre.es\/boletin\/wp-json\/wp\/v2\/pages\/10987\/revisions"}],"predecessor-version":[{"id":11063,"href":"https:\/\/www.sigre.es\/boletin\/wp-json\/wp\/v2\/pages\/10987\/revisions\/11063"}],"up":[{"embeddable":true,"href":"https:\/\/www.sigre.es\/boletin\/wp-json\/wp\/v2\/pages\/10873"}],"wp:attachment":[{"href":"https:\/\/www.sigre.es\/boletin\/wp-json\/wp\/v2\/media?parent=10987"}],"curies":[{"name":"wp","href":"https:\/\/api.w.org\/{rel}","templated":true}]}}

<div id="fb-root"></div>
<p>En este apartado queremos destacar nuestra presencia en tres eventos de referencia en materia de sostenibilidad y economía circular que se han celebrado a lo largo de estos meses de verano.</p>
<p>Tras nuestra colaboración técnica en la elaboración de la <a href="https://drive.google.com/file/d/1rQhX9KLDEflmi3h54H0DeZjmXQ0lUA9U/view" target="_blank" rel="noopener">Enciclopedia “De la A al ‘Zero’: Retos y propuestas de sostenibilidad ambiental”</a>, participamos en la mesa redonda de presentación de este documento, celebrada en la residencia del Embajador de Dinamarca en España.</p>
<p><a href="https://www.sigre.es/boletin/wp-content/uploads/2025/10/10.-Foros-y-Congresos.jpg"><img loading="lazy" decoding="async" class="aligncenter wp-image-10941" src="https://www.sigre.es/boletin/wp-content/uploads/2025/10/10.-Foros-y-Congresos.jpg" alt="" width="410" height="307" srcset="https://www.sigre.es/boletin/wp-content/uploads/2025/10/10.-Foros-y-Congresos.jpg 746w, https://www.sigre.es/boletin/wp-content/uploads/2025/10/10.-Foros-y-Congresos-300x225.jpg 300w" sizes="auto, (max-width: 410px) 100vw, 410px" /></a></p>
<p>Por otro lado, fuimos partícipes del <a href="https://www.fundacionconama.org/iii-edicion-del-fororap-una-vision-comun-ante-los-retos-europeos-de-la-responsabilidad-ampliada-del-productor/" target="_blank" rel="noopener">III Foro Responsabilidad Ampliada del Productor (RAP)</a>, organizado por la Fundación Economía Circular y la Fundación Conama, un espacio de referencia en esta materia y que en esta edición ha puesto el foco en el nuevo ciclo político europeo y su impacto en la política de residuos, con el objetivo de generar una visión colectiva sobre los retos que España debe afrontar ante los próximos reglamentos europeos. También se abordó la importancia de reforzar la colaboración con las pymes en materia de sostenibilidad y su importante papel dentro del modelo de la RAP.</p>
<p>Asimismo, estuvimos presente en el “<strong>ESG Spain 2025: Corporate Sustainability Forum</strong>”, promovido por Forética, que reunió a referentes nacionales e internacionales en sostenibilidad, junto con directivos de empresas y representantes institucionales, para analizar cómo la transformación tecnológica, la inteligencia artificial y la urgencia climática y social deben redefinir las estrategias corporativas.</p>

<p>En este apartado queremos destacar nuestra presencia en tres eventos de referencia en materia de sostenibilidad y economía circular que se han celebrado a lo largo de estos meses de verano. Tras nuestra colaboración técnica en la elaboración de la Enciclopedia “De la A al ‘Zero’: Retos y propuestas de sostenibilidad ambiental”, participamos en la [&hellip;]</p>
