{"id":10985,"date":"2025-10-08T11:26:05","date_gmt":"2025-10-08T10:26:05","guid":{"rendered":"https:\/\/www.sigre.es\/boletin\/sigre-informa-93\/campana-odsporbandera-2\/"},"modified":"2025-10-15T10:05:31","modified_gmt":"2025-10-15T09:05:31","slug":"campana-odsporbandera","status":"publish","type":"page","link":"https:\/\/www.sigre.es\/boletin\/sigre-informa-93\/campana-odsporbandera\/","title":{"rendered":"SOSTENIBILIDAD"},"content":{"rendered":"<div id=\"fb-root\"><\/div>\n<p>El 25 de septiembre se cumplieron diez a\u00f1os desde que Naciones Unidas\u00a0aprobase los <a href=\"https:\/\/www.blogsigre.es\/2021\/10\/21\/los-ods-el-primer-objetivo-conocerlos\/\" target=\"_blank\" rel=\"noopener\">17 Objetivos de Desarrollo Sostenible (ODS)<\/a> que conforman parte de la Agenda 2030. Una ambiciosa hoja de ruta con objetivos globales para cuidar de las personas, proteger el planeta y asegurar la prosperidad para todos como parte de una nueva agenda de desarrollo sostenible.<\/p>\n<p>Con motivo de este d\u00e9cimo aniversario, desde SIGRE nos sumamos un a\u00f1o m\u00e1s a la campa\u00f1a #ODSporbandera, con el objetivo de visibilizar nuestro compromiso con la sostenibilidad y la salud global.<\/p>\n<p>Precisamente, el esfuerzo conjunto de todo el sector farmac\u00e9utico ha convertido a SIGRE en un ejemplo de alianza sectorial, que ha sido reconocido por el Pacto Mundial de la ONU Espa\u00f1a en su informe \u201cEl sector farmac\u00e9utico y sanitario frente a los ODS\u201d, como un ejemplo de contribuci\u00f3n compartida a los ODS.<\/p>\n<p><a href=\"https:\/\/www.sigre.es\/boletin\/wp-content\/uploads\/2025\/10\/09.-Campana-ODS.jpg\"><img loading=\"lazy\" decoding=\"async\" class=\"aligncenter wp-image-10939\" src=\"https:\/\/www.sigre.es\/boletin\/wp-content\/uploads\/2025\/10\/09.-Campana-ODS.jpg\" alt=\"\" width=\"666\" height=\"333\" srcset=\"https:\/\/www.sigre.es\/boletin\/wp-content\/uploads\/2025\/10\/09.-Campana-ODS.jpg 1024w, https:\/\/www.sigre.es\/boletin\/wp-content\/uploads\/2025\/10\/09.-Campana-ODS-300x150.jpg 300w, https:\/\/www.sigre.es\/boletin\/wp-content\/uploads\/2025\/10\/09.-Campana-ODS-768x384.jpg 768w\" sizes=\"auto, (max-width: 666px) 100vw, 666px\" \/><\/a><\/p>\n","protected":false},"excerpt":{"rendered":"<p>El 25 de septiembre se cumplieron diez a\u00f1os desde que Naciones Unidas\u00a0aprobase los 17 Objetivos de Desarrollo Sostenible (ODS) que conforman parte de la Agenda 2030. Una ambiciosa hoja de ruta con objetivos globales para cuidar de las personas, proteger el planeta y asegurar la prosperidad para todos como parte de una nueva agenda de [&hellip;]<\/p>\n","protected":false},"author":12,"featured_media":0,"parent":10873,"menu_order":122,"comment_status":"closed","ping_status":"closed","template":"sigre-entrevista.php","meta":{"footnotes":""},"class_list":["post-10985","page","type-page","status-publish","hentry"],"_links":{"self":[{"href":"https:\/\/www.sigre.es\/boletin\/wp-json\/wp\/v2\/pages\/10985","targetHints":{"allow":["GET"]}}],"collection":[{"href":"https:\/\/www.sigre.es\/boletin\/wp-json\/wp\/v2\/pages"}],"about":[{"href":"https:\/\/www.sigre.es\/boletin\/wp-json\/wp\/v2\/types\/page"}],"author":[{"embeddable":true,"href":"https:\/\/www.sigre.es\/boletin\/wp-json\/wp\/v2\/users\/12"}],"replies":[{"embeddable":true,"href":"https:\/\/www.sigre.es\/boletin\/wp-json\/wp\/v2\/comments?post=10985"}],"version-history":[{"count":8,"href":"https:\/\/www.sigre.es\/boletin\/wp-json\/wp\/v2\/pages\/10985\/revisions"}],"predecessor-version":[{"id":11108,"href":"https:\/\/www.sigre.es\/boletin\/wp-json\/wp\/v2\/pages\/10985\/revisions\/11108"}],"up":[{"embeddable":true,"href":"https:\/\/www.sigre.es\/boletin\/wp-json\/wp\/v2\/pages\/10873"}],"wp:attachment":[{"href":"https:\/\/www.sigre.es\/boletin\/wp-json\/wp\/v2\/media?parent=10985"}],"curies":[{"name":"wp","href":"https:\/\/api.w.org\/{rel}","templated":true}]}}