{"id":10981,"date":"2025-10-08T11:23:44","date_gmt":"2025-10-08T10:23:44","guid":{"rendered":"https:\/\/www.sigre.es\/boletin\/sigre-informa-93\/dm-del-farmaceutico-2\/"},"modified":"2025-10-15T09:09:58","modified_gmt":"2025-10-15T08:09:58","slug":"dm-del-farmaceutico","status":"publish","type":"page","link":"https:\/\/www.sigre.es\/boletin\/sigre-informa-93\/dm-del-farmaceutico\/","title":{"rendered":"ACTUALIDAD"},"content":{"rendered":"<div id=\"fb-root\"><\/div>\n<p>Con motivo del D\u00eda Mundial del Farmac\u00e9utico, que se celebra cada 25 de septiembre, desde SIGRE hemos felicitado a todos los profesionales farmac\u00e9uticos a trav\u00e9s de una <a href=\"https:\/\/sigre.es\/post\/el-farmaceutico-aliado-de-la-salud-del-planeta\" target=\"_blank\" rel=\"noopener\">nota de prensa<\/a>, RRSS y nuestro <a href=\"https:\/\/www.blogsigre.es\/2025\/09\/25\/dia-mundial-del-farmaceutico-2025-piensa-en-verde\/\" target=\"_blank\" rel=\"noopener\">blog<\/a>, aprovechando la ocasi\u00f3n para poner en valor no solo su contribuci\u00f3n al cuidado de la salud de las personas, sino tambi\u00e9n a la protecci\u00f3n del medio ambiente.<\/p>\n<p>\u201cMedicamento y salud\u201d es la primera asociaci\u00f3n de palabras que se nos viene a la cabeza cuando pensamos en los farmac\u00e9uticos. Pero lo que quiz\u00e1s no sea tan conocido es el importante trabajo que realizan estos profesionales para minimizar el impacto medioambiental en cada uno de los eslabones que forman la cadena del medicamento; algo imprescindible, puesto que no puede haber personas sanas viviendo en un planeta enfermo (\u201cOne Health\u201d).<\/p>\n<p><a href=\"https:\/\/www.sigre.es\/boletin\/wp-content\/uploads\/2025\/10\/07.-DM-del-Farmaceutico-2025.png\"><img loading=\"lazy\" decoding=\"async\" class=\"aligncenter wp-image-10935\" src=\"https:\/\/www.sigre.es\/boletin\/wp-content\/uploads\/2025\/10\/07.-DM-del-Farmaceutico-2025.png\" alt=\"\" width=\"490\" height=\"411\" srcset=\"https:\/\/www.sigre.es\/boletin\/wp-content\/uploads\/2025\/10\/07.-DM-del-Farmaceutico-2025.png 940w, https:\/\/www.sigre.es\/boletin\/wp-content\/uploads\/2025\/10\/07.-DM-del-Farmaceutico-2025-300x251.png 300w, https:\/\/www.sigre.es\/boletin\/wp-content\/uploads\/2025\/10\/07.-DM-del-Farmaceutico-2025-768x644.png 768w\" sizes=\"auto, (max-width: 490px) 100vw, 490px\" \/><\/a><\/p>\n","protected":false},"excerpt":{"rendered":"<p>Con motivo del D\u00eda Mundial del Farmac\u00e9utico, que se celebra cada 25 de septiembre, desde SIGRE hemos felicitado a todos los profesionales farmac\u00e9uticos a trav\u00e9s de una nota de prensa, RRSS y nuestro blog, aprovechando la ocasi\u00f3n para poner en valor no solo su contribuci\u00f3n al cuidado de la salud de las personas, sino tambi\u00e9n [&hellip;]<\/p>\n","protected":false},"author":12,"featured_media":0,"parent":10873,"menu_order":120,"comment_status":"closed","ping_status":"closed","template":"sigre-entrevista.php","meta":{"footnotes":""},"class_list":["post-10981","page","type-page","status-publish","hentry"],"_links":{"self":[{"href":"https:\/\/www.sigre.es\/boletin\/wp-json\/wp\/v2\/pages\/10981","targetHints":{"allow":["GET"]}}],"collection":[{"href":"https:\/\/www.sigre.es\/boletin\/wp-json\/wp\/v2\/pages"}],"about":[{"href":"https:\/\/www.sigre.es\/boletin\/wp-json\/wp\/v2\/types\/page"}],"author":[{"embeddable":true,"href":"https:\/\/www.sigre.es\/boletin\/wp-json\/wp\/v2\/users\/12"}],"replies":[{"embeddable":true,"href":"https:\/\/www.sigre.es\/boletin\/wp-json\/wp\/v2\/comments?post=10981"}],"version-history":[{"count":8,"href":"https:\/\/www.sigre.es\/boletin\/wp-json\/wp\/v2\/pages\/10981\/revisions"}],"predecessor-version":[{"id":11094,"href":"https:\/\/www.sigre.es\/boletin\/wp-json\/wp\/v2\/pages\/10981\/revisions\/11094"}],"up":[{"embeddable":true,"href":"https:\/\/www.sigre.es\/boletin\/wp-json\/wp\/v2\/pages\/10873"}],"wp:attachment":[{"href":"https:\/\/www.sigre.es\/boletin\/wp-json\/wp\/v2\/media?parent=10981"}],"curies":[{"name":"wp","href":"https:\/\/api.w.org\/{rel}","templated":true}]}}

<div id="fb-root"></div>
<p>Con motivo del Día Mundial del Farmacéutico, que se celebra cada 25 de septiembre, desde SIGRE hemos felicitado a todos los profesionales farmacéuticos a través de una <a href="https://sigre.es/post/el-farmaceutico-aliado-de-la-salud-del-planeta" target="_blank" rel="noopener">nota de prensa</a>, RRSS y nuestro <a href="https://www.blogsigre.es/2025/09/25/dia-mundial-del-farmaceutico-2025-piensa-en-verde/" target="_blank" rel="noopener">blog</a>, aprovechando la ocasión para poner en valor no solo su contribución al cuidado de la salud de las personas, sino también a la protección del medio ambiente.</p>
<p>“Medicamento y salud” es la primera asociación de palabras que se nos viene a la cabeza cuando pensamos en los farmacéuticos. Pero lo que quizás no sea tan conocido es el importante trabajo que realizan estos profesionales para minimizar el impacto medioambiental en cada uno de los eslabones que forman la cadena del medicamento; algo imprescindible, puesto que no puede haber personas sanas viviendo en un planeta enfermo (“One Health”).</p>
<p><a href="https://www.sigre.es/boletin/wp-content/uploads/2025/10/07.-DM-del-Farmaceutico-2025.png"><img loading="lazy" decoding="async" class="aligncenter wp-image-10935" src="https://www.sigre.es/boletin/wp-content/uploads/2025/10/07.-DM-del-Farmaceutico-2025.png" alt="" width="490" height="411" srcset="https://www.sigre.es/boletin/wp-content/uploads/2025/10/07.-DM-del-Farmaceutico-2025.png 940w, https://www.sigre.es/boletin/wp-content/uploads/2025/10/07.-DM-del-Farmaceutico-2025-300x251.png 300w, https://www.sigre.es/boletin/wp-content/uploads/2025/10/07.-DM-del-Farmaceutico-2025-768x644.png 768w" sizes="auto, (max-width: 490px) 100vw, 490px" /></a></p>

<p>Con motivo del Día Mundial del Farmacéutico, que se celebra cada 25 de septiembre, desde SIGRE hemos felicitado a todos los profesionales farmacéuticos a través de una nota de prensa, RRSS y nuestro blog, aprovechando la ocasión para poner en valor no solo su contribución al cuidado de la salud de las personas, sino también [&hellip;]</p>
