{"id":10972,"date":"2025-10-08T11:14:28","date_gmt":"2025-10-08T10:14:28","guid":{"rendered":"https:\/\/www.sigre.es\/boletin\/sigre-informa-93\/previa-campana-2\/"},"modified":"2025-10-08T12:57:36","modified_gmt":"2025-10-08T11:57:36","slug":"previa-campana","status":"publish","type":"page","link":"https:\/\/www.sigre.es\/boletin\/sigre-informa-93\/previa-campana\/","title":{"rendered":"SENSIBILIZACI\u00d3N"},"content":{"rendered":"<div id=\"fb-root\"><\/div>\n<p>Tic tac\u2026 el 27 de octubre est\u00e1 cada vez m\u00e1s cerca. \u00bfY por qu\u00e9 es tan especial esa fecha para SIGRE? Porque coincide con el lanzamiento de nuestra nueva campa\u00f1a de sensibilizaci\u00f3n ciudadana.<\/p>\n<p>Una campa\u00f1a con la que queremos llegar a la ciudadan\u00eda de una manera m\u00e1s directa y emocional, animando a la reflexi\u00f3n y llamando a la acci\u00f3n a trav\u00e9s de los peque\u00f1os gestos cotidianos.<\/p>\n<p>Si alguien te dijera que no tiene sentido guardar medicamentos \u201cpor si acaso\u201d o tomar antibi\u00f3ticos \u201ca tu manera\u201d, \u00bft\u00fa que pensar\u00edas? \u00a1Seguro que coincidimos en la respuesta!<\/p>\n<p>Tenemos muchas ganas de ense\u00f1aros el resultado y seguir contribuyendo a fomentar el uso responsable del medicamento, que solo finaliza cuando se depositan sus residuos en el Punto SIGRE.<\/p>\n<p><a href=\"https:\/\/www.sigre.es\/boletin\/wp-content\/uploads\/2025\/10\/06.-Adelanto-campana-2025.png\"><img loading=\"lazy\" decoding=\"async\" class=\"aligncenter  wp-image-10933\" src=\"https:\/\/www.sigre.es\/boletin\/wp-content\/uploads\/2025\/10\/06.-Adelanto-campana-2025.png\" alt=\"\" width=\"711\" height=\"457\" srcset=\"https:\/\/www.sigre.es\/boletin\/wp-content\/uploads\/2025\/10\/06.-Adelanto-campana-2025.png 1470w, https:\/\/www.sigre.es\/boletin\/wp-content\/uploads\/2025\/10\/06.-Adelanto-campana-2025-300x193.png 300w, https:\/\/www.sigre.es\/boletin\/wp-content\/uploads\/2025\/10\/06.-Adelanto-campana-2025-1024x658.png 1024w, https:\/\/www.sigre.es\/boletin\/wp-content\/uploads\/2025\/10\/06.-Adelanto-campana-2025-768x494.png 768w\" sizes=\"auto, (max-width: 711px) 100vw, 711px\" \/><\/a><\/p>\n","protected":false},"excerpt":{"rendered":"<p>Tic tac\u2026 el 27 de octubre est\u00e1 cada vez m\u00e1s cerca. \u00bfY por qu\u00e9 es tan especial esa fecha para SIGRE? Porque coincide con el lanzamiento de nuestra nueva campa\u00f1a de sensibilizaci\u00f3n ciudadana. Una campa\u00f1a con la que queremos llegar a la ciudadan\u00eda de una manera m\u00e1s directa y emocional, animando a la reflexi\u00f3n y [&hellip;]<\/p>\n","protected":false},"author":12,"featured_media":0,"parent":10873,"menu_order":117,"comment_status":"closed","ping_status":"closed","template":"sigre-entrevista.php","meta":{"footnotes":""},"class_list":["post-10972","page","type-page","status-publish","hentry"],"_links":{"self":[{"href":"https:\/\/www.sigre.es\/boletin\/wp-json\/wp\/v2\/pages\/10972","targetHints":{"allow":["GET"]}}],"collection":[{"href":"https:\/\/www.sigre.es\/boletin\/wp-json\/wp\/v2\/pages"}],"about":[{"href":"https:\/\/www.sigre.es\/boletin\/wp-json\/wp\/v2\/types\/page"}],"author":[{"embeddable":true,"href":"https:\/\/www.sigre.es\/boletin\/wp-json\/wp\/v2\/users\/12"}],"replies":[{"embeddable":true,"href":"https:\/\/www.sigre.es\/boletin\/wp-json\/wp\/v2\/comments?post=10972"}],"version-history":[{"count":10,"href":"https:\/\/www.sigre.es\/boletin\/wp-json\/wp\/v2\/pages\/10972\/revisions"}],"predecessor-version":[{"id":11067,"href":"https:\/\/www.sigre.es\/boletin\/wp-json\/wp\/v2\/pages\/10972\/revisions\/11067"}],"up":[{"embeddable":true,"href":"https:\/\/www.sigre.es\/boletin\/wp-json\/wp\/v2\/pages\/10873"}],"wp:attachment":[{"href":"https:\/\/www.sigre.es\/boletin\/wp-json\/wp\/v2\/media?parent=10972"}],"curies":[{"name":"wp","href":"https:\/\/api.w.org\/{rel}","templated":true}]}}

SENSIBILIZACIÓN

<div id="fb-root"></div>
<p>Tic tac… el 27 de octubre está cada vez más cerca. ¿Y por qué es tan especial esa fecha para SIGRE? Porque coincide con el lanzamiento de nuestra nueva campaña de sensibilización ciudadana.</p>
<p>Una campaña con la que queremos llegar a la ciudadanía de una manera más directa y emocional, animando a la reflexión y llamando a la acción a través de los pequeños gestos cotidianos.</p>
<p>Si alguien te dijera que no tiene sentido guardar medicamentos “por si acaso” o tomar antibióticos “a tu manera”, ¿tú que pensarías? ¡Seguro que coincidimos en la respuesta!</p>
<p>Tenemos muchas ganas de enseñaros el resultado y seguir contribuyendo a fomentar el uso responsable del medicamento, que solo finaliza cuando se depositan sus residuos en el Punto SIGRE.</p>
<p><a href="https://www.sigre.es/boletin/wp-content/uploads/2025/10/06.-Adelanto-campana-2025.png"><img loading="lazy" decoding="async" class="aligncenter  wp-image-10933" src="https://www.sigre.es/boletin/wp-content/uploads/2025/10/06.-Adelanto-campana-2025.png" alt="" width="711" height="457" srcset="https://www.sigre.es/boletin/wp-content/uploads/2025/10/06.-Adelanto-campana-2025.png 1470w, https://www.sigre.es/boletin/wp-content/uploads/2025/10/06.-Adelanto-campana-2025-300x193.png 300w, https://www.sigre.es/boletin/wp-content/uploads/2025/10/06.-Adelanto-campana-2025-1024x658.png 1024w, https://www.sigre.es/boletin/wp-content/uploads/2025/10/06.-Adelanto-campana-2025-768x494.png 768w" sizes="auto, (max-width: 711px) 100vw, 711px" /></a></p>

<p>Tic tac… el 27 de octubre está cada vez más cerca. ¿Y por qué es tan especial esa fecha para SIGRE? Porque coincide con el lanzamiento de nuestra nueva campaña de sensibilización ciudadana. Una campaña con la que queremos llegar a la ciudadanía de una manera más directa y emocional, animando a la reflexión y [&hellip;]</p>
