{"id":10718,"date":"2025-07-09T10:43:04","date_gmt":"2025-07-09T09:43:04","guid":{"rendered":"https:\/\/www.sigre.es\/boletin\/?page_id=10718"},"modified":"2025-07-09T13:56:52","modified_gmt":"2025-07-09T12:56:52","slug":"ram","status":"publish","type":"page","link":"https:\/\/www.sigre.es\/boletin\/sigre-informa-92\/ram\/","title":{"rendered":"USO RESPONSABLE"},"content":{"rendered":"<div id=\"fb-root\"><\/div>\n<p>El Departamento de Salud y el Colegio Oficial de Farmac\u00e9uticos de Navarra han lanzado una campa\u00f1a para concienciar a la poblaci\u00f3n sobre el uso adecuado de los antibi\u00f3ticos. Para ello, se han dise\u00f1ado unas tarjetas en las que se incide en la importancia de no automedicarse cuando se trata de antibi\u00f3ticos, tener claro que estos f\u00e1rmacos requieren receta y que no son eficaces contra gripes ni resfriados.<\/p>\n<p>A trav\u00e9s de estas tarjetas, disponibles en centros de salud y oficinas de farmacia, se recuerda a los pacientes que deben seguir las pautas de administraci\u00f3n prescritas por los profesionales sanitarios y que el tratamiento sobrante debe depositarse en el Punto SIGRE de las farmacias.<\/p>\n<p>Esta <a href=\"https:\/\/cof-navarra.com\/sala-de-prensa\/el-departamento-de-salud-y-el-cofna-lanzan-una-campana-para-concienciar-sobre-el-uso-adecuado-de-los-antibioticos\/\" target=\"_blank\" rel=\"noopener\">campa\u00f1a<\/a> se une a los mensajes incluidos en el nuevo PRAN 2025-2027, donde se reconoce la labor que desarrolla SIGRE para prevenir el impacto ambiental derivado de los residuos de medicamentos de origen domiciliario.<\/p>\n<p><a href=\"https:\/\/www.sigre.es\/boletin\/wp-content\/uploads\/2025\/07\/ANTIBIOTICOS.jpg\"><img loading=\"lazy\" decoding=\"async\" class=\" wp-image-10719 aligncenter\" src=\"https:\/\/www.sigre.es\/boletin\/wp-content\/uploads\/2025\/07\/ANTIBIOTICOS-300x169.jpg\" alt=\"\" width=\"509\" height=\"287\" srcset=\"https:\/\/www.sigre.es\/boletin\/wp-content\/uploads\/2025\/07\/ANTIBIOTICOS-300x169.jpg 300w, https:\/\/www.sigre.es\/boletin\/wp-content\/uploads\/2025\/07\/ANTIBIOTICOS-1024x576.jpg 1024w, https:\/\/www.sigre.es\/boletin\/wp-content\/uploads\/2025\/07\/ANTIBIOTICOS-768x432.jpg 768w, https:\/\/www.sigre.es\/boletin\/wp-content\/uploads\/2025\/07\/ANTIBIOTICOS.jpg 1292w\" sizes=\"auto, (max-width: 509px) 100vw, 509px\" \/><\/a><a href=\"https:\/\/www.sigre.es\/boletin\/wp-content\/uploads\/2025\/07\/Antibioticos-1.jpg\"><img loading=\"lazy\" decoding=\"async\" class=\" wp-image-10720 aligncenter\" src=\"https:\/\/www.sigre.es\/boletin\/wp-content\/uploads\/2025\/07\/Antibioticos-1-212x300.jpg\" alt=\"\" width=\"391\" height=\"553\" srcset=\"https:\/\/www.sigre.es\/boletin\/wp-content\/uploads\/2025\/07\/Antibioticos-1-212x300.jpg 212w, https:\/\/www.sigre.es\/boletin\/wp-content\/uploads\/2025\/07\/Antibioticos-1-725x1024.jpg 725w, https:\/\/www.sigre.es\/boletin\/wp-content\/uploads\/2025\/07\/Antibioticos-1-768x1085.jpg 768w, https:\/\/www.sigre.es\/boletin\/wp-content\/uploads\/2025\/07\/Antibioticos-1-1087x1536.jpg 1087w, https:\/\/www.sigre.es\/boletin\/wp-content\/uploads\/2025\/07\/Antibioticos-1.jpg 1241w\" sizes=\"auto, (max-width: 391px) 100vw, 391px\" \/><\/a><\/p>\n","protected":false},"excerpt":{"rendered":"<p>El Departamento de Salud y el Colegio Oficial de Farmac\u00e9uticos de Navarra han lanzado una campa\u00f1a para concienciar a la poblaci\u00f3n sobre el uso adecuado de los antibi\u00f3ticos. Para ello, se han dise\u00f1ado unas tarjetas en las que se incide en la importancia de no automedicarse cuando se trata de antibi\u00f3ticos, tener claro que estos [&hellip;]<\/p>\n","protected":false},"author":12,"featured_media":0,"parent":10671,"menu_order":125,"comment_status":"closed","ping_status":"closed","template":"sigre-entrevista.php","meta":{"footnotes":""},"class_list":["post-10718","page","type-page","status-publish","hentry"],"_links":{"self":[{"href":"https:\/\/www.sigre.es\/boletin\/wp-json\/wp\/v2\/pages\/10718","targetHints":{"allow":["GET"]}}],"collection":[{"href":"https:\/\/www.sigre.es\/boletin\/wp-json\/wp\/v2\/pages"}],"about":[{"href":"https:\/\/www.sigre.es\/boletin\/wp-json\/wp\/v2\/types\/page"}],"author":[{"embeddable":true,"href":"https:\/\/www.sigre.es\/boletin\/wp-json\/wp\/v2\/users\/12"}],"replies":[{"embeddable":true,"href":"https:\/\/www.sigre.es\/boletin\/wp-json\/wp\/v2\/comments?post=10718"}],"version-history":[{"count":7,"href":"https:\/\/www.sigre.es\/boletin\/wp-json\/wp\/v2\/pages\/10718\/revisions"}],"predecessor-version":[{"id":10798,"href":"https:\/\/www.sigre.es\/boletin\/wp-json\/wp\/v2\/pages\/10718\/revisions\/10798"}],"up":[{"embeddable":true,"href":"https:\/\/www.sigre.es\/boletin\/wp-json\/wp\/v2\/pages\/10671"}],"wp:attachment":[{"href":"https:\/\/www.sigre.es\/boletin\/wp-json\/wp\/v2\/media?parent=10718"}],"curies":[{"name":"wp","href":"https:\/\/api.w.org\/{rel}","templated":true}]}}