{"id":10706,"date":"2025-07-09T10:19:48","date_gmt":"2025-07-09T09:19:48","guid":{"rendered":"https:\/\/www.sigre.es\/boletin\/?page_id=10706"},"modified":"2025-07-09T13:51:12","modified_gmt":"2025-07-09T12:51:12","slug":"asamblea-rippm","status":"publish","type":"page","link":"https:\/\/www.sigre.es\/boletin\/sigre-informa-92\/asamblea-rippm\/","title":{"rendered":"RED IBEROAMERICANA"},"content":{"rendered":"<div id=\"fb-root\"><\/div>\n<p>Los d\u00edas 20 y 21 de mayo, la Red Iberoamericana de Programas Posconsumo de Medicamentos (RIPPM) celebr\u00f3 en Madrid su Asamblea General, reuniendo a representantes de los diferentes programas posconsumo de medicamentos que operan actualmente en Iberoam\u00e9rica: Corporaci\u00f3n Punto Azul (Colombia), SINGREM (M\u00e9xico), VALORMED (Portugal) y SIGRE (Espa\u00f1a).<\/p>\n<p>Entre otros asuntos, se analizaron en profundidad algunas cuestiones clave para el sector como los Planes Empresariales de Prevenci\u00f3n y Ecodise\u00f1o (PEPE) de envases farmac\u00e9uticos y las implicaciones del nuevo Reglamento europeo de envases, cuyas principales obligaciones entrar\u00e1n en vigor en agosto de 2026.<\/p>\n<p>Adem\u00e1s, la Asamblea aprob\u00f3 el nombramiento del director general de SIGRE como nuevo presidente de la RIPPM para el periodo 2025-2027.<\/p>\n<p><a href=\"https:\/\/www.sigre.es\/boletin\/wp-content\/uploads\/2025\/07\/Asamblea-General-RIPPM-1-scaled.jpeg\"><img loading=\"lazy\" decoding=\"async\" class=\" wp-image-10708 aligncenter\" src=\"https:\/\/www.sigre.es\/boletin\/wp-content\/uploads\/2025\/07\/Asamblea-General-RIPPM-1-300x225.jpeg\" alt=\"\" width=\"591\" height=\"443\" srcset=\"https:\/\/www.sigre.es\/boletin\/wp-content\/uploads\/2025\/07\/Asamblea-General-RIPPM-1-300x225.jpeg 300w, https:\/\/www.sigre.es\/boletin\/wp-content\/uploads\/2025\/07\/Asamblea-General-RIPPM-1-1024x768.jpeg 1024w, https:\/\/www.sigre.es\/boletin\/wp-content\/uploads\/2025\/07\/Asamblea-General-RIPPM-1-768x576.jpeg 768w, https:\/\/www.sigre.es\/boletin\/wp-content\/uploads\/2025\/07\/Asamblea-General-RIPPM-1-1536x1152.jpeg 1536w, https:\/\/www.sigre.es\/boletin\/wp-content\/uploads\/2025\/07\/Asamblea-General-RIPPM-1-2048x1536.jpeg 2048w\" sizes=\"auto, (max-width: 591px) 100vw, 591px\" \/><\/a><\/p>\n","protected":false},"excerpt":{"rendered":"<p>Los d\u00edas 20 y 21 de mayo, la Red Iberoamericana de Programas Posconsumo de Medicamentos (RIPPM) celebr\u00f3 en Madrid su Asamblea General, reuniendo a representantes de los diferentes programas posconsumo de medicamentos que operan actualmente en Iberoam\u00e9rica: Corporaci\u00f3n Punto Azul (Colombia), SINGREM (M\u00e9xico), VALORMED (Portugal) y SIGRE (Espa\u00f1a). Entre otros asuntos, se analizaron en profundidad [&hellip;]<\/p>\n","protected":false},"author":12,"featured_media":0,"parent":10671,"menu_order":123,"comment_status":"closed","ping_status":"closed","template":"sigre-entrevista.php","meta":{"footnotes":""},"class_list":["post-10706","page","type-page","status-publish","hentry"],"_links":{"self":[{"href":"https:\/\/www.sigre.es\/boletin\/wp-json\/wp\/v2\/pages\/10706","targetHints":{"allow":["GET"]}}],"collection":[{"href":"https:\/\/www.sigre.es\/boletin\/wp-json\/wp\/v2\/pages"}],"about":[{"href":"https:\/\/www.sigre.es\/boletin\/wp-json\/wp\/v2\/types\/page"}],"author":[{"embeddable":true,"href":"https:\/\/www.sigre.es\/boletin\/wp-json\/wp\/v2\/users\/12"}],"replies":[{"embeddable":true,"href":"https:\/\/www.sigre.es\/boletin\/wp-json\/wp\/v2\/comments?post=10706"}],"version-history":[{"count":9,"href":"https:\/\/www.sigre.es\/boletin\/wp-json\/wp\/v2\/pages\/10706\/revisions"}],"predecessor-version":[{"id":10790,"href":"https:\/\/www.sigre.es\/boletin\/wp-json\/wp\/v2\/pages\/10706\/revisions\/10790"}],"up":[{"embeddable":true,"href":"https:\/\/www.sigre.es\/boletin\/wp-json\/wp\/v2\/pages\/10671"}],"wp:attachment":[{"href":"https:\/\/www.sigre.es\/boletin\/wp-json\/wp\/v2\/media?parent=10706"}],"curies":[{"name":"wp","href":"https:\/\/api.w.org\/{rel}","templated":true}]}}