{"id":10698,"date":"2025-07-09T10:14:33","date_gmt":"2025-07-09T09:14:33","guid":{"rendered":"https:\/\/www.sigre.es\/boletin\/?page_id=10698"},"modified":"2026-04-08T16:37:00","modified_gmt":"2026-04-08T15:37:00","slug":"auditoria-aenor","status":"publish","type":"page","link":"https:\/\/www.sigre.es\/boletin\/sigre-informa-92\/auditoria-aenor\/","title":{"rendered":"CERTIFICACIONES AENOR"},"content":{"rendered":"<div id=\"fb-root\"><\/div>\n<p>Un a\u00f1o m\u00e1s, SIGRE ha superado con \u00e9xito la auditor\u00eda de AENOR de sus certificaciones en materia de Gesti\u00f3n de la Calidad (ISO 9001), Gesti\u00f3n Ambiental (ISO 14001) y Seguridad y Salud en el Trabajo (ISO 45001).<\/p>\n<p>Los auditores han destacado especialmente el exhaustivo an\u00e1lisis que SIGRE ha realizado del contexto en el que opera, ya adaptado a la ampliaci\u00f3n de su actividad a la gesti\u00f3n de los envases comerciales e industriales de medicamentos.<\/p>\n<p>Tambi\u00e9n han se\u00f1alado como puntos fuertes del Sistema las auditor\u00edas y visitas a nuestros diferentes grupos de inter\u00e9s, as\u00ed como los sondeos de opini\u00f3n y encuestas de satisfacci\u00f3n que realizamos de manera peri\u00f3dica.<\/p>\n<p>Mantener un a\u00f1o m\u00e1s las tres certificaciones de AENOR demuestra la firme apuesta de SIGRE por la mejora continua, garantizando que nuestras actividades se desarrollan bajo los m\u00e1s altos est\u00e1ndares de calidad, sostenibilidad ambiental y responsabilidad social.<\/p>\n<p><a href=\"https:\/\/www.sigre.es\/boletin\/wp-content\/uploads\/2025\/07\/AENOR.jpg\"><img loading=\"lazy\" decoding=\"async\" class=\" wp-image-10699 aligncenter\" src=\"https:\/\/www.sigre.es\/boletin\/wp-content\/uploads\/2025\/07\/AENOR-300x73.jpg\" alt=\"\" width=\"707\" height=\"172\" srcset=\"https:\/\/www.sigre.es\/boletin\/wp-content\/uploads\/2025\/07\/AENOR-300x73.jpg 300w, https:\/\/www.sigre.es\/boletin\/wp-content\/uploads\/2025\/07\/AENOR-1024x250.jpg 1024w, https:\/\/www.sigre.es\/boletin\/wp-content\/uploads\/2025\/07\/AENOR-768x188.jpg 768w, https:\/\/www.sigre.es\/boletin\/wp-content\/uploads\/2025\/07\/AENOR.jpg 1298w\" sizes=\"auto, (max-width: 707px) 100vw, 707px\" \/><\/a><\/p>\n","protected":false},"excerpt":{"rendered":"<p>Un a\u00f1o m\u00e1s, SIGRE ha superado con \u00e9xito la auditor\u00eda de AENOR de sus certificaciones en materia de Gesti\u00f3n de la Calidad (ISO 9001), Gesti\u00f3n Ambiental (ISO 14001) y Seguridad y Salud en el Trabajo (ISO 45001). Los auditores han destacado especialmente el exhaustivo an\u00e1lisis que SIGRE ha realizado del contexto en el que opera, [&hellip;]<\/p>\n","protected":false},"author":12,"featured_media":0,"parent":10671,"menu_order":121,"comment_status":"closed","ping_status":"closed","template":"sigre-entrevista.php","meta":{"footnotes":""},"class_list":["post-10698","page","type-page","status-publish","hentry"],"_links":{"self":[{"href":"https:\/\/www.sigre.es\/boletin\/wp-json\/wp\/v2\/pages\/10698","targetHints":{"allow":["GET"]}}],"collection":[{"href":"https:\/\/www.sigre.es\/boletin\/wp-json\/wp\/v2\/pages"}],"about":[{"href":"https:\/\/www.sigre.es\/boletin\/wp-json\/wp\/v2\/types\/page"}],"author":[{"embeddable":true,"href":"https:\/\/www.sigre.es\/boletin\/wp-json\/wp\/v2\/users\/12"}],"replies":[{"embeddable":true,"href":"https:\/\/www.sigre.es\/boletin\/wp-json\/wp\/v2\/comments?post=10698"}],"version-history":[{"count":9,"href":"https:\/\/www.sigre.es\/boletin\/wp-json\/wp\/v2\/pages\/10698\/revisions"}],"predecessor-version":[{"id":10826,"href":"https:\/\/www.sigre.es\/boletin\/wp-json\/wp\/v2\/pages\/10698\/revisions\/10826"}],"up":[{"embeddable":true,"href":"https:\/\/www.sigre.es\/boletin\/wp-json\/wp\/v2\/pages\/10671"}],"wp:attachment":[{"href":"https:\/\/www.sigre.es\/boletin\/wp-json\/wp\/v2\/media?parent=10698"}],"curies":[{"name":"wp","href":"https:\/\/api.w.org\/{rel}","templated":true}]}}