{"id":10450,"date":"2025-04-09T14:39:33","date_gmt":"2025-04-09T13:39:33","guid":{"rendered":"https:\/\/www.sigre.es\/boletin\/?page_id=10450"},"modified":"2025-04-11T08:54:33","modified_gmt":"2025-04-11T07:54:33","slug":"entrevista-91","status":"publish","type":"page","link":"https:\/\/www.sigre.es\/boletin\/sigre-informa-91\/entrevista-91\/","title":{"rendered":"ENTREVISTA"},"content":{"rendered":"<div id=\"fb-root\"><\/div>\n<h4><strong>\u00bfCu\u00e1les son los objetivos de la Plataforma One Health y cu\u00e1les son los principales retos y oportunidades para llevar a la pr\u00e1ctica con \u00e9xito el enfoque One Health?<\/strong><\/h4>\n<p>Podr\u00edamos decir que la Plataforma One Health nace de la necesidad de impulsar el cambio transformador que supone abordar la salud con visi\u00f3n One Health. Y digo necesidad porque el t\u00e9rmino One Health surgi\u00f3 alrededor del a\u00f1o 2.000 para poner el foco de atenci\u00f3n en un hecho conocido desde hace tiempo, pero que debido al gran avance de la medicina humana hemos ido olvidando, y es que la salud de las personas, la salud de los animales y la del entorno en el que coexistimos se hallan estrechamente vinculadas y son interdependientes.<\/p>\n<p>A pesar de que desde la primera d\u00e9cada del 2000, la alianza tripartita formada por la Organizaci\u00f3n Mundial de la Salud, el Programa de las Naciones Unidas para el medio Ambiente, y la Organizaci\u00f3n Mundial de la Sanidad Animal ven\u00edan promoviendo acciones encaminadas a que las pol\u00edticas de los diferentes pa\u00edses se fueran alineando con esta visi\u00f3n integradora de la salud que representa One Health, el calado del enfoque One Health fue pr\u00e1cticamente nulo hasta el 2020, momento en el que irrumpe el SARS-CoV2 provocando una crisis sanitaria a escala global en la que fue muy evidente que nuestra salud depende de todos los elementos que forman parte de nuestra vida cotidiana: mientras que el origen de la COVID-19 fue el salto de especie de un virus favorecido por aspectos medioambientales y culturales, en su difusi\u00f3n y control participaron numerosos elementos: pol\u00edticos, sociol\u00f3gicos, comerciales y econ\u00f3micos, demogr\u00e1ficos, cient\u00edficos y tecnol\u00f3gicos, industriales, log\u00edsticos y psicol\u00f3gicos, entre otros. Y fue en ese contexto en el que surge la iniciativa de la Plataforma One Health que a principios del 2023 culmin\u00f3 en nuestra constituci\u00f3n como asociaci\u00f3n cuyo objetivo principal es operativizar la estrategia One Health en las pol\u00edticas p\u00fablicas e impulsar acciones encaminadas a que este enfoque integral de la salud cale en todos los sectores, incluida la ciudan\u00eda.<\/p>\n<p>Llevar a la pr\u00e1ctica One Health supone un gran reto por motivos de diversa naturaleza, entre ellos, y en mi opini\u00f3n, uno de los m\u00e1s importantes es de tipo cultural: entendemos la salud desde la perspectiva del tratamiento de las enfermedades humanas, por tanto, tenemos una visi\u00f3n de la salud desde la sanidad (enfoque reactivo), mientras que One Health aboga por la conservaci\u00f3n de la salud actuando en todos los elementos que contribuyen a su g\u00e9nesis y conservaci\u00f3n, por tanto tiene una visi\u00f3n proactiva de Salud P\u00fablica, pero con una visi\u00f3n que va m\u00e1s all\u00e1 de lo que actualmente entendemos por acciones en el \u00e1mbito de la salud p\u00fablica.<\/p>\n<p>Otro reto importante es superar las inercias establecidas que nos llevan a trabajar en compartimentos estanco sin tener en cuenta que la conservaci\u00f3n de la Salud debe trabajarse con una visi\u00f3n transversal. Por poner un ejemplo: cuando hablamos del problema de la vivienda, \u00e9ste tambi\u00e9n es un problema de salud. Si una familia con pocos recursos econ\u00f3micos debe invertir la mayor parte de ellos en la vivienda, es posible que vean limitadas sus posibilidades de acceder a alimentos saludables y nutritivos, con la consiguiente repercusi\u00f3n en su salud. Y ello no es un tema menor, ya que este es uno de los factores que est\u00e1 contribuyendo a que Espa\u00f1a sea uno de los pa\u00edses de la Uni\u00f3n Europea con mayores tasas de exceso de peso infantil.<\/p>\n<p>Con relaci\u00f3n a las oportunidades para llevar a la pr\u00e1ctica con \u00e9xito el enfoque One Health, creo que es importante que la comunidad cient\u00edfica conecte con esa parte de la ciudadan\u00eda que cada vez est\u00e1 mas sensibilizada con el impacto del cambio clim\u00e1tico para contrarrestar la ola de desinformaci\u00f3n que nos est\u00e1 inundando y que nos est\u00e1 llevando a un contexto geopol\u00edtico desfavorable para la acci\u00f3n clim\u00e1tica. Ello es fundamental para que los decisores pol\u00edticos implicados con la sostenibilidad y la justicia social se vean respaldados por la ciudadan\u00eda y se mantengan firmes en la aplicaci\u00f3n de pol\u00edticas encaminadas a avanzar en la Agenda 2030.<\/p>\n<h4><strong>\u00bfQu\u00e9 importancia tiene el medioambiente en el enfoque One Health?<\/strong><\/h4>\n<p>El enfoque One Health busca analizar los restos en salud desde todas las perspectivas posibles para hallar la soluciones m\u00e1s eficientes y eficaces. Y en este puzzle que es la salud no cabe duda de que el medioambiente juega un papel fundamental, ya que el entorno en el que viven las personas condiciona su salud, y en los \u00faltimos tiempos ese entorno ha incrementado su presi\u00f3n debido al incremento sustancial de factores contaminantes, vectores transmisores de enfermedades, cambio clim\u00e1tico, genes de resistencia antimicrobianos en el medio ambiente, etc.<\/p>\n<p>Como ha comentado en diversas ocasiones nuestra ministra de Sanidad, M\u00f3nica Garc\u00eda \u201cno puede haber personas sanas en un planeta enfermo\u201d. Yo dir\u00eda m\u00e1s, \u201cno puede haber personas sanas en un entorno enfermo\u201d, pienso que es importante aterrizar las ideas a lo local, al d\u00eda a d\u00eda de cada uno de nosotros, para avanzar hacia la construcci\u00f3n de una sociedad con unas actitudes y estilos de vida m\u00e1s comprometidos con el medioambiente y la protecci\u00f3n de la biodiversidad.<\/p>\n<h4><strong>\u00bfQu\u00e9 relevancia tiene la labor de SIGRE en la gesti\u00f3n de residuos, uso responsable de los medicamentos y sensibilizaci\u00f3n ciudadana para combatir la resistencia a los antimicrobianos?<\/strong><\/h4>\n<p>Seg\u00fan la <em>Alianza m\u00e9dica contra el cambio clim\u00e1tico<\/em>, el sector sanitario es un importante agresor del medioambiente. Considerado en su globalidad, el sector sanitario, ser\u00eda el quinto pa\u00eds con mayor agresi\u00f3n clim\u00e1tica y dentro del sector, tan solo la industria farmac\u00e9utica vierte al medio ambiente m\u00e1s gases de efecto invernadero (GEI) que la industria de la automoci\u00f3n.<\/p>\n<p>De acuerdo a los datos que aparecen en el documento <em>La industria farmac\u00e9utica y su contexto en Espa\u00f1a 2024<\/em> elaborado por Farmaindustria, en el 2023 el consumo de medicamentos en recetas m\u00e9dicas dispensadas en oficinas de farmacia con cargo al SNS supuso 1.133,31 millones de envases, lo que supone alrededor de un 26% m\u00e1s que en el 2014, cuando seg\u00fan el Instituto Nacional de Estad\u00edstica, el crecimiento de la poblaci\u00f3n espa\u00f1ola fue de alrededor un 3,5% con relaci\u00f3n a la del 2014.<\/p>\n<p>Pienso que los datos hablan por s\u00ed solos, el consumo de medicamentos ha aumentado sustancialmente por motivos diversos, e imagino que en gran medida motivado por el envejecimiento de la poblaci\u00f3n. En este contexto, la labor de SIGRE en la gesti\u00f3n de residuos es fundamental para mitigar el impacto de los f\u00e1rmacos en el medioambiente.<\/p>\n<p>Con relaci\u00f3n a la lucha contra la resistencia a los antimicrobianos, cabe recordar que la difusi\u00f3n de los genes de resistencia a trav\u00e9s del medioambiente es uno de los aspectos m\u00e1s dif\u00edciles de abordar debido a la multitud de factores y actores que intervienen, y tambi\u00e9n aqu\u00ed SIGRE juega un importante papel, no solo como medida de contenci\u00f3n para evitar el paso de estos genes de resistencia al medioambiente, sino por su proximidad con la ciudadan\u00eda, que lo convierte en elemento clave en lo que es la labor de la concienciaci\u00f3n de la poblaci\u00f3n sobre la necesidad de realizar un uso responsable de los antibi\u00f3ticos, y yo a\u00f1adir\u00eda para darle relevancia, hacer una buena gesti\u00f3n de los residuos y\/o excedentes.<\/p>\n<h4><strong>SIGRE forma parte de la Plataforma One Health como miembro asociado. \u00bfC\u00f3mo valora esta participaci\u00f3n?<\/strong><\/h4>\n<p>Por definici\u00f3n, la efectividad del enfoque One Health requiere de la participaci\u00f3n de todos los agentes implicados, y en este sentido la incorporaci\u00f3n de SIGRE como miembro asociado de la Plataforma One Health refuerza su compromiso como pieza esencial para la protecci\u00f3n del medioambiente y la Salud. Y no s\u00f3lo eso, sino que debido a su labor de educaci\u00f3n y concienciaci\u00f3n de la poblaci\u00f3n es un agente m\u00e1s que, junto con el resto del sector sanitario y otros sectores, como el de la comunicaci\u00f3n, o la educaci\u00f3n, pueden actuar de motor tractor para impulsar el necesario cambio cultural que he comentado anteriormente.<\/p>\n","protected":false},"excerpt":{"rendered":"<p>\u00bfCu\u00e1les son los objetivos de la Plataforma One Health y cu\u00e1les son los principales retos y oportunidades para llevar a la pr\u00e1ctica con \u00e9xito el enfoque One Health? Podr\u00edamos decir que la Plataforma One Health nace de la necesidad de impulsar el cambio transformador que supone abordar la salud con visi\u00f3n One Health. Y digo [&hellip;]<\/p>\n","protected":false},"author":7,"featured_media":0,"parent":10459,"menu_order":123,"comment_status":"closed","ping_status":"closed","template":"sigre-entrevista.php","meta":{"footnotes":""},"class_list":["post-10450","page","type-page","status-publish","hentry"],"_links":{"self":[{"href":"https:\/\/www.sigre.es\/boletin\/wp-json\/wp\/v2\/pages\/10450","targetHints":{"allow":["GET"]}}],"collection":[{"href":"https:\/\/www.sigre.es\/boletin\/wp-json\/wp\/v2\/pages"}],"about":[{"href":"https:\/\/www.sigre.es\/boletin\/wp-json\/wp\/v2\/types\/page"}],"author":[{"embeddable":true,"href":"https:\/\/www.sigre.es\/boletin\/wp-json\/wp\/v2\/users\/7"}],"replies":[{"embeddable":true,"href":"https:\/\/www.sigre.es\/boletin\/wp-json\/wp\/v2\/comments?post=10450"}],"version-history":[{"count":17,"href":"https:\/\/www.sigre.es\/boletin\/wp-json\/wp\/v2\/pages\/10450\/revisions"}],"predecessor-version":[{"id":10640,"href":"https:\/\/www.sigre.es\/boletin\/wp-json\/wp\/v2\/pages\/10450\/revisions\/10640"}],"up":[{"embeddable":true,"href":"https:\/\/www.sigre.es\/boletin\/wp-json\/wp\/v2\/pages\/10459"}],"wp:attachment":[{"href":"https:\/\/www.sigre.es\/boletin\/wp-json\/wp\/v2\/media?parent=10450"}],"curies":[{"name":"wp","href":"https:\/\/api.w.org\/{rel}","templated":true}]}}